000
CDUS41 KPHI 010637
CLIILG


CLIMATE REPORT
NATIONAL WEATHER SERVICE MOUNT HOLLY NJ
131 AM EST SUN FEB 1 2015


...................................

...THE WILMINGTON DE CLIMATE SUMMARY FOR JANUARY 31 2015...

CLIMATE NORMAL PERIOD 1981 TO 2010
CLIMATE RECORD PERIOD 1894 TO 2015


WEATHER ITEM   OBSERVED TIME   RECORD YEAR NORMAL DEPARTURE LAST
                VALUE   (LST)  VALUE       VALUE  FROM      YEAR
                                                  NORMAL
..................................................................
TEMPERATURE (F)
 YESTERDAY
  MAXIMUM         29    342 PM  65    2013  41    -12       40
                                      1947
  MINIMUM         14    721 AM   3    1948  25    -11       18
                                      1935
  AVERAGE         22                        33    -11       29

PRECIPITATION (IN)
  YESTERDAY        0.00          1.06 1951   0.10  -0.10     0.00
  MONTH TO DATE    4.45                      3.01   1.44     3.23
  SINCE DEC 1      7.46                      6.49   0.97     8.45
  SINCE JAN 1      4.45                      3.01   1.44     3.23

SNOWFALL (IN)
  YESTERDAY        0.0           3.4  1949   0.3   -0.3      0.0
  MONTH TO DATE    3.7                       5.9   -2.2     17.5
  SINCE DEC 1      3.9                       9.3   -5.4     29.4
  SINCE JUL 1      4.2                       9.7   -5.5     29.4
  SNOW DEPTH       0

DEGREE DAYS
 HEATING
  YESTERDAY       43                        32     11       36
  MONTH TO DATE 1066                      1012     54     1157
  SINCE DEC 1   1831                      1889    -58     2000
  SINCE JUL 1   2720                      2787    -67     2921

 COOLING
  YESTERDAY        0                         0      0        0
  MONTH TO DATE    0                         0      0        0
  SINCE DEC 1      0                         0      0        0
  SINCE JAN 1      0                         0      0        0
..................................................................


WIND (MPH)
  HIGHEST WIND SPEED    30   HIGHEST WIND DIRECTION    NW (320)
  HIGHEST GUST SPEED    38   HIGHEST GUST DIRECTION    NW (330)
  AVERAGE WIND SPEED    16.1


SKY COVER
  POSSIBLE SUNSHINE  MM
  AVERAGE SKY COVER 0.0


WEATHER CONDITIONS
 THE FOLLOWING WEATHER WAS RECORDED YESTERDAY.
  NO SIGNIFICANT WEATHER WAS OBSERVED.


RELATIVE HUMIDITY (PERCENT)
 HIGHEST    52          1100 PM
 LOWEST     35           300 PM
 AVERAGE    44

..........................................................


THE WILMINGTON DE CLIMATE NORMALS FOR TODAY
                         NORMAL    RECORD    YEAR
 MAXIMUM TEMPERATURE (F)   41        71      2002
 MINIMUM TEMPERATURE (F)   25        -1      1935


SUNRISE AND SUNSET
FEBRUARY  1 2015......SUNRISE   710 AM EST   SUNSET   522 PM EST
FEBRUARY  2 2015......SUNRISE   709 AM EST   SUNSET   523 PM EST


-  INDICATES NEGATIVE NUMBERS.
R  INDICATES RECORD WAS SET OR TIED.
MM INDICATES DATA IS MISSING.
T  INDICATES TRACE AMOUNT.




$$
