000
CDUS41 KPHI 230546
CLIILG


CLIMATE REPORT
NATIONAL WEATHER SERVICE MOUNT HOLLY NJ
146 AM EDT MON OCT 23 2017


...................................

...THE WILMINGTON DE CLIMATE SUMMARY FOR OCTOBER 22 2017...

CLIMATE NORMAL PERIOD 1981 TO 2010
CLIMATE RECORD PERIOD 1894 TO 2017


WEATHER ITEM   OBSERVED TIME   RECORD YEAR NORMAL DEPARTURE LAST
                VALUE   (LST)  VALUE       VALUE  FROM      YEAR
                                                  NORMAL
..................................................................
TEMPERATURE (F)
 YESTERDAY
  MAXIMUM         74    133 PM  81    1979  64     10       56
                                      1975
  MINIMUM         46    601 AM  26    1940  44      2       48
  AVERAGE         60                        54      6       52

PRECIPITATION (IN)
  YESTERDAY        0.00          1.63 1970   0.10  -0.10     0.06
  MONTH TO DATE    1.43                      2.50  -1.07     1.42
  SINCE SEP 1      2.55                      6.82  -4.27     6.22
  SINCE JAN 1     34.69                     35.58  -0.89    35.48

SNOWFALL (IN)
  YESTERDAY        0.0           0.0  1894   0.0    0.0      0.0
  MONTH TO DATE    0.0                       0.0    0.0      0.0
  SINCE SEP 1      0.0                       0.0    0.0      0.0
  SINCE JUL 1      0.0                       0.0    0.0      0.0
  SNOW DEPTH       0

DEGREE DAYS
 HEATING
  YESTERDAY        5                        11     -6       13
  MONTH TO DATE   72                       177   -105      101
  SINCE SEP 1     97                       227   -130      121
  SINCE JUL 1     97                       229   -132      121

 COOLING
  YESTERDAY        0                         0      0        0
  MONTH TO DATE   70                        15     55       31
  SINCE SEP 1    253                       149    104      266
  SINCE JAN 1   1299                      1142    157     1487
..................................................................


WIND (MPH)
  HIGHEST WIND SPEED    15   HIGHEST WIND DIRECTION     S (170)
  HIGHEST GUST SPEED    18   HIGHEST GUST DIRECTION     S (170)
  AVERAGE WIND SPEED     4.9


SKY COVER
  POSSIBLE SUNSHINE  MM
  AVERAGE SKY COVER 0.0


WEATHER CONDITIONS
 THE FOLLOWING WEATHER WAS RECORDED YESTERDAY.
  NO SIGNIFICANT WEATHER WAS OBSERVED.


RELATIVE HUMIDITY (PERCENT)
 HIGHEST   100           600 AM
 LOWEST     38           200 PM
 AVERAGE    69

..........................................................


THE WILMINGTON DE CLIMATE NORMALS FOR TODAY
                         NORMAL    RECORD    YEAR
 MAXIMUM TEMPERATURE (F)   64        86      1947
 MINIMUM TEMPERATURE (F)   44        28      1969


SUNRISE AND SUNSET
OCTOBER 23 2017.......SUNRISE   721 AM EDT   SUNSET   612 PM EDT
OCTOBER 24 2017.......SUNRISE   722 AM EDT   SUNSET   610 PM EDT


-  INDICATES NEGATIVE NUMBERS.
R  INDICATES RECORD WAS SET OR TIED.
MM INDICATES DATA IS MISSING.
T  INDICATES TRACE AMOUNT.




$$
