000
CDUS41 KPHI 302126
CLIILG


CLIMATE REPORT
NATIONAL WEATHER SERVICE MOUNT HOLLY NJ
525 PM EDT SUN APR 30 2017


...................................

...THE WILMINGTON DE CLIMATE SUMMARY FOR APRIL 30 2017...
VALID TODAY AS OF 0500 PM LOCAL TIME.

CLIMATE NORMAL PERIOD 1981 TO 2010
CLIMATE RECORD PERIOD 1894 TO 2017


WEATHER ITEM   OBSERVED TIME   RECORD YEAR NORMAL DEPARTURE LAST
                VALUE   (LST)  VALUE       VALUE  FROM      YEAR
                                                  NORMAL
..................................................................
TEMPERATURE (F)
 TODAY
  MAXIMUM         76    222 PM  86    1942  68      8       61
  MINIMUM         67    826 AM  33    1931  47     20       47
  AVERAGE         72                        58     14       54

PRECIPITATION (IN)
  TODAY            0.00          3.89 2014   0.11  -0.11      T
  MONTH TO DATE    2.32                      3.50  -1.18     1.84
  SINCE MAR 1      7.30                      7.42  -0.12     3.64
  SINCE JAN 1     11.32                     13.11  -1.79    10.37

SNOWFALL (IN)
  TODAY            0.0           0.0  1894   0.0    0.0      0.0
  MONTH TO DATE    0.0                       0.3   -0.3       T
  SINCE MAR 1      3.4                       2.2    1.2      2.7
  SINCE JUL 1      9.0                      20.2  -11.2     25.4
  SNOW DEPTH       0

DEGREE DAYS
 HEATING
  TODAY            0                         8     -8       11
  MONTH TO DATE  210                       363   -153      379
  SINCE MAR 1    927                      1046   -119      881
  SINCE JUL 1   3929                      4669   -740     3889

 COOLING
  TODAY            7                         1      6        0
  MONTH TO DATE   37                        11     26       12
  SINCE MAR 1     37                        12     25       14
  SINCE JAN 1     37                        12     25       14
..................................................................


WIND (MPH)
  HIGHEST WIND SPEED    16   HIGHEST WIND DIRECTION     E (80)
  HIGHEST GUST SPEED    22   HIGHEST GUST DIRECTION     E (110)
  AVERAGE WIND SPEED    10.6


SKY COVER
  POSSIBLE SUNSHINE  MM
  AVERAGE SKY COVER 0.9


WEATHER CONDITIONS
 THE FOLLOWING WEATHER WAS RECORDED TODAY.
  NO SIGNIFICANT WEATHER WAS OBSERVED.


RELATIVE HUMIDITY (PERCENT)
 HIGHEST    84          1200 AM
 LOWEST     46           100 PM
 AVERAGE    65

..........................................................


THE WILMINGTON DE CLIMATE NORMALS FOR TOMORROW
                         NORMAL    RECORD    YEAR
 MAXIMUM TEMPERATURE (F)   69        88      1942
 MINIMUM TEMPERATURE (F)   48        30      1978


SUNRISE AND SUNSET
APRIL 30 2017.........SUNRISE   604 AM EDT   SUNSET   756 PM EDT
MAY  1 2017...........SUNRISE   603 AM EDT   SUNSET   757 PM EDT


-  INDICATES NEGATIVE NUMBERS.
R  INDICATES RECORD WAS SET OR TIED.
MM INDICATES DATA IS MISSING.
T  INDICATES TRACE AMOUNT.




$$
