000
CDUS41 KPHI 280635
CLIILG


CLIMATE REPORT
NATIONAL WEATHER SERVICE MOUNT HOLLY NJ
229 AM EDT SAT MAR 28 2015


...................................

...THE WILMINGTON DE CLIMATE SUMMARY FOR MARCH 27 2015...

CLIMATE NORMAL PERIOD 1981 TO 2010
CLIMATE RECORD PERIOD 1894 TO 2015


WEATHER ITEM   OBSERVED TIME   RECORD YEAR NORMAL DEPARTURE LAST
                VALUE   (LST)  VALUE       VALUE  FROM      YEAR
                                                  NORMAL
..................................................................
TEMPERATURE (F)
 YESTERDAY
  MAXIMUM         49    419 PM  83    2007  56     -7       44
  MINIMUM         38    705 AM  21    2014  37      1       21
  AVERAGE         44                        47     -3       33

PRECIPITATION (IN)
  YESTERDAY        0.29          1.38 1913   0.14   0.15     0.00
  MONTH TO DATE    5.26                      3.37   1.89     1.60
  SINCE MAR 1      5.26                      3.37   1.89     1.60
  SINCE JAN 1     11.87                      9.06   2.81    10.18

SNOWFALL (IN)
  YESTERDAY        0.0           0.0  1894   0.0    0.0      0.0
  MONTH TO DATE    8.6                       1.8    6.8      7.7
  SINCE MAR 1      8.6                       1.8    6.8      7.7
  SINCE JUL 1     23.4                      19.8    3.6     56.1
  SNOW DEPTH       0

DEGREE DAYS
 HEATING
  YESTERDAY       21                        18      3       32
  MONTH TO DATE  736                       611    125      755
  SINCE MAR 1    736                       611    125      755
  SINCE JUL 1   4575                      4234    341     4610

 COOLING
  YESTERDAY        0                         0      0        0
  MONTH TO DATE    0                         0      0        0
  SINCE MAR 1      0                         0      0        0
  SINCE JAN 1      0                         0      0        0
..................................................................


WIND (MPH)
  HIGHEST WIND SPEED    18   HIGHEST WIND DIRECTION    NW (330)
  HIGHEST GUST SPEED    23   HIGHEST GUST DIRECTION    NW (330)
  AVERAGE WIND SPEED     9.0


SKY COVER
  POSSIBLE SUNSHINE  MM
  AVERAGE SKY COVER 0.8


WEATHER CONDITIONS
 THE FOLLOWING WEATHER WAS RECORDED YESTERDAY.
  LIGHT RAIN
  FOG


RELATIVE HUMIDITY (PERCENT)
 HIGHEST    92           500 AM
 LOWEST     42           400 PM
 AVERAGE    67

..........................................................


THE WILMINGTON DE CLIMATE NORMALS FOR TODAY
                         NORMAL    RECORD    YEAR
 MAXIMUM TEMPERATURE (F)   57        83      1989
 MINIMUM TEMPERATURE (F)   37        20      1982


SUNRISE AND SUNSET
MARCH 28 2015.........SUNRISE   653 AM EDT   SUNSET   722 PM EDT
MARCH 29 2015.........SUNRISE   652 AM EDT   SUNSET   723 PM EDT


-  INDICATES NEGATIVE NUMBERS.
R  INDICATES RECORD WAS SET OR TIED.
MM INDICATES DATA IS MISSING.
T  INDICATES TRACE AMOUNT.




$$
