000
CDUS41 KPHI 230629
CLIILG


CLIMATE REPORT
NATIONAL WEATHER SERVICE MOUNT HOLLY NJ
128 AM EST MON JAN 23 2017


...................................

...THE WILMINGTON DE CLIMATE SUMMARY FOR JANUARY 22 2017...

CLIMATE NORMAL PERIOD 1981 TO 2010
CLIMATE RECORD PERIOD 1894 TO 2017


WEATHER ITEM   OBSERVED TIME   RECORD YEAR NORMAL DEPARTURE LAST
                VALUE   (LST)  VALUE       VALUE  FROM      YEAR
                                                  NORMAL
..................................................................
TEMPERATURE (F)
 YESTERDAY
  MAXIMUM         51    143 PM  67    1906  40     11       27
  MINIMUM         44    140 AM -14    1984  24     20       17
  AVERAGE         48                        32     16       22

PRECIPITATION (IN)
  YESTERDAY        0.11          2.60 1902   0.10   0.01     0.22
  MONTH TO DATE    2.17                      2.13   0.04     1.35
  SINCE DEC 1      4.76                      5.61  -0.85     6.56
  SINCE JAN 1      2.17                      2.13   0.04     1.35

SNOWFALL (IN)
  YESTERDAY        0.0          12.1  1987   0.2   -0.2      3.0
  MONTH TO DATE    4.0                       3.6    0.4      3.8
  SINCE DEC 1      4.0                       7.0   -3.0      3.8
  SINCE JUL 1      4.0                       7.4   -3.4      3.8
  SNOW DEPTH       0

DEGREE DAYS
 HEATING
  YESTERDAY       17                        33    -16       43
  MONTH TO DATE  615                       720   -105      704
  SINCE DEC 1   1446                      1599   -153     1181
  SINCE JUL 1   2170                      2497   -327     1885

 COOLING
  YESTERDAY        0                         0      0        0
  MONTH TO DATE    0                         0      0        0
  SINCE DEC 1      0                         0      0        1
  SINCE JAN 1      0                         0      0        0
..................................................................


WIND (MPH)
  HIGHEST WIND SPEED    21   HIGHEST WIND DIRECTION    NE (60)
  HIGHEST GUST SPEED    28   HIGHEST GUST DIRECTION    NE (50)
  AVERAGE WIND SPEED     8.7


SKY COVER
  POSSIBLE SUNSHINE  MM
  AVERAGE SKY COVER 1.0


WEATHER CONDITIONS
 THE FOLLOWING WEATHER WAS RECORDED YESTERDAY.
  RAIN
  LIGHT RAIN
  FOG


RELATIVE HUMIDITY (PERCENT)
 HIGHEST   100          1200 AM
 LOWEST     89           100 PM
 AVERAGE    95

..........................................................


THE WILMINGTON DE CLIMATE NORMALS FOR TODAY
                         NORMAL    RECORD    YEAR
 MAXIMUM TEMPERATURE (F)   40        69      1906
 MINIMUM TEMPERATURE (F)   25        -4      1936


SUNRISE AND SUNSET
JANUARY 23 2017.......SUNRISE   717 AM EST   SUNSET   512 PM EST
JANUARY 24 2017.......SUNRISE   716 AM EST   SUNSET   513 PM EST


-  INDICATES NEGATIVE NUMBERS.
R  INDICATES RECORD WAS SET OR TIED.
MM INDICATES DATA IS MISSING.
T  INDICATES TRACE AMOUNT.




$$
