000
CDUS41 KPHI 200548
CLIILG


CLIMATE REPORT
NATIONAL WEATHER SERVICE MOUNT HOLLY NJ
1245 AM EST SAT JAN 20 2018


...................................

...THE WILMINGTON DE CLIMATE SUMMARY FOR JANUARY 19 2018...

CLIMATE NORMAL PERIOD 1981 TO 2010
CLIMATE RECORD PERIOD 1894 TO 2018


WEATHER ITEM   OBSERVED TIME   RECORD YEAR NORMAL DEPARTURE LAST
                VALUE   (LST)  VALUE       VALUE  FROM      YEAR
                                                  NORMAL
..................................................................
TEMPERATURE (F)
 YESTERDAY
  MAXIMUM         47    156 PM  66    1951  40      7       51
  MINIMUM         20    736 AM  -5    1994  24     -4       34
  AVERAGE         34                        32      2       43

PRECIPITATION (IN)
  YESTERDAY        0.00          1.17 1986   0.10  -0.10     0.00
  MONTH TO DATE    1.70                      1.84  -0.14     1.91
  SINCE DEC 1      2.93                      5.32  -2.39     4.50
  SINCE JAN 1      1.70                      1.84  -0.14     1.91

SNOWFALL (IN)
  YESTERDAY        0.0           8.9  1961   0.2   -0.2      0.0
  MONTH TO DATE    3.4                       3.0    0.4      4.0
  SINCE DEC 1     11.2                       6.4    4.8      4.0
  SINCE JUL 1     11.2                       6.8    4.4      4.0
  SNOW DEPTH       0

DEGREE DAYS
 HEATING
  YESTERDAY       31                        33     -2       22
  MONTH TO DATE  729                       621    108      549
  SINCE DEC 1   1653                      1500    153     1380
  SINCE JUL 1   2381                      2398    -17     2104

 COOLING
  YESTERDAY        0                         0      0        0
  MONTH TO DATE    0                         0      0        0
  SINCE DEC 1      0                         0      0        0
  SINCE JAN 1      0                         0      0        0
..................................................................


WIND (MPH)
  HIGHEST WIND SPEED    18   HIGHEST WIND DIRECTION     W (290)
  HIGHEST GUST SPEED    22   HIGHEST GUST DIRECTION     W (290)
  AVERAGE WIND SPEED     5.2


SKY COVER
  POSSIBLE SUNSHINE  MM
  AVERAGE SKY COVER 0.0


WEATHER CONDITIONS
 THE FOLLOWING WEATHER WAS RECORDED YESTERDAY.
  NO SIGNIFICANT WEATHER WAS OBSERVED.


RELATIVE HUMIDITY (PERCENT)
 HIGHEST    77           100 AM
 LOWEST     31           200 PM
 AVERAGE    54

..........................................................


THE WILMINGTON DE CLIMATE NORMALS FOR TODAY
                         NORMAL    RECORD    YEAR
 MAXIMUM TEMPERATURE (F)   40        66      1951
 MINIMUM TEMPERATURE (F)   24        -8      1985


SUNRISE AND SUNSET
JANUARY 20 2018.......SUNRISE   719 AM EST   SUNSET   508 PM EST
JANUARY 21 2018.......SUNRISE   719 AM EST   SUNSET   509 PM EST


-  INDICATES NEGATIVE NUMBERS.
R  INDICATES RECORD WAS SET OR TIED.
MM INDICATES DATA IS MISSING.
T  INDICATES TRACE AMOUNT.




$$
