153
CDUS42 KILM 021019
CLIILM


CLIMATE REPORT
NATIONAL WEATHER SERVICE WILMINGTON NC
518 AM EST FRI DEC 2 2016


...................................

...THE WILMINGTON NC CLIMATE SUMMARY FOR DECEMBER 1 2016...

CLIMATE NORMAL PERIOD 1981 TO 2010
CLIMATE RECORD PERIOD 1871 TO 2016


WEATHER ITEM   OBSERVED TIME   RECORD YEAR NORMAL DEPARTURE LAST
                VALUE   (LST)  VALUE       VALUE  FROM      YEAR
                                                  NORMAL
..................................................................
TEMPERATURE (F)
 YESTERDAY
  MAXIMUM         74   1235 AM  81    1982  63     11       67
  MINIMUM         49   1159 PM  20    1929  41      8       54
  AVERAGE         62                        52     10       61

PRECIPITATION (IN)
  YESTERDAY        0.22          1.55 1996   0.11   0.11     0.11
  MONTH TO DATE    0.22                      0.11   0.11     0.11
  SINCE DEC 1      0.22                      0.11   0.11     0.11
  SINCE JAN 1     66.50                     54.10  12.40    68.08

SNOWFALL (IN)
  YESTERDAY       MM            MM      MM   0.0   MM        0.0
  MONTH TO DATE   MM                         0.0   MM        0.0
  SINCE DEC 1     MM                         0.0   MM        0.0
  SINCE JUL 1      0.0                       0.0    0.0      0.0
  SNOW DEPTH       0

DEGREE DAYS
 HEATING
  YESTERDAY        3                        13    -10        4
  MONTH TO DATE    3                        13    -10        4
  SINCE DEC 1      3                        13    -10        4
  SINCE JUL 1    362                       382    -20      234

 COOLING
  YESTERDAY        0                         0      0        0
  MONTH TO DATE    0                         0      0        0
  SINCE DEC 1      0                         0      0        0
  SINCE JAN 1   2394                      2037    357     2273
..................................................................


WIND (MPH)
  HIGHEST WIND SPEED    24   HIGHEST WIND DIRECTION    SW (220)
  HIGHEST GUST SPEED    35   HIGHEST GUST DIRECTION    SW (230)
  AVERAGE WIND SPEED    11.4


SKY COVER
  POSSIBLE SUNSHINE  MM
  AVERAGE SKY COVER 0.4


WEATHER CONDITIONS
 THE FOLLOWING WEATHER WAS RECORDED YESTERDAY.
  RAIN
  LIGHT RAIN
  FOG


RELATIVE HUMIDITY (PERCENT)
 HIGHEST   100           300 AM
 LOWEST     36           100 PM
 AVERAGE    68

..........................................................


THE WILMINGTON NC CLIMATE NORMALS FOR TODAY
                         NORMAL    RECORD    YEAR
 MAXIMUM TEMPERATURE (F)   63        80      2015
 MINIMUM TEMPERATURE (F)   41        18      1876


SUNRISE AND SUNSET
DECEMBER  2 2016......SUNRISE   701 AM EST   SUNSET   502 PM EST
DECEMBER  3 2016......SUNRISE   702 AM EST   SUNSET   502 PM EST


-  INDICATES NEGATIVE NUMBERS.
R  INDICATES RECORD WAS SET OR TIED.
MM INDICATES DATA IS MISSING.
T  INDICATES TRACE AMOUNT.




$$
