000
CDUS42 KILM 252146
CLIILM


CLIMATE REPORT
NATIONAL WEATHER SERVICE WILMINGTON NC
445 PM EST SUN JAN 25 2015


...................................

...THE WILMINGTON NC CLIMATE SUMMARY FOR JANUARY 25 2015...
VALID TODAY AS OF 0400 PM LOCAL TIME.

CLIMATE NORMAL PERIOD 1981 TO 2010
CLIMATE RECORD PERIOD 1871 TO 2015


WEATHER ITEM   OBSERVED TIME   RECORD YEAR NORMAL DEPARTURE LAST
                VALUE   (LST)  VALUE       VALUE  FROM      YEAR
                                                  NORMAL
..................................................................
TEMPERATURE (F)
 TODAY
  MAXIMUM         55    155 PM  79    1937  57     -2       50
                                      1909
  MINIMUM         33    755 AM  14    2014  36     -3       14
  AVERAGE         44                        46     -2       32

PRECIPITATION (IN)
  TODAY            0.00          1.60 1978   0.12  -0.12     0.00
  MONTH TO DATE    4.88                      3.01   1.87     2.09
  SINCE DEC 1      9.87                      6.63   3.24     3.82
  SINCE JAN 1      4.88                      3.01   1.87     2.09

SNOWFALL (IN)
  TODAY            0.0           5.0  2000   0.0    0.0      0.0
  MONTH TO DATE    0.0                       0.3   -0.3       T
  SINCE DEC 1      0.0                       1.1   -1.1       T
  SINCE JUL 1      0.0                       1.1   -1.1       T
  SNOW DEPTH       0

DEGREE DAYS
 HEATING
  TODAY           21                        19      2       33
  MONTH TO DATE  449                       475    -26      517
  SINCE DEC 1    912                       990    -78      915
  SINCE JUL 1   1365                      1359      6     1317

 COOLING
  TODAY            0                         0      0        0
  MONTH TO DATE    6                         0      6        3
  SINCE DEC 1      6                         5      1       25
  SINCE JAN 1      6                         0      6        3
..................................................................


WIND (MPH)
  HIGHEST WIND SPEED    13   HIGHEST WIND DIRECTION     E (110)
  HIGHEST GUST SPEED    15   HIGHEST GUST DIRECTION     E (110)
  AVERAGE WIND SPEED     3.9


SKY COVER
  POSSIBLE SUNSHINE  MM
  AVERAGE SKY COVER 0.0


WEATHER CONDITIONS
 THE FOLLOWING WEATHER WAS RECORDED TODAY.
  FOG


RELATIVE HUMIDITY (PERCENT)
 HIGHEST   100           400 AM
 LOWEST     43           200 PM
 AVERAGE    72

..........................................................


THE WILMINGTON NC CLIMATE NORMALS FOR TOMORROW
                         NORMAL    RECORD    YEAR
 MAXIMUM TEMPERATURE (F)   57        78      1943
 MINIMUM TEMPERATURE (F)   36        18      1940
                                             1905


SUNRISE AND SUNSET
JANUARY 25 2015.......SUNRISE   714 AM EST   SUNSET   535 PM EST
JANUARY 26 2015.......SUNRISE   713 AM EST   SUNSET   536 PM EST


-  INDICATES NEGATIVE NUMBERS.
R  INDICATES RECORD WAS SET OR TIED.
MM INDICATES DATA IS MISSING.
T  INDICATES TRACE AMOUNT.




$$
