000
CDUS42 KILM 160849
CLIILM


CLIMATE REPORT
NATIONAL WEATHER SERVICE WILMINGTON NC
448 AM EDT WED AUG 16 2017


...................................

...THE WILMINGTON NC CLIMATE SUMMARY FOR AUGUST 15 2017...

CLIMATE NORMAL PERIOD 1981 TO 2010
CLIMATE RECORD PERIOD 1871 TO 2017


WEATHER ITEM   OBSERVED TIME   RECORD YEAR NORMAL DEPARTURE LAST
                VALUE   (LST)  VALUE       VALUE  FROM      YEAR
                                                  NORMAL
..................................................................
TEMPERATURE (F)
 YESTERDAY
  MAXIMUM         93   1120 AM  97    1968  88      5       92
  MINIMUM         75    557 AM  60    1950  72      3       77
  AVERAGE         84                        80      4       85

PRECIPITATION (IN)
  YESTERDAY        T             2.47 1940   0.22  -0.22     0.00
  MONTH TO DATE    6.14                      3.63   2.51     4.84
  SINCE JUN 1     22.84                     16.29   6.55    16.18
  SINCE JAN 1     43.34                     35.19   8.15    38.87

DEGREE DAYS
 HEATING
  YESTERDAY        0                         0      0        0
  MONTH TO DATE    0                         0      0        0
  SINCE JUN 1      2                         2      0        0
  SINCE JUL 1      0                         0      0        0

 COOLING
  YESTERDAY       19                        15      4       20
  MONTH TO DATE  208                       231    -23      274
  SINCE JUN 1   1133                      1117     16     1279
  SINCE JAN 1   1570                      1398    172     1614
..................................................................


WIND (MPH)
  HIGHEST WIND SPEED    14   HIGHEST WIND DIRECTION    SW (220)
  HIGHEST GUST SPEED    19   HIGHEST GUST DIRECTION    SW (230)
  AVERAGE WIND SPEED     4.1


SKY COVER
  POSSIBLE SUNSHINE  MM
  AVERAGE SKY COVER 0.4


WEATHER CONDITIONS
 THE FOLLOWING WEATHER WAS RECORDED YESTERDAY.
  THUNDERSTORM
  LIGHT RAIN
  FOG


RELATIVE HUMIDITY (PERCENT)
 HIGHEST   100           300 AM
 LOWEST     60          1100 AM
 AVERAGE    80

..........................................................


THE WILMINGTON NC CLIMATE NORMALS FOR TODAY
                         NORMAL    RECORD    YEAR
 MAXIMUM TEMPERATURE (F)   88        99      1954
 MINIMUM TEMPERATURE (F)   71        62      1979


SUNRISE AND SUNSET
AUGUST 16 2017........SUNRISE   634 AM EDT   SUNSET   757 PM EDT
AUGUST 17 2017........SUNRISE   634 AM EDT   SUNSET   756 PM EDT


-  INDICATES NEGATIVE NUMBERS.
R  INDICATES RECORD WAS SET OR TIED.
MM INDICATES DATA IS MISSING.
T  INDICATES TRACE AMOUNT.




$$
