000
CDUS42 KILM 252043
CLIILM


CLIMATE REPORT
NATIONAL WEATHER SERVICE WILMINGTON NC
443 PM EDT TUE APR 25 2017


...................................

...THE WILMINGTON NC CLIMATE SUMMARY FOR APRIL 25 2017...
VALID TODAY AS OF 0400 PM LOCAL TIME.

CLIMATE NORMAL PERIOD 1981 TO 2010
CLIMATE RECORD PERIOD 1871 TO 2017


WEATHER ITEM   OBSERVED TIME   RECORD YEAR NORMAL DEPARTURE LAST
                VALUE   (LST)  VALUE       VALUE  FROM      YEAR
                                                  NORMAL
..................................................................
TEMPERATURE (F)
 TODAY
  MAXIMUM         74    203 PM  91    1948  76     -2       76
  MINIMUM         62    423 AM  39    1875  54      8       49
  AVERAGE         68                        65      3       63

PRECIPITATION (IN)
  TODAY            0.05          1.47 2003   0.09  -0.04     0.00
  MONTH TO DATE    7.05                      2.35   4.70     1.89
  SINCE MAR 1      9.76                      6.56   3.20     4.72
  SINCE JAN 1     15.31                     13.94   1.37    16.79

SNOWFALL (IN)
  TODAY            0.0          MM      MM   0.0    0.0      0.0
  MONTH TO DATE    0.0                       0.0    0.0      0.0
  SINCE MAR 1      1.1                       0.2    0.9      0.0
  SINCE JUL 1      1.1                       1.7   -0.6       T
  SNOW DEPTH       0

DEGREE DAYS
 HEATING
  TODAY            0                         3     -3        2
  MONTH TO DATE   44                       119    -75      126
  SINCE MAR 1    417                       442    -25      299
  SINCE JUL 1   1932                      2371   -439     1786

 COOLING
  TODAY            3                         3      0        0
  MONTH TO DATE   84                        50     34       34
  SINCE MAR 1    108                        66     42      106
  SINCE JAN 1    114                        71     43      109
..................................................................


WIND (MPH)
  HIGHEST WIND SPEED    18   HIGHEST WIND DIRECTION    SW (240)
  HIGHEST GUST SPEED    23   HIGHEST GUST DIRECTION    SW (240)
  AVERAGE WIND SPEED     8.3


SKY COVER
  POSSIBLE SUNSHINE  MM
  AVERAGE SKY COVER 0.7


WEATHER CONDITIONS
 THE FOLLOWING WEATHER WAS RECORDED TODAY.
  LIGHT RAIN
  FOG
  FOG W/VISIBILITY <= 1/4 MILE


RELATIVE HUMIDITY (PERCENT)
 HIGHEST   100          1200 AM
 LOWEST     61           200 PM
 AVERAGE    81

..........................................................


THE WILMINGTON NC CLIMATE NORMALS FOR TOMORROW
                         NORMAL    RECORD    YEAR
 MAXIMUM TEMPERATURE (F)   77        93      1990
 MINIMUM TEMPERATURE (F)   54        37      1888


SUNRISE AND SUNSET
APRIL 25 2017.........SUNRISE   628 AM EDT   SUNSET   751 PM EDT
APRIL 26 2017.........SUNRISE   627 AM EDT   SUNSET   752 PM EDT


-  INDICATES NEGATIVE NUMBERS.
R  INDICATES RECORD WAS SET OR TIED.
MM INDICATES DATA IS MISSING.
T  INDICATES TRACE AMOUNT.




$$
