000
CDUS42 KILM 272043
CLIILM


CLIMATE REPORT
NATIONAL WEATHER SERVICE WILMINGTON NC
443 PM EDT MON MAR 27 2017


...................................

...THE WILMINGTON NC CLIMATE SUMMARY FOR MARCH 27 2017...
VALID TODAY AS OF 0400 PM LOCAL TIME.

CLIMATE NORMAL PERIOD 1981 TO 2010
CLIMATE RECORD PERIOD 1871 TO 2017


WEATHER ITEM   OBSERVED TIME   RECORD YEAR NORMAL DEPARTURE LAST
                VALUE   (LST)  VALUE       VALUE  FROM      YEAR
                                                  NORMAL
..................................................................
TEMPERATURE (F)
 TODAY
  MAXIMUM         79    243 PM  85    2007  69     10       66
  MINIMUM         49    631 AM  24    1955  47      2       61
  AVERAGE         64                        58      6       64

PRECIPITATION (IN)
  TODAY            0.00          4.75 1882   0.14  -0.14     0.74
  MONTH TO DATE    1.98                      3.70  -1.72     2.73
  SINCE MAR 1      1.98                      3.70  -1.72     2.73
  SINCE JAN 1      7.53                     11.08  -3.55    14.80

SNOWFALL (IN)
  TODAY            0.0          MM      MM   0.0    0.0      0.0
  MONTH TO DATE    1.1                       0.2    0.9      0.0
  SINCE MAR 1      1.1                       0.2    0.9      0.0
  SINCE JUL 1      1.1                       1.7   -0.6       T
  SNOW DEPTH       0

DEGREE DAYS
 HEATING
  TODAY            1                         8     -7        1
  MONTH TO DATE  366                       293     73      159
  SINCE MAR 1    366                       293     73      159
  SINCE JUL 1   1881                      2222   -341     1646

 COOLING
  TODAY            0                         1     -1        0
  MONTH TO DATE   11                        12     -1       66
  SINCE MAR 1     11                        12     -1       66
  SINCE JAN 1     17                        17      0       69
..................................................................


WIND (MPH)
  HIGHEST WIND SPEED    14   HIGHEST WIND DIRECTION     S (160)
  HIGHEST GUST SPEED    19   HIGHEST GUST DIRECTION     S (190)
  AVERAGE WIND SPEED     3.7


SKY COVER
  POSSIBLE SUNSHINE  MM
  AVERAGE SKY COVER 0.3


WEATHER CONDITIONS
 THE FOLLOWING WEATHER WAS RECORDED TODAY.
  FOG


RELATIVE HUMIDITY (PERCENT)
 HIGHEST   100          1200 AM
 LOWEST     46          1200 PM
 AVERAGE    73

..........................................................


THE WILMINGTON NC CLIMATE NORMALS FOR TOMORROW
                         NORMAL    RECORD    YEAR
 MAXIMUM TEMPERATURE (F)   70        90      1907
 MINIMUM TEMPERATURE (F)   47        29      1955


SUNRISE AND SUNSET
MARCH 27 2017.........SUNRISE   705 AM EDT   SUNSET   729 PM EDT
MARCH 28 2017.........SUNRISE   704 AM EDT   SUNSET   730 PM EDT


-  INDICATES NEGATIVE NUMBERS.
R  INDICATES RECORD WAS SET OR TIED.
MM INDICATES DATA IS MISSING.
T  INDICATES TRACE AMOUNT.




$$
