000
CDUS42 KILM 260841
CLIILM


CLIMATE REPORT
NATIONAL WEATHER SERVICE WILMINGTON NC
441 AM EDT MON JUN 26 2017


...................................

...THE WILMINGTON NC CLIMATE SUMMARY FOR JUNE 25 2017...

CLIMATE NORMAL PERIOD 1981 TO 2010
CLIMATE RECORD PERIOD 1871 TO 2017


WEATHER ITEM   OBSERVED TIME   RECORD YEAR NORMAL DEPARTURE LAST
                VALUE   (LST)  VALUE       VALUE  FROM      YEAR
                                                  NORMAL
..................................................................
TEMPERATURE (F)
 YESTERDAY
  MAXIMUM         90    305 PM 101    1952  89      1       87
  MINIMUM         72    741 PM  61    1979  71      1       70
                                      1936
  AVERAGE         81                        80      1       79

PRECIPITATION (IN)
  YESTERDAY        0.08          7.69 1945   0.18  -0.10     1.06
  MONTH TO DATE    3.49                      4.24  -0.75     5.44
  SINCE JUN 1      3.49                      4.24  -0.75     5.44
  SINCE JAN 1     23.99                     23.14   0.85    28.13

DEGREE DAYS
 HEATING
  YESTERDAY        0                         0      0        0
  MONTH TO DATE    2                         0      2        0
  SINCE JUN 1      2                         0      2        0
  SINCE JUL 1   1946                      2409   -463     1806

 COOLING
  YESTERDAY       16                        15      1       14
  MONTH TO DATE  332                       310     22      348
  SINCE JUN 1    332                       310     22      348
  SINCE JAN 1    769                       591    178      683
..................................................................


WIND (MPH)
  HIGHEST WIND SPEED    16   HIGHEST WIND DIRECTION    SW (210)
  HIGHEST GUST SPEED    21   HIGHEST GUST DIRECTION    SW (210)
  AVERAGE WIND SPEED     6.2


SKY COVER
  POSSIBLE SUNSHINE  MM
  AVERAGE SKY COVER 0.5


WEATHER CONDITIONS
 THE FOLLOWING WEATHER WAS RECORDED YESTERDAY.
  THUNDERSTORM
  RAIN
  LIGHT RAIN
  FOG


RELATIVE HUMIDITY (PERCENT)
 HIGHEST   100           400 AM
 LOWEST     59           300 PM
 AVERAGE    80

..........................................................


THE WILMINGTON NC CLIMATE NORMALS FOR TODAY
                         NORMAL    RECORD    YEAR
 MAXIMUM TEMPERATURE (F)   89       102      1952
 MINIMUM TEMPERATURE (F)   71        60      1979


SUNRISE AND SUNSET
JUNE 26 2017..........SUNRISE   602 AM EDT   SUNSET   828 PM EDT
JUNE 27 2017..........SUNRISE   602 AM EDT   SUNSET   828 PM EDT


-  INDICATES NEGATIVE NUMBERS.
R  INDICATES RECORD WAS SET OR TIED.
MM INDICATES DATA IS MISSING.
T  INDICATES TRACE AMOUNT.




$$
