000
CDUS42 KILM 312100
CLIILM


CLIMATE REPORT
NATIONAL WEATHER SERVICE WILMINGTON NC
500 PM EDT TUE MAY 31 2016


...................................

...THE WILMINGTON NC CLIMATE SUMMARY FOR MAY 31 2016...
VALID TODAY AS OF 0400 PM LOCAL TIME.

CLIMATE NORMAL PERIOD 1981 TO 2010
CLIMATE RECORD PERIOD 1871 TO 2016


WEATHER ITEM   OBSERVED TIME   RECORD YEAR NORMAL DEPARTURE LAST
                VALUE   (LST)  VALUE       VALUE  FROM      YEAR
                                                  NORMAL
..................................................................
TEMPERATURE (F)
 TODAY
  MAXIMUM         80    211 PM  98    1953  84     -4       84
  MINIMUM         68    243 AM  50    1996  65      3       65
                                      1984
                                      1930
  AVERAGE         74                        74      0       75

PRECIPITATION (IN)
  TODAY            T             1.81 2003   0.17  -0.17     0.00
  MONTH TO DATE    5.64                      4.49   1.15     5.66
  SINCE MAR 1     10.38                     11.52  -1.14    11.25
  SINCE JAN 1     22.45                     18.90   3.55    20.57

DEGREE DAYS
 HEATING
  TODAY            0                         0      0        0
  MONTH TO DATE   19                        25     -6       10
  SINCE MAR 1    319                       480   -161      414
  SINCE JUL 1   1806                      2409   -603     2597

 COOLING
  TODAY            9                         9      0       10
  MONTH TO DATE  189                       193     -4      204
  SINCE MAR 1    332                       276     56      287
  SINCE JAN 1    335                       281     54      293
..................................................................


WIND (MPH)
  HIGHEST WIND SPEED    17   HIGHEST WIND DIRECTION    NE (60)
  HIGHEST GUST SPEED    22   HIGHEST GUST DIRECTION    NE (60)
  AVERAGE WIND SPEED     6.9


SKY COVER
  POSSIBLE SUNSHINE  MM
  AVERAGE SKY COVER 0.7


WEATHER CONDITIONS
 THE FOLLOWING WEATHER WAS RECORDED TODAY.
  THUNDERSTORM
  LIGHT RAIN
  FOG


RELATIVE HUMIDITY (PERCENT)
 HIGHEST   100           400 AM
 LOWEST     79          1000 AM
 AVERAGE    90

..........................................................


THE WILMINGTON NC CLIMATE NORMALS FOR TOMORROW
                         NORMAL    RECORD    YEAR
 MAXIMUM TEMPERATURE (F)   84       100      1895
 MINIMUM TEMPERATURE (F)   65        51      1984


SUNRISE AND SUNSET
MAY 31 2016...........SUNRISE   601 AM EDT   SUNSET   818 PM EDT
JUNE  1 2016..........SUNRISE   601 AM EDT   SUNSET   819 PM EDT


-  INDICATES NEGATIVE NUMBERS.
R  INDICATES RECORD WAS SET OR TIED.
MM INDICATES DATA IS MISSING.
T  INDICATES TRACE AMOUNT.




$$
