356
CDUS42 KILM 222143
CLIILM


CLIMATE REPORT
NATIONAL WEATHER SERVICE WILMINGTON NC
443 PM EST MON JAN 22 2018


...................................

...THE WILMINGTON NC CLIMATE SUMMARY FOR JANUARY 22 2018...
VALID TODAY AS OF 0400 PM LOCAL TIME.

CLIMATE NORMAL PERIOD 1981 TO 2010
CLIMATE RECORD PERIOD 1871 TO 2018


WEATHER ITEM   OBSERVED TIME   RECORD YEAR NORMAL DEPARTURE LAST
                VALUE   (LST)  VALUE       VALUE  FROM      YEAR
                                                  NORMAL
..................................................................
TEMPERATURE (F)
 TODAY
  MAXIMUM         64    132 PM  78    1999  57      7       62
  MINIMUM         36    740 AM  14    1970  36      0       57
  AVERAGE         50                        46      4       60

PRECIPITATION (IN)
  TODAY            0.25          1.82 2016   0.11   0.14     0.87
  MONTH TO DATE    4.04                      2.65   1.39     2.74
  SINCE DEC 1      7.90                      6.27   1.63     8.10
  SINCE JAN 1      4.04                      2.65   1.39     2.74

SNOWFALL (IN)
  TODAY           MM            MM      MM   0.0   MM        0.0
  MONTH TO DATE    3.8                       0.3    3.5       T
  SINCE DEC 1      3.8                       1.1    2.7       T
  SINCE JUL 1      3.8                       1.1    2.7       T
  SNOW DEPTH       0

DEGREE DAYS
 HEATING
  TODAY           15                        19     -4        5
  MONTH TO DATE  560                       418    142      288
  SINCE DEC 1   1060                       933    127      758
  SINCE JUL 1   1398                      1302     96     1117

 COOLING
  TODAY            0                         0      0        0
  MONTH TO DATE    1                         0      1        0
  SINCE DEC 1      1                         5     -4        3
  SINCE JAN 1      1                         0      1        0
..................................................................


WIND (MPH)
  HIGHEST WIND SPEED     8   HIGHEST WIND DIRECTION     E (100)
  HIGHEST GUST SPEED    11   HIGHEST GUST DIRECTION    SE (140)
  AVERAGE WIND SPEED     1.7


SKY COVER
  POSSIBLE SUNSHINE  MM
  AVERAGE SKY COVER 0.2


WEATHER CONDITIONS
 THE FOLLOWING WEATHER WAS RECORDED TODAY.
  HEAVY RAIN
  RAIN
  LIGHT RAIN
  FOG


RELATIVE HUMIDITY (PERCENT)
 HIGHEST   100           300 AM
 LOWEST     48          1200 PM
 AVERAGE    74

..........................................................


THE WILMINGTON NC CLIMATE NORMALS FOR TOMORROW
                         NORMAL    RECORD    YEAR
 MAXIMUM TEMPERATURE (F)   57        80      1937
 MINIMUM TEMPERATURE (F)   36        17      2011
                                             2003


SUNRISE AND SUNSET
JANUARY 22 2018.......SUNRISE   715 AM EST   SUNSET   532 PM EST
JANUARY 23 2018.......SUNRISE   715 AM EST   SUNSET   533 PM EST


-  INDICATES NEGATIVE NUMBERS.
R  INDICATES RECORD WAS SET OR TIED.
MM INDICATES DATA IS MISSING.
T  INDICATES TRACE AMOUNT.




$$
