000
CDUS42 KILM 270843
CLIILM


CLIMATE REPORT
NATIONAL WEATHER SERVICE WILMINGTON NC
443 AM EDT WED AUG 27 2014


...................................

...THE WILMINGTON NC CLIMATE SUMMARY FOR AUGUST 26 2014...

CLIMATE NORMAL PERIOD 1981 TO 2010
CLIMATE RECORD PERIOD 1871 TO 2014


WEATHER ITEM   OBSERVED TIME   RECORD YEAR NORMAL DEPARTURE LAST
                VALUE   (LST)  VALUE       VALUE  FROM      YEAR
                                                  NORMAL
..................................................................
TEMPERATURE (F)
 YESTERDAY
  MAXIMUM         85    429 PM  96    1954  87     -2       84
                                      1903
  MINIMUM         65    611 AM  58    1921  70     -5       62
  AVERAGE         75                        79     -4       73

PRECIPITATION (IN)
  YESTERDAY        0.00          6.77 1998   0.24  -0.24     0.00
  MONTH TO DATE    8.79                      6.21   2.58     8.67
  SINCE JUN 1     23.27                     18.87   4.40    25.77
  SINCE JAN 1     42.51                     37.77   4.74    42.48

DEGREE DAYS
 HEATING
  YESTERDAY        0                         0      0        0
  MONTH TO DATE    0                         0      0        0
  SINCE JUN 1      0                         2     -2        0
  SINCE JUL 1      0                         0      0        0

 COOLING
  YESTERDAY       10                        14     -4        8
  MONTH TO DATE  372                       389    -17      349
  SINCE JUN 1   1280                      1275      5     1196
  SINCE JAN 1   1687                      1556    131     1422
..................................................................


WIND (MPH)
  HIGHEST WIND SPEED    16   HIGHEST WIND DIRECTION    NE (40)
  HIGHEST GUST SPEED    22   HIGHEST GUST DIRECTION    NE (50)
  AVERAGE WIND SPEED     9.8


SKY COVER
  POSSIBLE SUNSHINE  MM
  AVERAGE SKY COVER 0.2


WEATHER CONDITIONS
 THE FOLLOWING WEATHER WAS RECORDED YESTERDAY.
  NO SIGNIFICANT WEATHER WAS OBSERVED.


RELATIVE HUMIDITY (PERCENT)
 HIGHEST    93           500 AM
 LOWEST     54           600 PM
 AVERAGE    74

..........................................................


THE WILMINGTON NC CLIMATE NORMALS FOR TODAY
                         NORMAL    RECORD    YEAR
 MAXIMUM TEMPERATURE (F)   87        96      1965
                                             1903
 MINIMUM TEMPERATURE (F)   70        58      1874


SUNRISE AND SUNSET
AUGUST 27 2014........SUNRISE   641 AM EDT   SUNSET   744 PM EDT
AUGUST 28 2014........SUNRISE   642 AM EDT   SUNSET   743 PM EDT


-  INDICATES NEGATIVE NUMBERS.
R  INDICATES RECORD WAS SET OR TIED.
MM INDICATES DATA IS MISSING.
T  INDICATES TRACE AMOUNT.




$$
