000
CDUS42 KILM 240841
CLIILM


CLIMATE REPORT
NATIONAL WEATHER SERVICE WILMINGTON NC
440 AM EDT THU APR 24 2014


...................................

...THE WILMINGTON NC CLIMATE SUMMARY FOR APRIL 23 2014...

CLIMATE NORMAL PERIOD 1981 TO 2010
CLIMATE RECORD PERIOD 1871 TO 2014


WEATHER ITEM   OBSERVED TIME   RECORD YEAR NORMAL DEPARTURE LAST
                VALUE   (LST)  VALUE       VALUE  FROM      YEAR
                                                  NORMAL
..................................................................
TEMPERATURE (F)
 YESTERDAY
  MAXIMUM         82    239 PM  93    1980  76      6       69
  MINIMUM         51   1159 PM  37    1986  54     -3       50
  AVERAGE         67                        65      2       60

PRECIPITATION (IN)
  YESTERDAY        0.00          3.24 1928   0.10  -0.10      T
  MONTH TO DATE    4.44                      2.16   2.28     4.29
  SINCE MAR 1     10.83                      6.37   4.46     6.73
  SINCE JAN 1     16.29                     13.75   2.54    14.00

SNOWFALL (IN)
  YESTERDAY        0.0          MM      MM   0.0    0.0      0.0
  MONTH TO DATE    0.0                       0.0    0.0      0.0
  SINCE MAR 1      0.0                       0.2   -0.2      0.0
  SINCE JUL 1      1.0                       1.7   -0.7       T
  SNOW DEPTH       0

DEGREE DAYS
 HEATING
  YESTERDAY        0                         3     -3        5
  MONTH TO DATE   79                       113    -34      119
  SINCE MAR 1    492                       436     56      589
  SINCE JUL 1   2426                      2365     61     2396

 COOLING
  YESTERDAY        2                         3     -1        0
  MONTH TO DATE   62                        44     18       43
  SINCE MAR 1     64                        60      4       45
  SINCE JAN 1     69                        65      4       57
..................................................................


WIND (MPH)
  HIGHEST WIND SPEED    20   HIGHEST WIND DIRECTION     W (290)
  HIGHEST GUST SPEED    25   HIGHEST GUST DIRECTION     W (290)
  AVERAGE WIND SPEED     9.0


SKY COVER
  POSSIBLE SUNSHINE  MM
  AVERAGE SKY COVER 0.0


WEATHER CONDITIONS
 THE FOLLOWING WEATHER WAS RECORDED YESTERDAY.
  FOG
  HAZE


RELATIVE HUMIDITY (PERCENT)
 HIGHEST    90           500 AM
 LOWEST     16           300 PM
 AVERAGE    53

..........................................................


THE WILMINGTON NC CLIMATE NORMALS FOR TODAY
                         NORMAL    RECORD    YEAR
 MAXIMUM TEMPERATURE (F)   76        93      1980
                                             1925
 MINIMUM TEMPERATURE (F)   54        37      1982


SUNRISE AND SUNSET
APRIL 24 2014.........SUNRISE   630 AM EDT   SUNSET   750 PM EDT
APRIL 25 2014.........SUNRISE   629 AM EDT   SUNSET   751 PM EDT


-  INDICATES NEGATIVE NUMBERS.
R  INDICATES RECORD WAS SET OR TIED.
MM INDICATES DATA IS MISSING.
T  INDICATES TRACE AMOUNT.




$$
