000
CDUS43 KILX 202250
CLIILX


CLIMATE REPORT
NATIONAL WEATHER SERVICE LINCOLN IL
439 PM CST THU NOV 20 2014


...................................

...THE LINCOLN IL CLIMATE SUMMARY FOR NOVEMBER 20 2014...
VALID TODAY AS OF 0400 PM LOCAL TIME.

CLIMATE NORMAL PERIOD 1981 TO 2010
CLIMATE RECORD PERIOD 1905 TO 2014


WEATHER ITEM   OBSERVED TIME   RECORD YEAR NORMAL DEPARTURE LAST
                VALUE   (LST)  VALUE       VALUE  FROM      YEAR
                                                  NORMAL
..................................................................
TEMPERATURE (F)
 TODAY
  MAXIMUM         34        MM  73    1913  49    -15       43
  MINIMUM         19        MM   2    1914  31    -12       26
  AVERAGE         27                        40    -13       35

PRECIPITATION (IN)
  TODAY            T             1.81 1991   0.11  -0.11     0.14
  MONTH TO DATE    0.64                      2.13  -1.49     1.03
  SINCE SEP 1     12.69                      8.42   4.27     5.47
  SINCE JAN 1     41.34                     35.84   5.50    34.61

SNOWFALL (IN)
  TODAY            T             2.5  1972   0.0    0.0      0.0
  MONTH TO DATE    0.1                       0.2   -0.1      0.5
  SINCE SEP 1      0.1                       0.2   -0.1      0.5
  SINCE JUL 1      0.1                       0.2   -0.1      0.5
  SNOW DEPTH       0

DEGREE DAYS
 HEATING
  TODAY           38                        25     13       30
  MONTH TO DATE  606                       410    196      455
  SINCE SEP 1   1082                       857    225      896
  SINCE JUL 1   1092                       866    226      918

 COOLING
  TODAY            0                         0      0        0
  MONTH TO DATE    0                         0      0        0
  SINCE SEP 1     84                       128    -44      176
  SINCE JAN 1    838                      1017   -179      947
..................................................................







THE LINCOLN IL CLIMATE NORMALS FOR TOMORROW
                         NORMAL    RECORD    YEAR
 MAXIMUM TEMPERATURE (F)   48        76      1913
 MINIMUM TEMPERATURE (F)   31         5      1937


SUNRISE AND SUNSET
NOVEMBER 20 2014......SUNRISE   649 AM CST   SUNSET   437 PM CST
NOVEMBER 21 2014......SUNRISE   650 AM CST   SUNSET   436 PM CST


-  INDICATES NEGATIVE NUMBERS.
R  INDICATES RECORD WAS SET OR TIED.
MM INDICATES DATA IS MISSING.
T  INDICATES TRACE AMOUNT.




$$
