000
CDUS43 KILX 302154
CLIILX


CLIMATE REPORT
NATIONAL WEATHER SERVICE LINCOLN IL
454 PM CDT SUN APR 30 2017


...................................

...THE LINCOLN IL CLIMATE SUMMARY FOR APRIL 30 2017...
VALID TODAY AS OF 0400 PM LOCAL TIME.

CLIMATE NORMAL PERIOD 1981 TO 2010
CLIMATE RECORD PERIOD 1905 TO 2017


WEATHER ITEM   OBSERVED TIME   RECORD YEAR NORMAL DEPARTURE LAST
                VALUE   (LST)  VALUE       VALUE  FROM      YEAR
                                                  NORMAL
..................................................................
TEMPERATURE (F)
 TODAY
  MAXIMUM         66        MM  89    1987  69     -3       64
  MINIMUM         47        MM  31    1908  46      1       48
  AVERAGE         57                        58     -1       56

PRECIPITATION (IN)
  TODAY            0.60          3.96 1998   0.14   0.46     0.64
  MONTH TO DATE    5.65                      3.61   2.04     2.59
  SINCE MAR 1      9.64                      6.21   3.43     6.46
  SINCE JAN 1     12.29                      9.96   2.33     8.70

SNOWFALL (IN)
  TODAY            0.0           T    2006   0.0    0.0      0.0
  MONTH TO DATE    0.0                       0.3   -0.3       T
  SINCE MAR 1      3.7                       2.0    1.7       T
  SINCE JUL 1     10.9                      20.5   -9.6     12.3
  SNOW DEPTH       0

DEGREE DAYS
 HEATING
  TODAY            8                         8      0        9
  MONTH TO DATE  256                       391   -135      372
  SINCE MAR 1    953                      1132   -179      923
  SINCE JUL 1   4561                      5555   -994     4718

 COOLING
  TODAY            0                         1     -1        0
  MONTH TO DATE   14                        13      1        8
  SINCE MAR 1     14                        15     -1        8
  SINCE JAN 1     14                        15     -1        8
..................................................................







THE LINCOLN IL CLIMATE NORMALS FOR TOMORROW
                         NORMAL    RECORD    YEAR
 MAXIMUM TEMPERATURE (F)   70        90      1952
 MINIMUM TEMPERATURE (F)   47        27      1918


SUNRISE AND SUNSET
APRIL 30 2017.........SUNRISE   558 AM CDT   SUNSET   752 PM CDT
MAY  1 2017...........SUNRISE   557 AM CDT   SUNSET   753 PM CDT


-  INDICATES NEGATIVE NUMBERS.
R  INDICATES RECORD WAS SET OR TIED.
MM INDICATES DATA IS MISSING.
T  INDICATES TRACE AMOUNT.




$$
