000
CDUS43 KILX 272130
CLIILX


CLIMATE REPORT
NATIONAL WEATHER SERVICE LINCOLN IL
430 PM CDT SAT AUG 27 2016


...................................

...THE LINCOLN IL CLIMATE SUMMARY FOR AUGUST 27 2016...
VALID TODAY AS OF 0400 PM LOCAL TIME.

CLIMATE NORMAL PERIOD 1981 TO 2010
CLIMATE RECORD PERIOD 1905 TO 2016


WEATHER ITEM   OBSERVED TIME   RECORD YEAR NORMAL DEPARTURE LAST
                VALUE   (LST)  VALUE       VALUE  FROM      YEAR
                                                  NORMAL
..................................................................
TEMPERATURE (F)
 TODAY
  MAXIMUM         89        MM  98    1953  84      5       77
  MINIMUM         69        MM  39    1910  61      8       46
  AVERAGE         79                        72      7       62

PRECIPITATION (IN)
  TODAY            0.01          1.17 1981   0.12  -0.11     0.00
  MONTH TO DATE    5.82                      3.45   2.37     1.04
  SINCE JUN 1     16.87                     12.83   4.04    16.64
  SINCE JAN 1     28.82                     26.95   1.87    31.03

SNOWFALL (IN)
  TODAY           MM             0.0    MM   0.0   MM        0.0
  MONTH TO DATE    0.0                       0.0    0.0      0.0
  SINCE JUN 1      0.0                       0.0    0.0      0.0
  SINCE JUL 1      0.0                       0.0    0.0      0.0
  SNOW DEPTH      MM

DEGREE DAYS
 HEATING
  TODAY            0                         0      0        3
  MONTH TO DATE    0                         0      0        6
  SINCE JUN 1     11                        19     -8       20
  SINCE JUL 1      9                         2      7       12

 COOLING
  TODAY           14                         7      7        0
  MONTH TO DATE  266                       228     38      176
  SINCE JUN 1    860                       771     89      662
  SINCE JAN 1    947                       862     85      773
..................................................................







THE LINCOLN IL CLIMATE NORMALS FOR TOMORROW
                         NORMAL    RECORD    YEAR
 MAXIMUM TEMPERATURE (F)   84        98      1953
 MINIMUM TEMPERATURE (F)   61        40      1916


SUNRISE AND SUNSET
AUGUST 27 2016........SUNRISE   621 AM CDT   SUNSET   736 PM CDT
AUGUST 28 2016........SUNRISE   622 AM CDT   SUNSET   734 PM CDT


-  INDICATES NEGATIVE NUMBERS.
R  INDICATES RECORD WAS SET OR TIED.
MM INDICATES DATA IS MISSING.
T  INDICATES TRACE AMOUNT.




$$
