000
CDUS43 KILX 260653
CLIILX


CLIMATE REPORT
NATIONAL WEATHER SERVICE LINCOLN IL
153 AM CDT SUN OCT 26 2014


...................................

...THE LINCOLN IL CLIMATE SUMMARY FOR OCTOBER 25 2014...

CLIMATE NORMAL PERIOD 1981 TO 2010
CLIMATE RECORD PERIOD 1905 TO 2014


WEATHER ITEM   OBSERVED TIME   RECORD YEAR NORMAL DEPARTURE LAST
                VALUE   (LST)  VALUE       VALUE  FROM      YEAR
                                                  NORMAL
..................................................................
TEMPERATURE (F)
 YESTERDAY
  MAXIMUM         77        MM  82    1921  62     15       53
  MINIMUM         47        MM  20    2013  40      7       20
  AVERAGE         62                        51     11       37

PRECIPITATION (IN)
  YESTERDAY        0.00          1.74 1932   0.10  -0.10     0.00
  MONTH TO DATE    3.83                      2.47   1.36     1.76
  SINCE SEP 1     11.45                      5.68   5.77     2.69
  SINCE JAN 1     40.10                     33.10   7.00    31.83

SNOWFALL (IN)
  YESTERDAY        0.0           0.0    MM   0.0    0.0      0.0
  MONTH TO DATE    0.0                       0.0    0.0       T
  SINCE SEP 1      0.0                       0.0    0.0       T
  SINCE JUL 1      0.0                       0.0    0.0       T
  SNOW DEPTH       0

DEGREE DAYS
 HEATING
  YESTERDAY        3                        14    -11       28
  MONTH TO DATE  271                       267      4      283
  SINCE SEP 1    384                       353     31      343
  SINCE JUL 1    394                       362     32      365

 COOLING
  YESTERDAY        0                         0      0        0
  MONTH TO DATE    4                        11     -7       39
  SINCE SEP 1     83                       125    -42      176
  SINCE JAN 1    837                      1014   -177      947
..................................................................


WIND (MPH)
  HIGHEST WIND SPEED    MM   HIGHEST WIND DIRECTION    MM
  HIGHEST GUST SPEED    MM   HIGHEST GUST DIRECTION    MM
  AVERAGE WIND SPEED    MM


SKY COVER
  POSSIBLE SUNSHINE  MM


WEATHER CONDITIONS
 THE FOLLOWING WEATHER WAS RECORDED YESTERDAY.
  FOG
  HAZE


..........................................................


THE LINCOLN IL CLIMATE NORMALS FOR TODAY
                         NORMAL    RECORD    YEAR
 MAXIMUM TEMPERATURE (F)   62        85      1963
 MINIMUM TEMPERATURE (F)   40        18      1962


SUNRISE AND SUNSET
OCTOBER 26 2014.......SUNRISE   720 AM CDT   SUNSET   602 PM CDT
OCTOBER 27 2014.......SUNRISE   721 AM CDT   SUNSET   601 PM CDT


-  INDICATES NEGATIVE NUMBERS.
R  INDICATES RECORD WAS SET OR TIED.
MM INDICATES DATA IS MISSING.
T  INDICATES TRACE AMOUNT.




$$
