000
CDUS43 KILX 190636
CLIILX


CLIMATE REPORT
NATIONAL WEATHER SERVICE LINCOLN IL
1234 AM CST SUN FEB 19 2017


...................................

...THE LINCOLN IL CLIMATE SUMMARY FOR FEBRUARY 18 2017...

CLIMATE NORMAL PERIOD 1981 TO 2010
CLIMATE RECORD PERIOD 1905 TO 2017


WEATHER ITEM   OBSERVED TIME   RECORD YEAR NORMAL DEPARTURE LAST
                VALUE   (LST)  VALUE       VALUE  FROM      YEAR
                                                  NORMAL
..................................................................
TEMPERATURE (F)
 YESTERDAY
  MAXIMUM         67R       MM  63    1913  40     27       47
  MINIMUM         40        MM -14    1936  23     17       30
  AVERAGE         54                        31     23       39

PRECIPITATION (IN)
  YESTERDAY        0.00          0.61 1926   0.07  -0.07     0.00
  MONTH TO DATE    0.33                      1.11  -0.78     1.12
  SINCE DEC 1      3.45                      5.68  -2.23     8.92
  SINCE JAN 1      2.09                      3.04  -0.95     2.11

SNOWFALL (IN)
  YESTERDAY        0.0           2.0  1959   0.2   -0.2      0.0
  MONTH TO DATE    3.4                       4.0   -0.6      4.8
  SINCE DEC 1      7.2                      16.1   -8.9     10.4
  SINCE JUL 1      7.2                      16.7   -9.5     11.4
  SNOW DEPTH       0

DEGREE DAYS
 HEATING
  YESTERDAY       11                        34    -23       26
  MONTH TO DATE  527                       651   -124      660
  SINCE DEC 1   2665                      2962   -297     2620
  SINCE JUL 1   3442                      4105   -663     3547

 COOLING
  YESTERDAY        0                         0      0        0
  MONTH TO DATE    0                         0      0        0
  SINCE DEC 1      0                         0      0        0
  SINCE JAN 1      0                         0      0        0
..................................................................


WIND (MPH)
  HIGHEST WIND SPEED    MM   HIGHEST WIND DIRECTION    MM
  HIGHEST GUST SPEED    MM   HIGHEST GUST DIRECTION    MM
  AVERAGE WIND SPEED    MM


SKY COVER
  POSSIBLE SUNSHINE  MM


WEATHER CONDITIONS
 THE FOLLOWING WEATHER WAS RECORDED YESTERDAY.
  FOG


..........................................................


THE LINCOLN IL CLIMATE NORMALS FOR TODAY
                         NORMAL    RECORD    YEAR
 MAXIMUM TEMPERATURE (F)   40        71      1930
 MINIMUM TEMPERATURE (F)   23        -7      1979


SUNRISE AND SUNSET
FEBRUARY 19 2017......SUNRISE   645 AM CST   SUNSET   538 PM CST
FEBRUARY 20 2017......SUNRISE   643 AM CST   SUNSET   539 PM CST


-  INDICATES NEGATIVE NUMBERS.
R  INDICATES RECORD WAS SET OR TIED.
MM INDICATES DATA IS MISSING.
T  INDICATES TRACE AMOUNT.




$$
