000
CDUS43 KILX 252144
CLIILX


CLIMATE REPORT
NATIONAL WEATHER SERVICE LINCOLN IL
444 PM CDT SUN JUN 25 2017


...................................

...THE LINCOLN IL CLIMATE SUMMARY FOR JUNE 25 2017...
VALID TODAY AS OF 0400 PM LOCAL TIME.

CLIMATE NORMAL PERIOD 1981 TO 2010
CLIMATE RECORD PERIOD 1905 TO 2017


WEATHER ITEM   OBSERVED TIME   RECORD YEAR NORMAL DEPARTURE LAST
                VALUE   (LST)  VALUE       VALUE  FROM      YEAR
                                                  NORMAL
..................................................................
TEMPERATURE (F)
 TODAY
  MAXIMUM         75        MM 101    1954  85    -10       91
  MINIMUM         56        MM  45    1986  64     -8       65
  AVERAGE         66                        74     -8       78

PRECIPITATION (IN)
  TODAY            0.00          2.52 1918   0.15  -0.15     0.00
  MONTH TO DATE    0.89                      3.52  -2.63     2.35
  SINCE JUN 1      0.89                      3.52  -2.63     2.35
  SINCE JAN 1     17.02                     17.64  -0.62    14.30

SNOWFALL (IN)
  TODAY            0.0           0.0    MM   0.0    0.0      0.0
  MONTH TO DATE    0.0                       0.0    0.0      0.0
  SINCE JUN 1      0.0                       0.0    0.0      0.0
  SINCE JUL 1     10.9                      20.5   -9.6     12.3
  SNOW DEPTH       0

DEGREE DAYS
 HEATING
  TODAY            0                         0      0        0
  MONTH TO DATE    0                        15    -15        1
  SINCE JUN 1      0                        15    -15        1
  SINCE JUL 1   4713                      5706   -993     4874

 COOLING
  TODAY            1                        10     -9       13
  MONTH TO DATE  243                       183     60      252
  SINCE JUN 1    243                       183     60      252
  SINCE JAN 1    333                       274     59      339
..................................................................







THE LINCOLN IL CLIMATE NORMALS FOR TOMORROW
                         NORMAL    RECORD    YEAR
 MAXIMUM TEMPERATURE (F)   86       101      1934
 MINIMUM TEMPERATURE (F)   64        46      2004


SUNRISE AND SUNSET
JUNE 25 2017..........SUNRISE   529 AM CDT   SUNSET   831 PM CDT
JUNE 26 2017..........SUNRISE   530 AM CDT   SUNSET   831 PM CDT


-  INDICATES NEGATIVE NUMBERS.
R  INDICATES RECORD WAS SET OR TIED.
MM INDICATES DATA IS MISSING.
T  INDICATES TRACE AMOUNT.




$$
