801
CDUS43 KILX 170643
CLIILX


CLIMATE REPORT
NATIONAL WEATHER SERVICE LINCOLN IL
1241 AM CST TUE JAN 17 2017


...................................

...THE LINCOLN IL CLIMATE SUMMARY FOR JANUARY 16 2017...

CLIMATE NORMAL PERIOD 1981 TO 2010
CLIMATE RECORD PERIOD 1905 TO 2017


WEATHER ITEM   OBSERVED TIME   RECORD YEAR NORMAL DEPARTURE LAST
                VALUE   (LST)  VALUE       VALUE  FROM      YEAR
                                                  NORMAL
..................................................................
TEMPERATURE (F)
 YESTERDAY
  MAXIMUM         51        MM  60    2012  34     17       29
                                      1933
  MINIMUM         33        MM -19    1977  18     15       19
  AVERAGE         42                        26     16       24

PRECIPITATION (IN)
  YESTERDAY        0.12          0.80 1907   0.06   0.06      T
  MONTH TO DATE    0.92                      1.11  -0.19     0.70
  SINCE DEC 1      2.28                      3.75  -1.47     7.51
  SINCE JAN 1      0.92                      1.11  -0.19     0.70

SNOWFALL (IN)
  YESTERDAY        0.0           5.2  1936   0.2   -0.2       T
  MONTH TO DATE    0.5                       3.1   -2.6      1.3
  SINCE DEC 1      3.7                       9.3   -5.6      1.4
  SINCE JUL 1      3.7                       9.9   -6.2      2.4
  SNOW DEPTH       0

DEGREE DAYS
 HEATING
  YESTERDAY       23                        39    -16       41
  MONTH TO DATE  619                       624     -5      595
  SINCE DEC 1   1734                      1723     11     1355
  SINCE JUL 1   2511                      2866   -355     2282

 COOLING
  YESTERDAY        0                         0      0        0
  MONTH TO DATE    0                         0      0        0
  SINCE DEC 1      0                         0      0        0
  SINCE JAN 1      0                         0      0        0
..................................................................


WIND (MPH)
  HIGHEST WIND SPEED    MM   HIGHEST WIND DIRECTION    MM
  HIGHEST GUST SPEED    MM   HIGHEST GUST DIRECTION    MM
  AVERAGE WIND SPEED    MM


SKY COVER
  POSSIBLE SUNSHINE  MM


WEATHER CONDITIONS
 THE FOLLOWING WEATHER WAS RECORDED YESTERDAY.
  RAIN
  LIGHT RAIN
  FOG
  FOG W/VISIBILITY <= 1/4 MILE


..........................................................


THE LINCOLN IL CLIMATE NORMALS FOR TODAY
                         NORMAL    RECORD    YEAR
 MAXIMUM TEMPERATURE (F)   34        67      1952
 MINIMUM TEMPERATURE (F)   18       -21      1977


SUNRISE AND SUNSET
JANUARY 17 2017.......SUNRISE   717 AM CST   SUNSET   459 PM CST
JANUARY 18 2017.......SUNRISE   716 AM CST   SUNSET   500 PM CST


-  INDICATES NEGATIVE NUMBERS.
R  INDICATES RECORD WAS SET OR TIED.
MM INDICATES DATA IS MISSING.
T  INDICATES TRACE AMOUNT.




$$
