000
CDUS43 KILX 220638
CLIILX


CLIMATE REPORT
NATIONAL WEATHER SERVICE LINCOLN IL
137 AM CDT WED OCT 22 2014


...................................

...THE LINCOLN IL CLIMATE SUMMARY FOR OCTOBER 21 2014...

CLIMATE NORMAL PERIOD 1981 TO 2010
CLIMATE RECORD PERIOD 1905 TO 2014


WEATHER ITEM   OBSERVED TIME   RECORD YEAR NORMAL DEPARTURE LAST
                VALUE   (LST)  VALUE       VALUE  FROM      YEAR
                                                  NORMAL
..................................................................
TEMPERATURE (F)
 YESTERDAY
  MAXIMUM         61        MM  87    1979  64     -3       57
  MINIMUM         37        MM  16    1930  41     -4       26
  AVERAGE         49                        52     -3       42

PRECIPITATION (IN)
  YESTERDAY        0.00          0.98 1943   0.10  -0.10     0.00
  MONTH TO DATE    3.82                      2.06   1.76     1.46
  SINCE SEP 1     11.44                      5.27   6.17     2.39
  SINCE JAN 1     40.09                     32.69   7.40    31.53

SNOWFALL (IN)
  YESTERDAY        0.0           0.0    MM   0.0    0.0      0.0
  MONTH TO DATE    0.0                       0.0    0.0      0.0
  SINCE SEP 1      0.0                       0.0    0.0      0.0
  SINCE JUL 1      0.0                       0.0    0.0       T
  SNOW DEPTH       0

DEGREE DAYS
 HEATING
  YESTERDAY       16                        13      3       23
  MONTH TO DATE  219                       212      7      172
  SINCE SEP 1    332                       298     34      232
  SINCE JUL 1    342                       307     35      254

 COOLING
  YESTERDAY        0                         0      0        0
  MONTH TO DATE    4                        11     -7       39
  SINCE SEP 1     83                       125    -42      176
  SINCE JAN 1    837                      1014   -177      947
..................................................................


WIND (MPH)
  HIGHEST WIND SPEED    MM   HIGHEST WIND DIRECTION    MM
  HIGHEST GUST SPEED    MM   HIGHEST GUST DIRECTION    MM
  AVERAGE WIND SPEED    MM


SKY COVER
  POSSIBLE SUNSHINE  MM


WEATHER CONDITIONS
 THE FOLLOWING WEATHER WAS RECORDED YESTERDAY.
  FOG


..........................................................


THE LINCOLN IL CLIMATE NORMALS FOR TODAY
                         NORMAL    RECORD    YEAR
 MAXIMUM TEMPERATURE (F)   63        86      1953
 MINIMUM TEMPERATURE (F)   40        21      1930


SUNRISE AND SUNSET
OCTOBER 22 2014.......SUNRISE   715 AM CDT   SUNSET   608 PM CDT
OCTOBER 23 2014.......SUNRISE   717 AM CDT   SUNSET   606 PM CDT


-  INDICATES NEGATIVE NUMBERS.
R  INDICATES RECORD WAS SET OR TIED.
MM INDICATES DATA IS MISSING.
T  INDICATES TRACE AMOUNT.




$$
