000
CDUS43 KILX 240644
CLIILX


CLIMATE REPORT
NATIONAL WEATHER SERVICE LINCOLN IL
143 AM CDT TUE OCT 24 2017


...................................

...THE LINCOLN IL CLIMATE SUMMARY FOR OCTOBER 23 2017...

CLIMATE NORMAL PERIOD 1981 TO 2010
CLIMATE RECORD PERIOD 1905 TO 2017


WEATHER ITEM   OBSERVED TIME   RECORD YEAR NORMAL DEPARTURE LAST
                VALUE   (LST)  VALUE       VALUE  FROM      YEAR
                                                  NORMAL
..................................................................
TEMPERATURE (F)
 YESTERDAY
  MAXIMUM         61        MM  84    1963  63     -2       78
  MINIMUM         47        MM  21    1924  40      7       45
  AVERAGE         54                        52      2       62

PRECIPITATION (IN)
  YESTERDAY        0.39          1.38 1977   0.11   0.28     0.00
  MONTH TO DATE    4.55                      2.27   2.28     1.40
  SINCE SEP 1      5.26                      5.48  -0.22     5.83
  SINCE JAN 1     30.38                     32.90  -2.52    35.27

SNOWFALL (IN)
  YESTERDAY        0.0           2.7  1929   0.0    0.0      0.0
  MONTH TO DATE    0.0                       0.0    0.0      0.0
  SINCE SEP 1      0.0                       0.0    0.0      0.0
  SINCE JUL 1      T                         0.0    0.0      0.0
  SNOW DEPTH       0

DEGREE DAYS
 HEATING
  YESTERDAY       11                        14     -3        3
  MONTH TO DATE   84                       239   -155      125
  SINCE SEP 1    156                       325   -169      140
  SINCE JUL 1    162                       334   -172      149

 COOLING
  YESTERDAY        0                         0      0        0
  MONTH TO DATE   44                        11     33       41
  SINCE SEP 1    185                       125     60      235
  SINCE JAN 1    984                      1014    -30     1226
..................................................................


WIND (MPH)
  HIGHEST WIND SPEED    MM   HIGHEST WIND DIRECTION    MM
  HIGHEST GUST SPEED    MM   HIGHEST GUST DIRECTION    MM
  AVERAGE WIND SPEED    MM


SKY COVER
  POSSIBLE SUNSHINE  MM


WEATHER CONDITIONS
 THE FOLLOWING WEATHER WAS RECORDED YESTERDAY.
  HEAVY RAIN
  RAIN
  LIGHT RAIN


..........................................................


THE LINCOLN IL CLIMATE NORMALS FOR TODAY
                         NORMAL    RECORD    YEAR
 MAXIMUM TEMPERATURE (F)   62        87      1992
 MINIMUM TEMPERATURE (F)   40        18      1988


SUNRISE AND SUNSET
OCTOBER 24 2017.......SUNRISE   718 AM CDT   SUNSET   604 PM CDT
OCTOBER 25 2017.......SUNRISE   719 AM CDT   SUNSET   603 PM CDT


-  INDICATES NEGATIVE NUMBERS.
R  INDICATES RECORD WAS SET OR TIED.
MM INDICATES DATA IS MISSING.
T  INDICATES TRACE AMOUNT.




$$
