404
CDUS43 KILX 300630
CLIILX


CLIMATE REPORT
NATIONAL WEATHER SERVICE LINCOLN IL
129 AM CDT SAT JUL 30 2016


...................................

...THE LINCOLN IL CLIMATE SUMMARY FOR JULY 29 2016...

CLIMATE NORMAL PERIOD 1981 TO 2010
CLIMATE RECORD PERIOD 1905 TO 2016


WEATHER ITEM   OBSERVED TIME   RECORD YEAR NORMAL DEPARTURE LAST
                VALUE   (LST)  VALUE       VALUE  FROM      YEAR
                                                  NORMAL
..................................................................
TEMPERATURE (F)
 YESTERDAY
  MAXIMUM         82        MM 104    1916  85     -3       87
  MINIMUM         65        MM  47    1925  64      1       69
  AVERAGE         74                        74      0       78

PRECIPITATION (IN)
  YESTERDAY        0.00          2.06 1966   0.14  -0.14     0.00
  MONTH TO DATE    8.68                      4.78   3.90     5.93
  SINCE JUN 1     11.04                      9.10   1.94    15.60
  SINCE JAN 1     22.99                     23.22  -0.23    29.99

SNOWFALL (IN)
  YESTERDAY        0.0           0.0    MM   0.0    0.0      0.0
  MONTH TO DATE    0.0                       0.0    0.0      0.0
  SINCE JUN 1      0.0                       0.0    0.0      0.0
  SINCE JUL 1      0.0                       0.0    0.0      0.0
  SNOW DEPTH       0

DEGREE DAYS
 HEATING
  YESTERDAY        0                         0      0        0
  MONTH TO DATE    9                         0      9        6
  SINCE JUN 1     11                        17     -6       14
  SINCE JUL 1      9                         0      9        6

 COOLING
  YESTERDAY        9                         9      0       13
  MONTH TO DATE  296                       293      3      235
  SINCE JUN 1    578                       525     53      461
  SINCE JAN 1    665                       616     49      572
..................................................................


WIND (MPH)
  HIGHEST WIND SPEED    MM   HIGHEST WIND DIRECTION    MM
  HIGHEST GUST SPEED    MM   HIGHEST GUST DIRECTION    MM
  AVERAGE WIND SPEED    MM


SKY COVER
  POSSIBLE SUNSHINE  MM


WEATHER CONDITIONS
 THE FOLLOWING WEATHER WAS RECORDED YESTERDAY.
  FOG


..........................................................


THE LINCOLN IL CLIMATE NORMALS FOR TODAY
                         NORMAL    RECORD    YEAR
 MAXIMUM TEMPERATURE (F)   85       104      1913
 MINIMUM TEMPERATURE (F)   64        49      1928


SUNRISE AND SUNSET
JULY 30 2016..........SUNRISE   554 AM CDT   SUNSET   813 PM CDT
JULY 31 2016..........SUNRISE   555 AM CDT   SUNSET   812 PM CDT


-  INDICATES NEGATIVE NUMBERS.
R  INDICATES RECORD WAS SET OR TIED.
MM INDICATES DATA IS MISSING.
T  INDICATES TRACE AMOUNT.




$$
