000
CDUS43 KILX 300636
CLIILX


CLIMATE REPORT
NATIONAL WEATHER SERVICE LINCOLN IL
135 AM CDT SAT MAY 30 2015


...................................

...THE LINCOLN IL CLIMATE SUMMARY FOR MAY 29 2015...

CLIMATE NORMAL PERIOD 1981 TO 2010
CLIMATE RECORD PERIOD 1905 TO 2015


WEATHER ITEM   OBSERVED TIME   RECORD YEAR NORMAL DEPARTURE LAST
                VALUE   (LST)  VALUE       VALUE  FROM      YEAR
                                                  NORMAL
..................................................................
TEMPERATURE (F)
 YESTERDAY
  MAXIMUM         83        MM  96    1934  78      5       85
  MINIMUM         64        MM  35    1950  56      8       60
  AVERAGE         74                        67      7       73

PRECIPITATION (IN)
  YESTERDAY        0.89          1.12 1954   0.14   0.75     0.30
  MONTH TO DATE    6.51                      3.90   2.61     1.78
  SINCE MAR 1     10.30                     10.11   0.19     6.66
  SINCE JAN 1     13.06                     13.86  -0.80    11.32

SNOWFALL (IN)
  YESTERDAY        0.0           0.0    MM   0.0    0.0      0.0
  MONTH TO DATE    0.0                       0.0    0.0      0.0
  SINCE MAR 1      3.7                       2.0    1.7      4.7
  SINCE JUL 1     21.9                      20.5    1.4     46.3
  SNOW DEPTH       0

DEGREE DAYS
 HEATING
  YESTERDAY        0                         2     -2        0
  MONTH TO DATE   91                       133    -42      136
  SINCE MAR 1   1243                      1265    -22     1425
  SINCE JUL 1   6180                      5688    492     6669

 COOLING
  YESTERDAY        9                         4      5        8
  MONTH TO DATE  110                        66     44      108
  SINCE MAR 1    111                        81     30      109
  SINCE JAN 1    111                        81     30      109
..................................................................


WIND (MPH)
  HIGHEST WIND SPEED    MM   HIGHEST WIND DIRECTION    MM
  HIGHEST GUST SPEED    MM   HIGHEST GUST DIRECTION    MM
  AVERAGE WIND SPEED    MM


SKY COVER
  POSSIBLE SUNSHINE  MM


WEATHER CONDITIONS
 THE FOLLOWING WEATHER WAS RECORDED YESTERDAY.
  THUNDERSTORM
  HEAVY RAIN
  RAIN
  LIGHT RAIN
  FOG


..........................................................


THE LINCOLN IL CLIMATE NORMALS FOR TODAY
                         NORMAL    RECORD    YEAR
 MAXIMUM TEMPERATURE (F)   79        98      1934
 MINIMUM TEMPERATURE (F)   56        36      1924


SUNRISE AND SUNSET
MAY 30 2015...........SUNRISE   531 AM CDT   SUNSET   819 PM CDT
MAY 31 2015...........SUNRISE   531 AM CDT   SUNSET   820 PM CDT


-  INDICATES NEGATIVE NUMBERS.
R  INDICATES RECORD WAS SET OR TIED.
MM INDICATES DATA IS MISSING.
T  INDICATES TRACE AMOUNT.




$$
