000
CDUS43 KIND 302331
CLIIND


CLIMATE REPORT
NATIONAL WEATHER SERVICE INDIANAPOLIS IN
731 PM EDT THU OCT 30 2014


...................................

...THE INDIANAPOLIS IN CLIMATE SUMMARY FOR OCTOBER 30 2014...
VALID AS OF 0700 PM LOCAL TIME.

CLIMATE NORMAL PERIOD 1981 TO 2010
CLIMATE RECORD PERIOD 1871 TO 2014


WEATHER ITEM   OBSERVED TIME   RECORD YEAR NORMAL DEPARTURE LAST
                VALUE   (LST)  VALUE       VALUE  FROM      YEAR
                                                  NORMAL
..................................................................
TEMPERATURE (F)
 TODAY
  MAXIMUM         53    400 PM  82    1950  60     -7       61
                                      1927
  MINIMUM         34    715 AM  22    1895  41     -7       49
                                      1887
  AVERAGE         44                        50     -6       55

PRECIPITATION (IN)
  TODAY            0.00          1.30 1876   0.11  -0.11     0.19
  MONTH TO DATE    2.97                      3.02  -0.05     3.45
  SINCE SEP 1      5.50                      6.14  -0.64     6.31
  SINCE JAN 1     36.02                     35.47   0.55    36.24

SNOWFALL (IN)
  TODAY            0.0           2.4  1993   0.0    0.0      0.0
  MONTH TO DATE    0.0                       0.4   -0.4       T
  SINCE SEP 1      0.0                       0.4   -0.4       T
  SINCE JUL 1      0.0                       0.4   -0.4       T
  SNOW DEPTH       0

..................................................................


WIND (MPH)
  HIGHEST WIND SPEED     9   HIGHEST WIND DIRECTION     S (160)
  HIGHEST GUST SPEED    12   HIGHEST GUST DIRECTION     S (170)
  AVERAGE WIND SPEED     2.5


SKY COVER
  AVERAGE SKY COVER 0.4


WEATHER CONDITIONS
 THE FOLLOWING WEATHER WAS RECORDED TODAY.
  HAZE


RELATIVE HUMIDITY (PERCENT)
 HIGHEST    89           600 AM
 LOWEST     44           500 PM

..........................................................


THE INDIANAPOLIS IN CLIMATE NORMALS FOR TOMORROW
                         NORMAL    RECORD    YEAR
 MAXIMUM TEMPERATURE (F)   60        82      1950
 MINIMUM TEMPERATURE (F)   41        24      1988
                                             1925


SUNRISE AND SUNSET
OCTOBER 30 2014.......SUNRISE   811 AM EDT   SUNSET   646 PM EDT
OCTOBER 31 2014.......SUNRISE   813 AM EDT   SUNSET   644 PM EDT


-  INDICATES NEGATIVE NUMBERS.
R  INDICATES RECORD WAS SET OR TIED.
MM INDICATES DATA IS MISSING.
T  INDICATES TRACE AMOUNT.




$$
