000
CDUS43 KIND 210531
CLIIND


CLIMATE REPORT
NATIONAL WEATHER SERVICE INDIANAPOLIS IN
130 AM EDT SAT OCT 21 2017


...................................

...THE INDIANAPOLIS IN CLIMATE SUMMARY FOR OCTOBER 20 2017...

CLIMATE NORMAL PERIOD 1981 TO 2010
CLIMATE RECORD PERIOD 1871 TO 2017


WEATHER ITEM   OBSERVED TIME   RECORD YEAR NORMAL DEPARTURE LAST
                VALUE   (LST)  VALUE       VALUE  FROM      YEAR
                                                  NORMAL
..................................................................
TEMPERATURE (F)
 YESTERDAY
  MAXIMUM         76    304 PM  86    1953  64     12       57
  MINIMUM         50    728 AM  23    1972  44      6       53
  AVERAGE         63                        54      9       55

PRECIPITATION (IN)
  YESTERDAY        0.00          1.33 1983   0.10  -0.10     1.04
  MONTH TO DATE    2.10                      2.05   0.05     1.85
  SINCE SEP 1      2.76                      5.17  -2.41     6.52
  SINCE JAN 1     41.52                     34.50   7.02    41.54

SNOWFALL (IN)
  YESTERDAY        0.0           1.6  1989   0.0    0.0      0.0
  MONTH TO DATE    0.0                       0.2   -0.2      0.0
  SINCE SEP 1      0.0                       0.2   -0.2       T
  SINCE JUL 1      0.0                       0.2   -0.2       T
  SNOW DEPTH       0

DEGREE DAYS
 HEATING
  YESTERDAY        2                        12    -10       10
  MONTH TO DATE   55                       179   -124       62
  SINCE SEP 1     84                       250   -166       80
  SINCE JUL 1     84                       254   -170       82

 COOLING
  YESTERDAY        0                         0      0        0
  MONTH TO DATE   45                        13     32       43
  SINCE SEP 1    222                       141     81      256
  SINCE JAN 1   1162                      1062    100     1436
..................................................................


WIND (MPH)
  HIGHEST WIND SPEED    13   HIGHEST WIND DIRECTION     S (180)
  HIGHEST GUST SPEED    20   HIGHEST GUST DIRECTION     S (190)
  AVERAGE WIND SPEED     5.6


SKY COVER
  AVERAGE SKY COVER 0.3


WEATHER CONDITIONS
 THE FOLLOWING WEATHER WAS RECORDED YESTERDAY.
  FOG


RELATIVE HUMIDITY (PERCENT)
 HIGHEST    96           500 AM
 LOWEST     38           300 PM
 AVERAGE    67

..........................................................


THE INDIANAPOLIS IN CLIMATE NORMALS FOR TODAY
                         NORMAL    RECORD    YEAR
 MAXIMUM TEMPERATURE (F)   64        86      1953
 MINIMUM TEMPERATURE (F)   43        23      1952


SUNRISE AND SUNSET
OCTOBER 21 2017.......SUNRISE   802 AM EDT   SUNSET   657 PM EDT
OCTOBER 22 2017.......SUNRISE   803 AM EDT   SUNSET   656 PM EDT


-  INDICATES NEGATIVE NUMBERS.
R  INDICATES RECORD WAS SET OR TIED.
MM INDICATES DATA IS MISSING.
T  INDICATES TRACE AMOUNT.




$$
