000
CDUS43 KIND 040037
CLIIND


CLIMATE REPORT
NATIONAL WEATHER SERVICE INDIANAPOLIS IN
737 PM EST TUE MAR 3 2015


...................................

...THE INDIANAPOLIS IN CLIMATE SUMMARY FOR MARCH 3 2015...
VALID AS OF 0700 PM LOCAL TIME.

CLIMATE NORMAL PERIOD 1981 TO 2010
CLIMATE RECORD PERIOD 1871 TO 2015


WEATHER ITEM   OBSERVED TIME   RECORD YEAR NORMAL DEPARTURE LAST
                VALUE   (LST)  VALUE       VALUE  FROM      YEAR
                                                  NORMAL
..................................................................
TEMPERATURE (F)
 TODAY
  MAXIMUM         40    549 PM  77    1992  46     -6       18
  MINIMUM         26    423 AM  -5    1943  29     -3        7
  AVERAGE         33                        37     -4       13

PRECIPITATION (IN)
  TODAY            0.23          2.01 1953   0.09   0.14     0.00
  MONTH TO DATE    0.76                      0.28   0.48     0.29
  SINCE MAR 1      0.76                      0.28   0.48     0.29
  SINCE JAN 1      3.91                      5.26  -1.35     5.08

SNOWFALL (IN)
  TODAY            0.0           3.4  1912   0.1   -0.1      0.0
  MONTH TO DATE    5.9                       0.4    5.5      2.4
  SINCE MAR 1      5.9                       0.4    5.5      2.4
  SINCE JUL 1     25.6                      23.5    2.1     54.7
  SNOW DEPTH       8

..................................................................


WIND (MPH)
  HIGHEST WIND SPEED    22   HIGHEST WIND DIRECTION     W (250)
  HIGHEST GUST SPEED    27   HIGHEST GUST DIRECTION     W (250)
  AVERAGE WIND SPEED     9.3


SKY COVER
  AVERAGE SKY COVER 1.0


WEATHER CONDITIONS
 THE FOLLOWING WEATHER WAS RECORDED TODAY.
  RAIN
  LIGHT RAIN
  FREEZING RAIN
  LT FREEZING RAIN
  FOG
  HAZE


RELATIVE HUMIDITY (PERCENT)
 HIGHEST    92          1100 AM
 LOWEST     63          1200 AM

..........................................................


THE INDIANAPOLIS IN CLIMATE NORMALS FOR TOMORROW
                         NORMAL    RECORD    YEAR
 MAXIMUM TEMPERATURE (F)   47        78      1983
 MINIMUM TEMPERATURE (F)   29         2      1873


SUNRISE AND SUNSET
MARCH  3 2015.........SUNRISE   716 AM EST   SUNSET   639 PM EST
MARCH  4 2015.........SUNRISE   714 AM EST   SUNSET   640 PM EST


-  INDICATES NEGATIVE NUMBERS.
R  INDICATES RECORD WAS SET OR TIED.
MM INDICATES DATA IS MISSING.
T  INDICATES TRACE AMOUNT.




$$
