000
CDUS43 KIND 200031
CLIIND


CLIMATE REPORT
NATIONAL WEATHER SERVICE INDIANAPOLIS IN
731 PM EST SUN FEB 19 2017


...................................

...THE INDIANAPOLIS IN CLIMATE SUMMARY FOR FEBRUARY 19 2017...
VALID AS OF 0700 PM LOCAL TIME.

CLIMATE NORMAL PERIOD 1981 TO 2010
CLIMATE RECORD PERIOD 1871 TO 2017


WEATHER ITEM   OBSERVED TIME   RECORD YEAR NORMAL DEPARTURE LAST
                VALUE   (LST)  VALUE       VALUE  FROM      YEAR
                                                  NORMAL
..................................................................
TEMPERATURE (F)
 TODAY
  MAXIMUM         65    515 PM  69    1930  41     24       63
  MINIMUM         46    140 AM  -8    1979  25     21       39
  AVERAGE         56                        33     23       51

PRECIPITATION (IN)
  TODAY            0.00          1.21 1882   0.08  -0.08     0.00
  MONTH TO DATE    0.41                      1.55  -1.14     0.46
  SINCE DEC 1      6.28                      7.38  -1.10     7.51
  SINCE JAN 1      4.76                      4.21   0.55     1.92

SNOWFALL (IN)
  TODAY            0.0           3.4  1914   0.2   -0.2      0.0
  MONTH TO DATE    2.1                       4.8   -2.7      3.6
  SINCE DEC 1      8.7                      20.3  -11.6     10.0
  SINCE JUL 1      8.7                      21.4  -12.7     11.3
  SNOW DEPTH       0

..................................................................


WIND (MPH)
  HIGHEST WIND SPEED    16   HIGHEST WIND DIRECTION     W (250)
  HIGHEST GUST SPEED    20   HIGHEST GUST DIRECTION    SW (240)
  AVERAGE WIND SPEED     7.1


SKY COVER
  AVERAGE SKY COVER 0.6


WEATHER CONDITIONS
 THE FOLLOWING WEATHER WAS RECORDED TODAY.
  FOG
  HAZE


RELATIVE HUMIDITY (PERCENT)
 HIGHEST    93           100 AM
 LOWEST     44           500 PM

..........................................................


THE INDIANAPOLIS IN CLIMATE NORMALS FOR TOMORROW
                         NORMAL    RECORD    YEAR
 MAXIMUM TEMPERATURE (F)   42        72      2016
 MINIMUM TEMPERATURE (F)   25        -8      1885


SUNRISE AND SUNSET
FEBRUARY 19 2017......SUNRISE   732 AM EST   SUNSET   626 PM EST
FEBRUARY 20 2017......SUNRISE   731 AM EST   SUNSET   627 PM EST


-  INDICATES NEGATIVE NUMBERS.
R  INDICATES RECORD WAS SET OR TIED.
MM INDICATES DATA IS MISSING.
T  INDICATES TRACE AMOUNT.




$$
