000
CDUS43 KIND 240534
CLIIND


CLIMATE REPORT
NATIONAL WEATHER SERVICE INDIANAPOLIS IN
134 AM EDT SUN MAY 24 2015


...................................

...THE INDIANAPOLIS IN CLIMATE SUMMARY FOR MAY 23 2015...

CLIMATE NORMAL PERIOD 1981 TO 2010
CLIMATE RECORD PERIOD 1871 TO 2015


WEATHER ITEM   OBSERVED TIME   RECORD YEAR NORMAL DEPARTURE LAST
                VALUE   (LST)  VALUE       VALUE  FROM      YEAR
                                                  NORMAL
..................................................................
TEMPERATURE (F)
 YESTERDAY
  MAXIMUM         79    424 PM  92    1939  75      4       73
  MINIMUM         55    457 AM  37    1963  55      0       52
  AVERAGE         67                        65      2       63

PRECIPITATION (IN)
  YESTERDAY        0.00          3.13 1968   0.16  -0.16     0.00
  MONTH TO DATE    0.94                      3.78  -2.84     4.85
  SINCE MAR 1      8.47                     11.15  -2.68    12.62
  SINCE JAN 1     11.62                     16.13  -4.51    17.41

SNOWFALL (IN)
  YESTERDAY        0.0           0.0    MM   0.0    0.0      0.0
  MONTH TO DATE    0.0                       0.0    0.0       T
  SINCE MAR 1      5.9                       2.8    3.1      3.4
  SINCE JUL 1     25.6                      25.9   -0.3     55.7
  SNOW DEPTH       0

DEGREE DAYS
 HEATING
  YESTERDAY        0                         3     -3        2
  MONTH TO DATE   75                       121    -46      151
  SINCE MAR 1   1178                      1200    -22     1407
  SINCE JUL 1   5904                      5343    561     6204

 COOLING
  YESTERDAY        2                         3     -1        0
  MONTH TO DATE   85                        40     45       43
  SINCE MAR 1     91                        55     36       47
  SINCE JAN 1     91                        55     36       47
..................................................................


WIND (MPH)
  HIGHEST WIND SPEED    16   HIGHEST WIND DIRECTION     S (160)
  HIGHEST GUST SPEED    24   HIGHEST GUST DIRECTION    SE (150)
  AVERAGE WIND SPEED     7.6


SKY COVER
  AVERAGE SKY COVER 0.6


WEATHER CONDITIONS
 THE FOLLOWING WEATHER WAS RECORDED YESTERDAY.
  NO SIGNIFICANT WEATHER WAS OBSERVED.


RELATIVE HUMIDITY (PERCENT)
 HIGHEST    66           500 AM
 LOWEST     28           500 PM
 AVERAGE    47

..........................................................


THE INDIANAPOLIS IN CLIMATE NORMALS FOR TODAY
                         NORMAL    RECORD    YEAR
 MAXIMUM TEMPERATURE (F)   75        90      1965
                                             1921
 MINIMUM TEMPERATURE (F)   55        37      1925


SUNRISE AND SUNSET
MAY 24 2015...........SUNRISE   624 AM EDT   SUNSET   901 PM EDT
MAY 25 2015...........SUNRISE   623 AM EDT   SUNSET   902 PM EDT


-  INDICATES NEGATIVE NUMBERS.
R  INDICATES RECORD WAS SET OR TIED.
MM INDICATES DATA IS MISSING.
T  INDICATES TRACE AMOUNT.




$$
