000
CDUS43 KIND 240550
CLIIND


CLIMATE REPORT
NATIONAL WEATHER SERVICE INDIANAPOLIS IN
1249 AM EST SAT FEB 24 2018


...................................

...THE INDIANAPOLIS IN CLIMATE SUMMARY FOR FEBRUARY 23 2018...

CLIMATE NORMAL PERIOD 1981 TO 2010
CLIMATE RECORD PERIOD 1871 TO 2018


WEATHER ITEM   OBSERVED TIME   RECORD YEAR NORMAL DEPARTURE LAST
                VALUE   (LST)  VALUE       VALUE  FROM      YEAR
                                                  NORMAL
..................................................................
TEMPERATURE (F)
 YESTERDAY
  MAXIMUM         56    946 AM  71    2000  43     13       70
  MINIMUM         44   1159 PM  -1    1889  26     18       51
  AVERAGE         50                        34     16       61

PRECIPITATION (IN)
  YESTERDAY        0.04          1.10 1909   0.09  -0.05     0.00
  MONTH TO DATE    2.92                      1.88   1.04     0.41
  SINCE DEC 1      6.04                      7.71  -1.67     6.28
  SINCE JAN 1      4.92                      4.54   0.38     4.76

SNOWFALL (IN)
  YESTERDAY        0.0           7.3  1914   0.2   -0.2      0.0
  MONTH TO DATE    1.4                       5.6   -4.2      2.1
  SINCE DEC 1      9.0                      21.1  -12.1      8.7
  SINCE JUL 1      9.0                      22.2  -13.2      8.7
  SNOW DEPTH       0

DEGREE DAYS
 HEATING
  YESTERDAY       15                        31    -16        4
  MONTH TO DATE  680                       775    -95      502
  SINCE DEC 1   2980                      2954     26     2494
  SINCE JUL 1   3884                      3996   -112     3187

 COOLING
  YESTERDAY        0                         0      0        0
  MONTH TO DATE    5                         0      5        0
  SINCE DEC 1      5                         0      5        0
  SINCE JAN 1      5                         0      5        0
..................................................................


WIND (MPH)
  HIGHEST WIND SPEED    22   HIGHEST WIND DIRECTION     W (280)
  HIGHEST GUST SPEED    26   HIGHEST GUST DIRECTION     W (280)
  AVERAGE WIND SPEED    10.8


SKY COVER
  AVERAGE SKY COVER 1.0


WEATHER CONDITIONS
 THE FOLLOWING WEATHER WAS RECORDED YESTERDAY.
  LIGHT RAIN
  FOG


RELATIVE HUMIDITY (PERCENT)
 HIGHEST   100          1200 AM
 LOWEST     77           500 PM
 AVERAGE    89

..........................................................


THE INDIANAPOLIS IN CLIMATE NORMALS FOR TODAY
                         NORMAL    RECORD    YEAR
 MAXIMUM TEMPERATURE (F)   43        74      2017
 MINIMUM TEMPERATURE (F)   26        -6      2015


SUNRISE AND SUNSET
FEBRUARY 24 2018......SUNRISE   725 AM EST   SUNSET   632 PM EST
FEBRUARY 25 2018......SUNRISE   724 AM EST   SUNSET   633 PM EST


-  INDICATES NEGATIVE NUMBERS.
R  INDICATES RECORD WAS SET OR TIED.
MM INDICATES DATA IS MISSING.
T  INDICATES TRACE AMOUNT.




$$
