000
CDUS43 KDLH 240628
CLIINL


CLIMATE REPORT
NATIONAL WEATHER SERVICE DULUTH MN
125 AM CDT FRI MAR 24 2017


...................................

...THE INTERNATIONAL FALLS MN CLIMATE SUMMARY FOR MARCH 23 2017...

CLIMATE NORMAL PERIOD 1981 TO 2010
CLIMATE RECORD PERIOD 1895 TO 2017


WEATHER ITEM   OBSERVED TIME   RECORD YEAR NORMAL DEPARTURE LAST
                VALUE   (LST)  VALUE       VALUE  FROM      YEAR
                                                  NORMAL
..................................................................
TEMPERATURE (F)
 YESTERDAY
  MAXIMUM         40   1238 PM  66    2003  38      2       33
  MINIMUM         28   1249 AM -26    2014  16     12       14
  AVERAGE         34                        27      7       24

PRECIPITATION (IN)
  YESTERDAY        0.23          1.21 2009   0.04   0.19     0.00
  MONTH TO DATE    0.68                      0.65   0.03     2.45
  SINCE MAR 1      0.68                      0.65   0.03     2.45
  SINCE JAN 1      3.43                      1.84   1.59     3.82

SNOWFALL (IN)
  YESTERDAY        0.3           4.1  1991   0.3    0.0      0.0
  MONTH TO DATE    4.5                       5.9   -1.4      8.7
  SINCE MAR 1      4.5                       5.9   -1.4      8.7
  SINCE JUL 1     67.8                      62.7    5.1     42.2
  SNOW DEPTH       5

DEGREE DAYS
 HEATING
  YESTERDAY       31                        38     -7       41
  MONTH TO DATE 1056                       996     60      857
  SINCE MAR 1   1056                       996     60      857
  SINCE JUL 1   7530                      8579  -1049     7389

 COOLING
  YESTERDAY        0                         0      0        0
  MONTH TO DATE    0                         0      0        0
  SINCE MAR 1      0                         0      0        0
  SINCE JAN 1      0                         0      0        0
..................................................................


WIND (MPH)
  HIGHEST WIND SPEED    17   HIGHEST WIND DIRECTION    SW (210)
  HIGHEST GUST SPEED    24   HIGHEST GUST DIRECTION     S (200)
  AVERAGE WIND SPEED     6.5


SKY COVER
  AVERAGE SKY COVER 0.7


WEATHER CONDITIONS
 THE FOLLOWING WEATHER WAS RECORDED YESTERDAY.
  LIGHT RAIN
  LIGHT SNOW
  SLEET
  FOG


RELATIVE HUMIDITY (PERCENT)
 HIGHEST    96          1100 PM
 LOWEST     50          1100 AM
 AVERAGE    73

..........................................................


THE INTERNATIONAL FALLS MN CLIMATE NORMALS FOR TODAY
                         NORMAL    RECORD    YEAR
 MAXIMUM TEMPERATURE (F)   39        63      1921
 MINIMUM TEMPERATURE (F)   17       -29      1974


SUNRISE AND SUNSET
MARCH 24 2017.........SUNRISE   708 AM CDT   SUNSET   733 PM CDT
MARCH 25 2017.........SUNRISE   705 AM CDT   SUNSET   734 PM CDT


-  INDICATES NEGATIVE NUMBERS.
R  INDICATES RECORD WAS SET OR TIED.
MM INDICATES DATA IS MISSING.
T  INDICATES TRACE AMOUNT.




$$
