000
CDUS43 KDLH 250633
CLIINL


CLIMATE REPORT
NATIONAL WEATHER SERVICE DULUTH MN
132 AM CDT TUE JUL 25 2017


...................................

...THE INTERNATIONAL FALLS MN CLIMATE SUMMARY FOR JULY 24 2017...

CLIMATE NORMAL PERIOD 1981 TO 2010
CLIMATE RECORD PERIOD 1895 TO 2017


WEATHER ITEM   OBSERVED TIME   RECORD YEAR NORMAL DEPARTURE LAST
                VALUE   (LST)  VALUE       VALUE  FROM      YEAR
                                                  NORMAL
..................................................................
TEMPERATURE (F)
 YESTERDAY
  MAXIMUM         79    413 PM  97    1918  78      1       78
  MINIMUM         49   1236 AM  36    2004  53     -4       60
  AVERAGE         64                        66     -2       69

PRECIPITATION (IN)
  YESTERDAY        0.00          1.50 1960   0.10  -0.10      T
  MONTH TO DATE    2.21                      3.00  -0.79     2.42
  SINCE JUN 1      6.00                      6.92  -0.92     9.34
  SINCE JAN 1     12.62                     13.45  -0.83    17.14

SNOWFALL (IN)
  YESTERDAY        0.0           0.0  2002   0.0    0.0      0.0
                                      2001
  MONTH TO DATE    0.0                       0.0    0.0      0.0
  SINCE JUN 1      0.0                       0.0    0.0      0.0
  SINCE JUL 1      0.0                       0.0    0.0      0.0
  SNOW DEPTH       0

DEGREE DAYS
 HEATING
  YESTERDAY        1                         2     -1        0
  MONTH TO DATE   67                        55     12       40
  SINCE JUN 1    191                       219    -28      207
  SINCE JUL 1     67                        55     12       40

 COOLING
  YESTERDAY        0                         2     -2        4
  MONTH TO DATE   26                        59    -33       59
  SINCE JUN 1     38                        97    -59       78
  SINCE JAN 1     38                       106    -68       80
..................................................................


WIND (MPH)
  HIGHEST WIND SPEED    12   HIGHEST WIND DIRECTION     S (200)
  HIGHEST GUST SPEED    18   HIGHEST GUST DIRECTION    SE (150)
  AVERAGE WIND SPEED     5.1


SKY COVER
  AVERAGE SKY COVER 0.0


WEATHER CONDITIONS
 THE FOLLOWING WEATHER WAS RECORDED YESTERDAY.
  FOG


RELATIVE HUMIDITY (PERCENT)
 HIGHEST    93          1200 AM
 LOWEST     39           200 PM
 AVERAGE    66

..........................................................


THE INTERNATIONAL FALLS MN CLIMATE NORMALS FOR TODAY
                         NORMAL    RECORD    YEAR
 MAXIMUM TEMPERATURE (F)   78        92      1949
 MINIMUM TEMPERATURE (F)   53        39      1911


SUNRISE AND SUNSET
JULY 25 2017..........SUNRISE   539 AM CDT   SUNSET   900 PM CDT
JULY 26 2017..........SUNRISE   541 AM CDT   SUNSET   859 PM CDT


-  INDICATES NEGATIVE NUMBERS.
R  INDICATES RECORD WAS SET OR TIED.
MM INDICATES DATA IS MISSING.
T  INDICATES TRACE AMOUNT.




$$
