000
CDUS45 KFGZ 140746
CLIINW
CLIMATE REPORT
NATIONAL WEATHER SERVICE FLAGSTAFF, AZ
1244 AM MST SUN FEB 14 2016


...................................

...THE WINSLOW AZ AIRPORT CLIMATE SUMMARY FOR FEBRUARY 13 2016...

CLIMATE NORMAL PERIOD 1981 TO 2010
CLIMATE RECORD PERIOD 1915 TO 2016


WEATHER ITEM   OBSERVED TIME   RECORD YEAR NORMAL DEPARTURE LAST
                VALUE   (LST)  VALUE       VALUE  FROM      YEAR
                                                  NORMAL
..................................................................
TEMPERATURE (F)
 YESTERDAY
  MAXIMUM         73    358 PM  75    2014  55     18       66
  MINIMUM         21    634 AM   4    1949  24     -3       26
  AVERAGE         47                        40      7       46

PRECIPITATION (IN)
  YESTERDAY        0.00          0.41 1931   0.02  -0.02     0.00
  MONTH TO DATE    0.22                      0.22   0.00     0.00
  SINCE SEP 1      4.59                      3.22   1.37     4.48
  SINCE JAN 1      0.57                      0.74  -0.17     1.63

DEGREE DAYS
 HEATING
  YESTERDAY       18                        25     -7       19
  MONTH TO DATE  378                       343     35      222
  SINCE JUL 1   3066                      3146    -80     2659

 COOLING
  YESTERDAY        0                         0      0        0
  MONTH TO DATE    0                         0      0        0
  SINCE JAN 1      0                         0      0        0
..................................................................


WIND (MPH)
  HIGHEST WIND SPEED    13   HIGHEST WIND DIRECTION     N (350)
  HIGHEST GUST SPEED    16   HIGHEST GUST DIRECTION     N (350)
  AVERAGE WIND SPEED     4.3


SKY COVER
  POSSIBLE SUNSHINE  MM
  AVERAGE SKY COVER 0.0


WEATHER CONDITIONS
 THE FOLLOWING WEATHER WAS RECORDED YESTERDAY.
  NO SIGNIFICANT WEATHER WAS OBSERVED.


RELATIVE HUMIDITY (PERCENT)
 HIGHEST    81           700 AM
 LOWEST     10           400 PM
 AVERAGE    46

..........................................................


THE WINSLOW AZ AIRPORT CLIMATE NORMALS FOR TODAY
                         NORMAL    RECORD    YEAR
 MAXIMUM TEMPERATURE (F)   56        78      1957
 MINIMUM TEMPERATURE (F)   25        -5      1949


SUNRISE AND SUNSET
FEBRUARY 14 2016......SUNRISE   710 AM MST   SUNSET   604 PM MST
FEBRUARY 15 2016......SUNRISE   709 AM MST   SUNSET   605 PM MST


-  INDICATES NEGATIVE NUMBERS.
R  INDICATES RECORD WAS SET OR TIED.
MM INDICATES DATA IS MISSING.
T  INDICATES TRACE AMOUNT.




$$
