000
CDUS45 KFGZ 030841
CLIINW
CLIMATE REPORT
NATIONAL WEATHER SERVICE FLAGSTAFF, AZ
127 AM MST FRI JUL 3 2015


...................................

...THE WINSLOW AZ AIRPORT CLIMATE SUMMARY FOR JULY 2 2015...

CLIMATE NORMAL PERIOD 1981 TO 2010
CLIMATE RECORD PERIOD 1915 TO 2015


WEATHER ITEM   OBSERVED TIME   RECORD YEAR NORMAL DEPARTURE LAST
                VALUE   (LST)  VALUE       VALUE  FROM      YEAR
                                                  NORMAL
..................................................................
TEMPERATURE (F)
 YESTERDAY
  MAXIMUM         96    427 PM 105    1969  95      1      100
  MINIMUM         64    555 AM  44    2004  59      5       60
  AVERAGE         80                        77      3       80

PRECIPITATION (IN)
  YESTERDAY        0.00          0.28 2013   0.02  -0.02     0.00
  MONTH TO DATE    0.04                      0.04   0.00     0.00
  SINCE SEP 1      7.20                      4.81   2.39     4.99
  SINCE JAN 1      4.35                      2.33   2.02     1.18

DEGREE DAYS
 HEATING
  YESTERDAY        0                         0      0        0
  MONTH TO DATE    0                         0      0        0
  SINCE JUL 1      0                         0      0        0

 COOLING
  YESTERDAY       15                        12      3       15
  MONTH TO DATE   33                        24      9       32
  SINCE JAN 1    386                       332     54      369
..................................................................


WIND (MPH)
  HIGHEST WIND SPEED    18   HIGHEST WIND DIRECTION     W (250)
  HIGHEST GUST SPEED    25   HIGHEST GUST DIRECTION     W (250)
  AVERAGE WIND SPEED     5.3


SKY COVER
  POSSIBLE SUNSHINE  MM
  AVERAGE SKY COVER 0.0


WEATHER CONDITIONS
 THE FOLLOWING WEATHER WAS RECORDED YESTERDAY.
  THUNDERSTORM


RELATIVE HUMIDITY (PERCENT)
 HIGHEST    87           300 AM
 LOWEST     21           400 PM
 AVERAGE    54

..........................................................


THE WINSLOW AZ AIRPORT CLIMATE NORMALS FOR TODAY
                         NORMAL    RECORD    YEAR
 MAXIMUM TEMPERATURE (F)   95       104      2007
 MINIMUM TEMPERATURE (F)   60        49      1916


SUNRISE AND SUNSET
JULY  3 2015..........SUNRISE   513 AM MST   SUNSET   741 PM MST
JULY  4 2015..........SUNRISE   514 AM MST   SUNSET   741 PM MST


-  INDICATES NEGATIVE NUMBERS.
R  INDICATES RECORD WAS SET OR TIED.
MM INDICATES DATA IS MISSING.
T  INDICATES TRACE AMOUNT.




$$
