772
CDUS45 KFGZ 270805
CLIINW
CLIMATE REPORT
NATIONAL WEATHER SERVICE FLAGSTAFF, AZ
104 AM MST TUE SEP 27 2016


...................................

...THE WINSLOW AZ AIRPORT CLIMATE SUMMARY FOR SEPTEMBER 26 2016...

CLIMATE NORMAL PERIOD 1981 TO 2010
CLIMATE RECORD PERIOD 1915 TO 2016


WEATHER ITEM   OBSERVED TIME   RECORD YEAR NORMAL DEPARTURE LAST
                VALUE   (LST)  VALUE       VALUE  FROM      YEAR
                                                  NORMAL
..................................................................
TEMPERATURE (F)
 YESTERDAY
  MAXIMUM         81    304 PM  92    1956  82     -1       90
  MINIMUM         48    522 AM  31    1970  48      0       53
  AVERAGE         65                        65      0       72

PRECIPITATION (IN)
  YESTERDAY        0.00          0.86 1984   0.02  -0.02     0.00
  MONTH TO DATE    0.25                      0.79  -0.54     1.29
  SINCE SEP 1      0.25                      0.79  -0.54     1.29
  SINCE JAN 1      3.87                      5.32  -1.45    10.19

DEGREE DAYS
 HEATING
  YESTERDAY        0                         2     -2        0
  MONTH TO DATE   21                        17      4        0
  SINCE JUL 1     21                        17      4        0

 COOLING
  YESTERDAY        0                         2     -2        7
  MONTH TO DATE  123                       137    -14      159
  SINCE JAN 1   1269                      1195     74     1268
..................................................................


WIND (MPH)
  HIGHEST WIND SPEED    23   HIGHEST WIND DIRECTION     E (70)
  HIGHEST GUST SPEED    29   HIGHEST GUST DIRECTION     E (80)
  AVERAGE WIND SPEED     7.4


SKY COVER
  POSSIBLE SUNSHINE  MM
  AVERAGE SKY COVER 0.0


WEATHER CONDITIONS
 THE FOLLOWING WEATHER WAS RECORDED YESTERDAY.
  NO SIGNIFICANT WEATHER WAS OBSERVED.


RELATIVE HUMIDITY (PERCENT)
 HIGHEST    46           500 AM
 LOWEST     13           400 PM
 AVERAGE    30

..........................................................


THE WINSLOW AZ AIRPORT CLIMATE NORMALS FOR TODAY
                         NORMAL    RECORD    YEAR
 MAXIMUM TEMPERATURE (F)   81        92      2003
 MINIMUM TEMPERATURE (F)   48        29      1924


SUNRISE AND SUNSET
SEPTEMBER 27 2016.....SUNRISE   615 AM MST   SUNSET   612 PM MST
SEPTEMBER 28 2016.....SUNRISE   616 AM MST   SUNSET   610 PM MST


-  INDICATES NEGATIVE NUMBERS.
R  INDICATES RECORD WAS SET OR TIED.
MM INDICATES DATA IS MISSING.
T  INDICATES TRACE AMOUNT.




$$
