000
CDUS45 KFGZ 210845
CLIINW
CLIMATE REPORT
NATIONAL WEATHER SERVICE FLAGSTAFF, AZ
144 AM MST SAT JAN 21 2017


...................................

...THE WINSLOW AZ AIRPORT CLIMATE SUMMARY FOR JANUARY 20 2017...

CLIMATE NORMAL PERIOD 1981 TO 2010
CLIMATE RECORD PERIOD 1915 TO 2017


WEATHER ITEM   OBSERVED TIME   RECORD YEAR NORMAL DEPARTURE LAST
                VALUE   (LST)  VALUE       VALUE  FROM      YEAR
                                                  NORMAL
..................................................................
TEMPERATURE (F)
 YESTERDAY
  MAXIMUM         47    319 PM  75    1971  50     -3       60
  MINIMUM         31   1202 AM  -8    1968  21     10       25
  AVERAGE         39                        36      3       43

PRECIPITATION (IN)
  YESTERDAY        0.01          0.42 1965   0.01   0.00     0.00
  MONTH TO DATE    0.64                      0.34   0.30     0.19
  SINCE SEP 1      3.72                      2.82   0.90     4.21
  SINCE JAN 1      0.64                      0.34   0.30     0.19

DEGREE DAYS
 HEATING
  YESTERDAY       26                        29     -3       22
  MONTH TO DATE  447                       610   -163      618
  SINCE JUL 1   1946                      2488   -542     2399

 COOLING
  YESTERDAY        0                         0      0        0
  MONTH TO DATE    0                         0      0        0
  SINCE JAN 1      0                         0      0        0
..................................................................


WIND (MPH)
  HIGHEST WIND SPEED    26   HIGHEST WIND DIRECTION    SW (210)
  HIGHEST GUST SPEED    35   HIGHEST GUST DIRECTION    SW (210)
  AVERAGE WIND SPEED    10.5


SKY COVER
  POSSIBLE SUNSHINE  MM
  AVERAGE SKY COVER 0.7


WEATHER CONDITIONS
 THE FOLLOWING WEATHER WAS RECORDED YESTERDAY.
  LIGHT RAIN


RELATIVE HUMIDITY (PERCENT)
 HIGHEST   100          1200 AM
 LOWEST     49           400 PM
 AVERAGE    75

..........................................................


THE WINSLOW AZ AIRPORT CLIMATE NORMALS FOR TODAY
                         NORMAL    RECORD    YEAR
 MAXIMUM TEMPERATURE (F)   50        67      1971
 MINIMUM TEMPERATURE (F)   21        -6      1968


SUNRISE AND SUNSET
JANUARY 21 2017.......SUNRISE   728 AM MST   SUNSET   541 PM MST
JANUARY 22 2017.......SUNRISE   728 AM MST   SUNSET   542 PM MST


-  INDICATES NEGATIVE NUMBERS.
R  INDICATES RECORD WAS SET OR TIED.
MM INDICATES DATA IS MISSING.
T  INDICATES TRACE AMOUNT.




$$
