000
CDUS45 KFGZ 220826
CLIINW
CLIMATE REPORT
NATIONAL WEATHER SERVICE FLAGSTAFF, AZ
125 AM MST TUE JUL 22 2014


...................................

...THE WINSLOW AZ AIRPORT CLIMATE SUMMARY FOR JULY 21 2014...

CLIMATE NORMAL PERIOD 1981 TO 2010
CLIMATE RECORD PERIOD 1898 TO 2014


WEATHER ITEM   OBSERVED TIME   RECORD YEAR NORMAL DEPARTURE LAST
                VALUE   (LST)  VALUE       VALUE  FROM      YEAR
                                                  NORMAL
..................................................................
TEMPERATURE (F)
 YESTERDAY
  MAXIMUM         97    431 PM 104    2005  94      3       90
  MINIMUM         60    600 AM  49    1924  63     -3       67
  AVERAGE         79                        79      0       79

PRECIPITATION (IN)
  YESTERDAY        0.00          0.98 1917   0.04  -0.04     0.00
  MONTH TO DATE    0.29                      0.62  -0.33     1.14
  SINCE SEP 1      5.28                      5.39  -0.11     4.20
  SINCE JAN 1      1.47                      2.91  -1.44     2.93

DEGREE DAYS
 HEATING
  YESTERDAY        0                         0      0        0
  MONTH TO DATE    0                         0      0        0
  SINCE JUL 1      0                         0      0        0

 COOLING
  YESTERDAY       14                        14      0       14
  MONTH TO DATE  315                       279     36      331
  SINCE JAN 1    652                       587     65      758
..................................................................


WIND (MPH)
  HIGHEST WIND SPEED    20   HIGHEST WIND DIRECTION    SW (220)
  HIGHEST GUST SPEED    24   HIGHEST GUST DIRECTION    SW (220)
  AVERAGE WIND SPEED     8.2


SKY COVER
  POSSIBLE SUNSHINE  MM
  AVERAGE SKY COVER 0.0


WEATHER CONDITIONS
 THE FOLLOWING WEATHER WAS RECORDED YESTERDAY.
  HAZE


RELATIVE HUMIDITY (PERCENT)
 HIGHEST    46           600 AM
 LOWEST     11           300 PM
 AVERAGE    29

..........................................................


THE WINSLOW AZ AIRPORT CLIMATE NORMALS FOR TODAY
                         NORMAL    RECORD    YEAR
 MAXIMUM TEMPERATURE (F)   94       104      1996
 MINIMUM TEMPERATURE (F)   63        50      1973
                                             1924


SUNRISE AND SUNSET
JULY 22 2014..........SUNRISE   525 AM MST   SUNSET   733 PM MST
JULY 23 2014..........SUNRISE   526 AM MST   SUNSET   733 PM MST


-  INDICATES NEGATIVE NUMBERS.
R  INDICATES RECORD WAS SET OR TIED.
MM INDICATES DATA IS MISSING.
T  INDICATES TRACE AMOUNT.




$$
