000
CDUS45 KFGZ 180739
CLIINW
CLIMATE REPORT
NATIONAL WEATHER SERVICE FLAGSTAFF, AZ
1237 AM MST THU DEC 18 2014


...................................

...THE WINSLOW AZ AIRPORT CLIMATE SUMMARY FOR DECEMBER 17 2014...

CLIMATE NORMAL PERIOD 1981 TO 2010
CLIMATE RECORD PERIOD 1915 TO 2014


WEATHER ITEM   OBSERVED TIME   RECORD YEAR NORMAL DEPARTURE LAST
                VALUE   (LST)  VALUE       VALUE  FROM      YEAR
                                                  NORMAL
..................................................................
TEMPERATURE (F)
 YESTERDAY
  MAXIMUM         46    333 PM  67    1982  48     -2       51
  MINIMUM         34   1159 PM  -5    1931  20     14       18
  AVERAGE         40                        34      6       35

PRECIPITATION (IN)
  YESTERDAY        0.07          0.31 1995   0.02   0.05     0.00
  MONTH TO DATE    1.03                      0.31   0.72     0.05
  SINCE SEP 1      2.76                      2.23   0.53     3.81
  SINCE JAN 1      6.94                      6.76   0.18     9.51

DEGREE DAYS
 HEATING
  YESTERDAY       25                        31     -6       30
  MONTH TO DATE  396                       502   -106      567
  SINCE JUL 1   1148                      1438   -290     1539

 COOLING
  YESTERDAY        0                         0      0        0
  MONTH TO DATE    0                         0      0        0
  SINCE JAN 1   1327                      1208    119     1380
..................................................................


WIND (MPH)
  HIGHEST WIND SPEED    20   HIGHEST WIND DIRECTION    SW (230)
  HIGHEST GUST SPEED    24   HIGHEST GUST DIRECTION    SW (230)
  AVERAGE WIND SPEED     5.5


SKY COVER
  POSSIBLE SUNSHINE  MM
  AVERAGE SKY COVER 0.9


WEATHER CONDITIONS
 THE FOLLOWING WEATHER WAS RECORDED YESTERDAY.
  LIGHT RAIN


RELATIVE HUMIDITY (PERCENT)
 HIGHEST    96          1000 PM
 LOWEST     58           200 AM
 AVERAGE    77

..........................................................


THE WINSLOW AZ AIRPORT CLIMATE NORMALS FOR TODAY
                         NORMAL    RECORD    YEAR
 MAXIMUM TEMPERATURE (F)   48        66      1980
 MINIMUM TEMPERATURE (F)   20        -4      1968
                                             1967


SUNRISE AND SUNSET
DECEMBER 18 2014......SUNRISE   725 AM MST   SUNSET   514 PM MST
DECEMBER 19 2014......SUNRISE   726 AM MST   SUNSET   514 PM MST


-  INDICATES NEGATIVE NUMBERS.
R  INDICATES RECORD WAS SET OR TIED.
MM INDICATES DATA IS MISSING.
T  INDICATES TRACE AMOUNT.




$$
