000
CDUS45 KFGZ 290810
CLIINW
CLIMATE REPORT
NATIONAL WEATHER SERVICE FLAGSTAFF, AZ
1259 AM MST SUN MAY 29 2016


...................................

...THE WINSLOW AZ AIRPORT CLIMATE SUMMARY FOR MAY 28 2016...

CLIMATE NORMAL PERIOD 1981 TO 2010
CLIMATE RECORD PERIOD 1915 TO 2016


WEATHER ITEM   OBSERVED TIME   RECORD YEAR NORMAL DEPARTURE LAST
                VALUE   (LST)  VALUE       VALUE  FROM      YEAR
                                                  NORMAL
..................................................................
TEMPERATURE (F)
 YESTERDAY
  MAXIMUM         84    504 PM 100    1958  86     -2       87
  MINIMUM         43    541 AM  35    1929  48     -5       41
  AVERAGE         64                        67     -3       64

PRECIPITATION (IN)
  YESTERDAY        0.00          0.42 1981   0.01  -0.01     0.00
  MONTH TO DATE    0.43                      0.30   0.13     0.82
  SINCE SEP 1      5.62                      4.56   1.06     6.26
  SINCE JAN 1      1.60                      2.08  -0.48     3.41

DEGREE DAYS
 HEATING
  YESTERDAY        1                         2     -1        1
  MONTH TO DATE  134                       104     30      154
  SINCE JUL 1   4253                      4483   -230     3828

 COOLING
  YESTERDAY        0                         4     -4        0
  MONTH TO DATE   15                        52    -37        3
  SINCE JAN 1     15                        56    -41        3
..................................................................


WIND (MPH)
  HIGHEST WIND SPEED    20   HIGHEST WIND DIRECTION    SE (130)
  HIGHEST GUST SPEED    24   HIGHEST GUST DIRECTION    SE (150)
  AVERAGE WIND SPEED     6.9


SKY COVER
  POSSIBLE SUNSHINE  MM
  AVERAGE SKY COVER 0.1


WEATHER CONDITIONS
 THE FOLLOWING WEATHER WAS RECORDED YESTERDAY.
  NO SIGNIFICANT WEATHER WAS OBSERVED.


RELATIVE HUMIDITY (PERCENT)
 HIGHEST    45           400 AM
 LOWEST      8           300 PM
 AVERAGE    27

..........................................................


THE WINSLOW AZ AIRPORT CLIMATE NORMALS FOR TODAY
                         NORMAL    RECORD    YEAR
 MAXIMUM TEMPERATURE (F)   86       100      2000
 MINIMUM TEMPERATURE (F)   49        32      1929


SUNRISE AND SUNSET
MAY 29 2016...........SUNRISE   511 AM MST   SUNSET   730 PM MST
MAY 30 2016...........SUNRISE   511 AM MST   SUNSET   731 PM MST


-  INDICATES NEGATIVE NUMBERS.
R  INDICATES RECORD WAS SET OR TIED.
MM INDICATES DATA IS MISSING.
T  INDICATES TRACE AMOUNT.




$$
