000
CDUS45 KFGZ 211001
CLIINW
CLIMATE REPORT
NATIONAL WEATHER SERVICE FLAGSTAFF, AZ
300 AM MST FRI NOV 21 2014


...................................

...THE WINSLOW AZ AIRPORT CLIMATE SUMMARY FOR NOVEMBER 20 2014...

CLIMATE NORMAL PERIOD 1981 TO 2010
CLIMATE RECORD PERIOD 1898 TO 2014


WEATHER ITEM   OBSERVED TIME   RECORD YEAR NORMAL DEPARTURE LAST
                VALUE   (LST)  VALUE       VALUE  FROM      YEAR
                                                  NORMAL
..................................................................
TEMPERATURE (F)
 YESTERDAY
  MAXIMUM         63    333 PM  75    1920  58      5       55
  MINIMUM         19    650 AM  10    1956  26     -7       39
  AVERAGE         41                        42     -1       47

PRECIPITATION (IN)
  YESTERDAY        0.00          0.75 1919   0.02  -0.02     0.04
  MONTH TO DATE    T                         0.34  -0.34     0.04
  SINCE SEP 1      1.73                      1.75  -0.02     1.26
  SINCE JAN 1      5.91                      6.28  -0.37     6.96

DEGREE DAYS
 HEATING
  YESTERDAY       24                        23      1       18
  MONTH TO DATE  359                       378    -19      349
  SINCE JUL 1    517                       684   -167      762

 COOLING
  YESTERDAY        0                         0      0        0
  MONTH TO DATE    0                         0      0        0
  SINCE JAN 1   1327                      1208    119     1380
..................................................................


WIND (MPH)
  HIGHEST WIND SPEED    13   HIGHEST WIND DIRECTION    SW (220)
  HIGHEST GUST SPEED    16   HIGHEST GUST DIRECTION    SW (220)
  AVERAGE WIND SPEED     3.6


SKY COVER
  POSSIBLE SUNSHINE  MM
  AVERAGE SKY COVER 0.2


WEATHER CONDITIONS
 THE FOLLOWING WEATHER WAS RECORDED YESTERDAY.
  NO SIGNIFICANT WEATHER WAS OBSERVED.


RELATIVE HUMIDITY (PERCENT)
 HIGHEST    49           700 AM
 LOWEST     11           200 PM
 AVERAGE    30

..........................................................


THE WINSLOW AZ AIRPORT CLIMATE NORMALS FOR TODAY
                         NORMAL    RECORD    YEAR
 MAXIMUM TEMPERATURE (F)   57        74      1927
 MINIMUM TEMPERATURE (F)   26         7      1956


SUNRISE AND SUNSET
NOVEMBER 21 2014......SUNRISE   703 AM MST   SUNSET   514 PM MST
NOVEMBER 22 2014......SUNRISE   704 AM MST   SUNSET   514 PM MST


-  INDICATES NEGATIVE NUMBERS.
R  INDICATES RECORD WAS SET OR TIED.
MM INDICATES DATA IS MISSING.
T  INDICATES TRACE AMOUNT.




$$
