000
CDUS45 KFGZ 230054
CLIINW
CLIMATE REPORT
NATIONAL WEATHER SERVICE FLAGSTAFF, AZ
554 PM MST MON DEC 22 2014


...................................

...THE WINSLOW AZ AIRPORT CLIMATE SUMMARY FOR DECEMBER 22 2014...
VALID TODAY AS OF 0500 PM LOCAL TIME.

CLIMATE NORMAL PERIOD 1981 TO 2010
CLIMATE RECORD PERIOD 1915 TO 2014


WEATHER ITEM   OBSERVED TIME   RECORD YEAR NORMAL DEPARTURE LAST
                VALUE   (LST)  VALUE       VALUE  FROM      YEAR
                                                  NORMAL
..................................................................
TEMPERATURE (F)
 TODAY
  MAXIMUM         65    205 PM  67    2000  47     18       47
  MINIMUM         28    705 AM -12    1967  20      8       22
  AVERAGE         47                        34     13       35

PRECIPITATION (IN)
  TODAY            0.00          0.60 1918   0.02  -0.02     0.00
  MONTH TO DATE    1.03                      0.40   0.63     0.05
  SINCE SEP 1      2.76                      2.32   0.44     3.81
  SINCE JAN 1      6.94                      6.85   0.09     9.51

DEGREE DAYS
 HEATING
  TODAY           18                        31    -13       30
  MONTH TO DATE  532                       657   -125      705
  SINCE JUL 1   1284                      1593   -309     1677

 COOLING
  TODAY            0                         0      0        0
  MONTH TO DATE    0                         0      0        0
  SINCE JAN 1   1327                      1208    119     1380
..................................................................


WIND (MPH)
  HIGHEST WIND SPEED    26   HIGHEST WIND DIRECTION    NW (300)
  HIGHEST GUST SPEED    35   HIGHEST GUST DIRECTION    NW (300)
  AVERAGE WIND SPEED     6.4


SKY COVER
  POSSIBLE SUNSHINE  MM
  AVERAGE SKY COVER 0.0


WEATHER CONDITIONS
 THE FOLLOWING WEATHER WAS RECORDED TODAY.
  NO SIGNIFICANT WEATHER WAS OBSERVED.


RELATIVE HUMIDITY (PERCENT)
 HIGHEST   100           600 AM
 LOWEST     28           200 PM
 AVERAGE    64

..........................................................


THE WINSLOW AZ AIRPORT CLIMATE NORMALS FOR TOMORROW
                         NORMAL    RECORD    YEAR
 MAXIMUM TEMPERATURE (F)   47        68      1955
 MINIMUM TEMPERATURE (F)   20       -11      1990
                                             1967


SUNRISE AND SUNSET
DECEMBER 22 2014......SUNRISE   728 AM MST   SUNSET   516 PM MST
DECEMBER 23 2014......SUNRISE   728 AM MST   SUNSET   516 PM MST


-  INDICATES NEGATIVE NUMBERS.
R  INDICATES RECORD WAS SET OR TIED.
MM INDICATES DATA IS MISSING.
T  INDICATES TRACE AMOUNT.




$$
