000
CDUS45 KFGZ 270759
CLIINW
CLIMATE REPORT
NATIONAL WEATHER SERVICE FLAGSTAFF, AZ
1257 AM MST THU NOV 27 2014


...................................

...THE WINSLOW AZ AIRPORT CLIMATE SUMMARY FOR NOVEMBER 26 2014...

CLIMATE NORMAL PERIOD 1981 TO 2010
CLIMATE RECORD PERIOD 1898 TO 2014


WEATHER ITEM   OBSERVED TIME   RECORD YEAR NORMAL DEPARTURE LAST
                VALUE   (LST)  VALUE       VALUE  FROM      YEAR
                                                  NORMAL
..................................................................
TEMPERATURE (F)
 YESTERDAY
  MAXIMUM         62    429 PM  71    1995  55      7       49
  MINIMUM         19    652 AM   1    1952  24     -5       27
  AVERAGE         41                        40      1       38

PRECIPITATION (IN)
  YESTERDAY        0.00          0.19 1990   0.02  -0.02     0.00
  MONTH TO DATE    T                         0.44  -0.44     2.54
  SINCE SEP 1      1.73                      1.85  -0.12     3.76
  SINCE JAN 1      5.91                      6.38  -0.47     9.46

DEGREE DAYS
 HEATING
  YESTERDAY       24                        25     -1       27
  MONTH TO DATE  520                       524     -4      439
  SINCE JUL 1    678                       830   -152      852

 COOLING
  YESTERDAY        0                         0      0        0
  MONTH TO DATE    0                         0      0        0
  SINCE JAN 1   1327                      1208    119     1380
..................................................................


WIND (MPH)
  HIGHEST WIND SPEED     9   HIGHEST WIND DIRECTION     E (110)
  HIGHEST GUST SPEED    12   HIGHEST GUST DIRECTION     E (110)
  AVERAGE WIND SPEED     2.9


SKY COVER
  POSSIBLE SUNSHINE  MM
  AVERAGE SKY COVER 0.0


WEATHER CONDITIONS
 THE FOLLOWING WEATHER WAS RECORDED YESTERDAY.
  NO SIGNIFICANT WEATHER WAS OBSERVED.


RELATIVE HUMIDITY (PERCENT)
 HIGHEST    47          1100 PM
 LOWEST     16          1200 PM
 AVERAGE    32

..........................................................


THE WINSLOW AZ AIRPORT CLIMATE NORMALS FOR TODAY
                         NORMAL    RECORD    YEAR
 MAXIMUM TEMPERATURE (F)   54        71      1954
 MINIMUM TEMPERATURE (F)   24         0      1952


SUNRISE AND SUNSET
NOVEMBER 27 2014......SUNRISE   709 AM MST   SUNSET   512 PM MST
NOVEMBER 28 2014......SUNRISE   710 AM MST   SUNSET   512 PM MST


-  INDICATES NEGATIVE NUMBERS.
R  INDICATES RECORD WAS SET OR TIED.
MM INDICATES DATA IS MISSING.
T  INDICATES TRACE AMOUNT.




$$
