000
CDUS45 KFGZ 300749
CLIINW
CLIMATE REPORT
NATIONAL WEATHER SERVICE FLAGSTAFF, AZ
1248 AM MST WED JUL 30 2014


...................................

...THE WINSLOW AZ AIRPORT CLIMATE SUMMARY FOR JULY 29 2014...

CLIMATE NORMAL PERIOD 1981 TO 2010
CLIMATE RECORD PERIOD 1898 TO 2014


WEATHER ITEM   OBSERVED TIME   RECORD YEAR NORMAL DEPARTURE LAST
                VALUE   (LST)  VALUE       VALUE  FROM      YEAR
                                                  NORMAL
..................................................................
TEMPERATURE (F)
 YESTERDAY
  MAXIMUM         95    449 PM 103    2000  93      2       93
                                      1971
  MINIMUM         61    547 AM  56    1941  63     -2       63
                                      1924
                                      1919
  AVERAGE         78                        78      0       78

PRECIPITATION (IN)
  YESTERDAY        0.00          0.87 1946   0.05  -0.05     0.00
  MONTH TO DATE    0.32                      0.96  -0.64     1.33
  SINCE SEP 1      5.31                      5.73  -0.42     4.39
  SINCE JAN 1      1.50                      3.25  -1.75     3.12

DEGREE DAYS
 HEATING
  YESTERDAY        0                         0      0        0
  MONTH TO DATE    0                         0      0        0
  SINCE JUL 1      0                         0      0        0

 COOLING
  YESTERDAY       13                        13      0       13
  MONTH TO DATE  449                       384     65      442
  SINCE JAN 1    786                       692     94      869
..................................................................


WIND (MPH)
  HIGHEST WIND SPEED    28   HIGHEST WIND DIRECTION    NW (310)
  HIGHEST GUST SPEED    36   HIGHEST GUST DIRECTION    NW (300)
  AVERAGE WIND SPEED     8.2


SKY COVER
  POSSIBLE SUNSHINE  MM
  AVERAGE SKY COVER 0.1


WEATHER CONDITIONS
 THE FOLLOWING WEATHER WAS RECORDED YESTERDAY.
  THUNDERSTORM


RELATIVE HUMIDITY (PERCENT)
 HIGHEST    72           600 AM
 LOWEST     17           400 PM
 AVERAGE    45

..........................................................


THE WINSLOW AZ AIRPORT CLIMATE NORMALS FOR TODAY
                         NORMAL    RECORD    YEAR
 MAXIMUM TEMPERATURE (F)   93       102      1978
 MINIMUM TEMPERATURE (F)   63        54      1915


SUNRISE AND SUNSET
JULY 30 2014..........SUNRISE   531 AM MST   SUNSET   727 PM MST
JULY 31 2014..........SUNRISE   532 AM MST   SUNSET   727 PM MST


-  INDICATES NEGATIVE NUMBERS.
R  INDICATES RECORD WAS SET OR TIED.
MM INDICATES DATA IS MISSING.
T  INDICATES TRACE AMOUNT.




$$
