000
CDUS45 KFGZ 230057
CLIINW
CLIMATE REPORT
NATIONAL WEATHER SERVICE FLAGSTAFF, AZ
556 PM MST FRI MAY 22 2015


...................................

...THE WINSLOW AZ AIRPORT CLIMATE SUMMARY FOR MAY 22 2015...
VALID TODAY AS OF 0500 PM LOCAL TIME.

CLIMATE NORMAL PERIOD 1981 TO 2010
CLIMATE RECORD PERIOD 1915 TO 2015


WEATHER ITEM   OBSERVED TIME   RECORD YEAR NORMAL DEPARTURE LAST
                VALUE   (LST)  VALUE       VALUE  FROM      YEAR
                                                  NORMAL
..................................................................
TEMPERATURE (F)
 TODAY
  MAXIMUM         73    259 PM  98    2005  84    -11       83
  MINIMUM         44    343 AM  30    1975  47     -3       38
                                      1927
  AVERAGE         59                        65     -6       61

PRECIPITATION (IN)
  TODAY            0.00          0.47 2009   0.01  -0.01     0.00
  MONTH TO DATE    0.72                      0.24   0.48      T
  SINCE SEP 1      6.16                      4.50   1.66     4.99
  SINCE JAN 1      3.31                      2.02   1.29     1.18

DEGREE DAYS
 HEATING
  TODAY            6                         2      4        4
  MONTH TO DATE  130                        92     38      120
  SINCE JUL 1   3804                      4471   -667     4288

 COOLING
  TODAY            0                         3     -3        0
  MONTH TO DATE    3                        33    -30       16
  SINCE JAN 1      3                        37    -34       17
..................................................................


WIND (MPH)
  HIGHEST WIND SPEED    33   HIGHEST WIND DIRECTION     S (200)
  HIGHEST GUST SPEED    41   HIGHEST GUST DIRECTION    SW (210)
  AVERAGE WIND SPEED    12.2


SKY COVER
  POSSIBLE SUNSHINE  MM
  AVERAGE SKY COVER 0.0


WEATHER CONDITIONS
 THE FOLLOWING WEATHER WAS RECORDED TODAY.
  NO SIGNIFICANT WEATHER WAS OBSERVED.


RELATIVE HUMIDITY (PERCENT)
 HIGHEST    62           600 AM
 LOWEST     13           100 PM
 AVERAGE    38

..........................................................


THE WINSLOW AZ AIRPORT CLIMATE NORMALS FOR TOMORROW
                         NORMAL    RECORD    YEAR
 MAXIMUM TEMPERATURE (F)   84        99      2000
 MINIMUM TEMPERATURE (F)   47        28      1930


SUNRISE AND SUNSET
MAY 22 2015...........SUNRISE   515 AM MST   SUNSET   725 PM MST
MAY 23 2015...........SUNRISE   514 AM MST   SUNSET   726 PM MST


-  INDICATES NEGATIVE NUMBERS.
R  INDICATES RECORD WAS SET OR TIED.
MM INDICATES DATA IS MISSING.
T  INDICATES TRACE AMOUNT.




$$
