000
CDUS43 KDVN 272227
CLIIOW


CLIMATE REPORT
NATIONAL WEATHER SERVICE QUAD CITIES IA IL
425 PM CST SAT DEC 27 2014


...................................

...THE IOWA CITY IA CLIMATE SUMMARY FOR DECEMBER 27 2014...
VALID TODAY AS OF 0400 PM LOCAL TIME.

CLIMATE NORMAL PERIOD 1981 TO 2010
CLIMATE RECORD PERIOD 9999 TO 9999


WEATHER ITEM   OBSERVED TIME   RECORD YEAR NORMAL DEPARTURE LAST
                VALUE   (LST)  VALUE       VALUE  FROM      YEAR
                                                  NORMAL
..................................................................
TEMPERATURE (F)
 TODAY
  MAXIMUM         41    315 AM  MM      MM  30     11       41
  MINIMUM         30    359 PM  MM      MM  15     15        7
  AVERAGE         36                        22     14       24

PRECIPITATION (IN)
  TODAY            0.02         MM      MM   0.03  -0.01     0.00
  MONTH TO DATE    1.06                      1.43  -0.37     0.64
  SINCE DEC 1      1.06                      1.43  -0.37     0.64
  SINCE JAN 1     38.33                     36.19   2.14    35.06

DEGREE DAYS
 HEATING
  TODAY           29                        43    -14       41
  MONTH TO DATE  864                      1060   -196     1218
  SINCE DEC 1    864                      1060   -196     1218
  SINCE JUL 1   2424                      2367     57     2586

 COOLING
  TODAY            0                         0      0        0
  MONTH TO DATE    0                         0      0        0
  SINCE DEC 1      0                         0      0        0
  SINCE JAN 1    779                       912   -133     1064
..................................................................


WIND (MPH)
  HIGHEST WIND SPEED    25   HIGHEST WIND DIRECTION     W (260)
  HIGHEST GUST SPEED    31   HIGHEST GUST DIRECTION     W (270)
  AVERAGE WIND SPEED    12.8


SKY COVER
  POSSIBLE SUNSHINE  MM
  AVERAGE SKY COVER 1.0


WEATHER CONDITIONS
 THE FOLLOWING WEATHER WAS RECORDED TODAY.
  LIGHT RAIN
  FOG


RELATIVE HUMIDITY (PERCENT)
 HIGHEST   100           200 AM
 LOWEST     72           200 PM
 AVERAGE    86

..........................................................


THE IOWA CITY IA CLIMATE NORMALS FOR TOMORROW
                         NORMAL    RECORD    YEAR
 MAXIMUM TEMPERATURE (F)   30        MM        MM
 MINIMUM TEMPERATURE (F)   15        MM        MM


SUNRISE AND SUNSET
DECEMBER 27 2014......SUNRISE   732 AM CST   SUNSET   443 PM CST
DECEMBER 28 2014......SUNRISE   732 AM CST   SUNSET   443 PM CST


-  INDICATES NEGATIVE NUMBERS.
R  INDICATES RECORD WAS SET OR TIED.
MM INDICATES DATA IS MISSING.
T  INDICATES TRACE AMOUNT.




$$
