000
CDUS43 KDVN 230910
CLIIOW


CLIMATE REPORT
NATIONAL WEATHER SERVICE QUAD CITIES IA IL
409 AM CDT SUN APR 23 2017


...................................

...THE IOWA CITY IA CLIMATE SUMMARY FOR APRIL 22 2017...

CLIMATE NORMAL PERIOD 1981 TO 2010
CLIMATE RECORD PERIOD 9999 TO 9999


WEATHER ITEM   OBSERVED TIME   RECORD YEAR NORMAL DEPARTURE LAST
                VALUE   (LST)  VALUE       VALUE  FROM      YEAR
                                                  NORMAL
..................................................................
TEMPERATURE (F)
 YESTERDAY
  MAXIMUM         66    517 PM  MM      MM  64      2       64
  MINIMUM         42   1159 PM  MM      MM  42      0       45
  AVERAGE         54                        53      1       55

PRECIPITATION (IN)
  YESTERDAY        0.00         MM      MM   0.13  -0.13     0.00
  MONTH TO DATE    2.61                      2.31   0.30     0.77
  SINCE MAR 1      5.67                      4.53   1.14     2.80
  SINCE JAN 1      8.07                      6.69   1.38     3.55

DEGREE DAYS
 HEATING
  YESTERDAY       11                        12     -1       10
  MONTH TO DATE  202                       341   -139      348
  SINCE MAR 1    952                      1158   -206      997
  SINCE JUL 1   4847                      6108  -1261     5208

 COOLING
  YESTERDAY        0                         0      0        0
  MONTH TO DATE   11                         0     11        3
  SINCE MAR 1     11                         0     11        3
  SINCE JAN 1     11                         0     11        3
..................................................................


WIND (MPH)
  HIGHEST WIND SPEED    17   HIGHEST WIND DIRECTION    NE (60)
  HIGHEST GUST SPEED    29   HIGHEST GUST DIRECTION    NE (30)
  AVERAGE WIND SPEED     6.5


SKY COVER
  POSSIBLE SUNSHINE  MM
  AVERAGE SKY COVER 0.0


WEATHER CONDITIONS
 THE FOLLOWING WEATHER WAS RECORDED YESTERDAY.
  NO SIGNIFICANT WEATHER WAS OBSERVED.


RELATIVE HUMIDITY (PERCENT)
 HIGHEST    71           100 AM
 LOWEST     26           300 PM
 AVERAGE    49

..........................................................


THE IOWA CITY IA CLIMATE NORMALS FOR TODAY
                         NORMAL    RECORD    YEAR
 MAXIMUM TEMPERATURE (F)   64        MM        MM
 MINIMUM TEMPERATURE (F)   43        MM        MM


SUNRISE AND SUNSET
APRIL 23 2017.........SUNRISE   614 AM CDT   SUNSET   756 PM CDT
APRIL 24 2017.........SUNRISE   612 AM CDT   SUNSET   757 PM CDT


-  INDICATES NEGATIVE NUMBERS.
R  INDICATES RECORD WAS SET OR TIED.
MM INDICATES DATA IS MISSING.
T  INDICATES TRACE AMOUNT.




$$
