363
CDUS43 KDVN 242121
CLIIOW


CLIMATE REPORT
NATIONAL WEATHER SERVICE QUAD CITIES IA IL
421 PM CDT TUE MAY 24 2016


...................................

...THE IOWA CITY IA CLIMATE SUMMARY FOR MAY 24 2016...
VALID TODAY AS OF 0400 PM LOCAL TIME.

CLIMATE NORMAL PERIOD 1981 TO 2010
CLIMATE RECORD PERIOD 9999 TO 9999


WEATHER ITEM   OBSERVED TIME   RECORD YEAR NORMAL DEPARTURE LAST
                VALUE   (LST)  VALUE       VALUE  FROM      YEAR
                                                  NORMAL
..................................................................
TEMPERATURE (F)
 TODAY
  MAXIMUM         84    217 PM  MM      MM  75      9       74
  MINIMUM         62    541 AM  MM      MM  54      8       59
  AVERAGE         73                        64      9       67

PRECIPITATION (IN)
  TODAY            0.02         MM      MM   0.14  -0.12     0.89
  MONTH TO DATE    2.23                      3.37  -1.14     4.15
  SINCE MAR 1      6.43                      9.09  -2.66     7.78
  SINCE JAN 1      7.18                     11.25  -4.07     9.36

DEGREE DAYS
 HEATING
  TODAY            0                         3     -3        0
  MONTH TO DATE  173                       151     22      117
  SINCE MAR 1   1255                      1394   -139     1345
  SINCE JUL 1   5466                      6344   -878     6710

 COOLING
  TODAY            8                         3      5        2
  MONTH TO DATE   14                        33    -19       37
  SINCE MAR 1     20                        37    -17       37
  SINCE JAN 1     20                        37    -17       37
..................................................................


WIND (MPH)
  HIGHEST WIND SPEED    15   HIGHEST WIND DIRECTION     S (190)
  HIGHEST GUST SPEED    19   HIGHEST GUST DIRECTION    SW (210)
  AVERAGE WIND SPEED     6.4


SKY COVER
  POSSIBLE SUNSHINE  MM
  AVERAGE SKY COVER 0.5


WEATHER CONDITIONS
 THE FOLLOWING WEATHER WAS RECORDED TODAY.
  LIGHT RAIN


RELATIVE HUMIDITY (PERCENT)
 HIGHEST    78           300 AM
 LOWEST     47           200 PM
 AVERAGE    63

..........................................................


THE IOWA CITY IA CLIMATE NORMALS FOR TOMORROW
                         NORMAL    RECORD    YEAR
 MAXIMUM TEMPERATURE (F)   75        MM        MM
 MINIMUM TEMPERATURE (F)   54        MM        MM


SUNRISE AND SUNSET
MAY 24 2016...........SUNRISE   539 AM CDT   SUNSET   828 PM CDT
MAY 25 2016...........SUNRISE   538 AM CDT   SUNSET   829 PM CDT


-  INDICATES NEGATIVE NUMBERS.
R  INDICATES RECORD WAS SET OR TIED.
MM INDICATES DATA IS MISSING.
T  INDICATES TRACE AMOUNT.




$$
