000
CDUS43 KDVN 040920
CLIIOW


CLIMATE REPORT
NATIONAL WEATHER SERVICE QUAD CITIES IA IL
418 AM CDT WED MAY 4 2016


...................................

...THE IOWA CITY IA CLIMATE SUMMARY FOR MAY 3 2016...

CLIMATE NORMAL PERIOD 1981 TO 2010
CLIMATE RECORD PERIOD 9999 TO 9999


WEATHER ITEM   OBSERVED TIME   RECORD YEAR NORMAL DEPARTURE LAST
                VALUE   (LST)  VALUE       VALUE  FROM      YEAR
                                                  NORMAL
..................................................................
TEMPERATURE (F)
 YESTERDAY
  MAXIMUM         68    343 PM  MM      MM  67      1       82
  MINIMUM         39    409 AM  MM      MM  46     -7       55
  AVERAGE         54                        57     -3       69

PRECIPITATION (IN)
  YESTERDAY        0.04         MM      MM   0.15  -0.11     0.24
  MONTH TO DATE    0.18                      0.45  -0.27     0.24
  SINCE MAR 1      4.38                      6.17  -1.79     3.87
  SINCE JAN 1      5.13                      8.33  -3.20     5.45

DEGREE DAYS
 HEATING
  YESTERDAY       11                         9      2        0
  MONTH TO DATE   42                        27     15       16
  SINCE MAR 1   1124                      1270   -146     1244
  SINCE JUL 1   5335                      6220   -885     6609

 COOLING
  YESTERDAY        0                         0      0        4
  MONTH TO DATE    0                         0      0        4
  SINCE MAR 1      6                         4      2        4
  SINCE JAN 1      6                         4      2        4
..................................................................


WIND (MPH)
  HIGHEST WIND SPEED    21   HIGHEST WIND DIRECTION     W (270)
  HIGHEST GUST SPEED    26   HIGHEST GUST DIRECTION     W (270)
  AVERAGE WIND SPEED     9.6


SKY COVER
  POSSIBLE SUNSHINE  MM
  AVERAGE SKY COVER 0.3


WEATHER CONDITIONS
 THE FOLLOWING WEATHER WAS RECORDED YESTERDAY.
  THUNDERSTORM
  RAIN


RELATIVE HUMIDITY (PERCENT)
 HIGHEST    93           200 AM
 LOWEST     37           400 PM
 AVERAGE    65

..........................................................


THE IOWA CITY IA CLIMATE NORMALS FOR TODAY
                         NORMAL    RECORD    YEAR
 MAXIMUM TEMPERATURE (F)   68        MM        MM
 MINIMUM TEMPERATURE (F)   46        MM        MM


SUNRISE AND SUNSET
MAY  4 2016...........SUNRISE   558 AM CDT   SUNSET   808 PM CDT
MAY  5 2016...........SUNRISE   557 AM CDT   SUNSET   809 PM CDT


-  INDICATES NEGATIVE NUMBERS.
R  INDICATES RECORD WAS SET OR TIED.
MM INDICATES DATA IS MISSING.
T  INDICATES TRACE AMOUNT.




$$
