000
CDUS43 KDVN 280942
CLIIOW


CLIMATE REPORT
NATIONAL WEATHER SERVICE QUAD CITIES IA IL
442 AM CDT WED SEP 28 2016


...................................

...THE IOWA CITY IA CLIMATE SUMMARY FOR SEPTEMBER 27 2016...

CLIMATE NORMAL PERIOD 1981 TO 2010
CLIMATE RECORD PERIOD 9999 TO 9999


WEATHER ITEM   OBSERVED TIME   RECORD YEAR NORMAL DEPARTURE LAST
                VALUE   (LST)  VALUE       VALUE  FROM      YEAR
                                                  NORMAL
..................................................................
TEMPERATURE (F)
 YESTERDAY
  MAXIMUM         73    342 PM  MM      MM  72      1       78
  MINIMUM         46    510 AM  MM      MM  47     -1       55
  AVERAGE         60                        59      1       67

PRECIPITATION (IN)
  YESTERDAY        0.00         MM      MM   0.11  -0.11     0.00
  MONTH TO DATE    2.83                      3.12  -0.29     3.32
  SINCE SEP 1      2.83                      3.12  -0.29     3.32
  SINCE JAN 1     28.47                     29.27  -0.80    25.32

DEGREE DAYS
 HEATING
  YESTERDAY        5                         7     -2        0
  MONTH TO DATE    9                        82    -73       32
  SINCE SEP 1      9                        82    -73       32
  SINCE JUL 1     11                        90    -79       45

 COOLING
  YESTERDAY        0                         1     -1        2
  MONTH TO DATE  180                        75    105      184
  SINCE SEP 1    180                        75    105      184
  SINCE JAN 1   1156                       897    259      928
..................................................................


WIND (MPH)
  HIGHEST WIND SPEED    24   HIGHEST WIND DIRECTION     W (290)
  HIGHEST GUST SPEED    32   HIGHEST GUST DIRECTION     W (280)
  AVERAGE WIND SPEED     9.9


SKY COVER
  POSSIBLE SUNSHINE  MM
  AVERAGE SKY COVER 0.0


WEATHER CONDITIONS
 THE FOLLOWING WEATHER WAS RECORDED YESTERDAY.
  NO SIGNIFICANT WEATHER WAS OBSERVED.


RELATIVE HUMIDITY (PERCENT)
 HIGHEST    86           400 AM
 LOWEST     25           200 PM
 AVERAGE    56

..........................................................


THE IOWA CITY IA CLIMATE NORMALS FOR TODAY
                         NORMAL    RECORD    YEAR
 MAXIMUM TEMPERATURE (F)   71        MM        MM
 MINIMUM TEMPERATURE (F)   47        MM        MM


SUNRISE AND SUNSET
SEPTEMBER 28 2016.....SUNRISE   700 AM CDT   SUNSET   652 PM CDT
SEPTEMBER 29 2016.....SUNRISE   701 AM CDT   SUNSET   650 PM CDT


-  INDICATES NEGATIVE NUMBERS.
R  INDICATES RECORD WAS SET OR TIED.
MM INDICATES DATA IS MISSING.
T  INDICATES TRACE AMOUNT.




$$
