000
CDUS41 KCTP 302129
CLIIPT


CLIMATE REPORT
NATIONAL WEATHER SERVICE STATE COLLEGE PA
526 PM EDT TUE AUG 30 2016


...................................

...THE WILLIAMSPORT PA CLIMATE SUMMARY FOR AUGUST 30 2016...
VALID TODAY AS OF 0500 PM LOCAL TIME.

CLIMATE NORMAL PERIOD 1981 TO 2010
CLIMATE RECORD PERIOD 1895 TO 2016


WEATHER ITEM   OBSERVED TIME   RECORD YEAR NORMAL DEPARTURE LAST
                VALUE   (LST)  VALUE       VALUE  FROM      YEAR
                                                  NORMAL
..................................................................
TEMPERATURE (F)
 TODAY
  MAXIMUM         86    340 PM  98    1953  79      7       87
  MINIMUM         59    538 AM  38    1965  59      0       60
  AVERAGE         73                        69      4       74

PRECIPITATION (IN)
  TODAY            0.00          1.50 1985   0.13  -0.13     0.25
  MONTH TO DATE    4.52                      3.74   0.78     4.13
  SINCE JUN 1     12.08                     12.00   0.08    15.87
  SINCE JAN 1     23.42                     26.91  -3.49    28.29

DEGREE DAYS
 HEATING
  TODAY            0                         1     -1        0
  MONTH TO DATE    0                         6     -6        0
  SINCE JUN 1      9                        47    -38       23
  SINCE JUL 1      0                        10    -10        2

 COOLING
  TODAY            8                         5      3        9
  MONTH TO DATE  347                       197    150      216
  SINCE JUN 1    895                       587    308      644
  SINCE JAN 1    968                       630    338      772
..................................................................


WIND (MPH)
  HIGHEST WIND SPEED     9   HIGHEST WIND DIRECTION    SW (240)
  HIGHEST GUST SPEED    13   HIGHEST GUST DIRECTION    SW (230)
  AVERAGE WIND SPEED     2.7


SKY COVER
  POSSIBLE SUNSHINE  MM
  AVERAGE SKY COVER 0.0


WEATHER CONDITIONS
 THE FOLLOWING WEATHER WAS RECORDED TODAY.
  NO SIGNIFICANT WEATHER WAS OBSERVED.


RELATIVE HUMIDITY (PERCENT)
 HIGHEST    90           100 AM
 LOWEST     37           200 PM
 AVERAGE    64

..........................................................


THE WILLIAMSPORT PA CLIMATE NORMALS FOR TOMORROW
                         NORMAL    RECORD    YEAR
 MAXIMUM TEMPERATURE (F)   79       101      1932
 MINIMUM TEMPERATURE (F)   58        40      1934


SUNRISE AND SUNSET
AUGUST 30 2016........SUNRISE   633 AM EDT   SUNSET   743 PM EDT
AUGUST 31 2016........SUNRISE   634 AM EDT   SUNSET   741 PM EDT


-  INDICATES NEGATIVE NUMBERS.
R  INDICATES RECORD WAS SET OR TIED.
MM INDICATES DATA IS MISSING.
T  INDICATES TRACE AMOUNT.




$$
