000
CDUS41 KCTP 290608
CLIIPT


CLIMATE REPORT
NATIONAL WEATHER SERVICE STATE COLLEGE PA
208 AM EDT WED MAR 29 2017


...................................

...THE WILLIAMSPORT PA CLIMATE SUMMARY FOR MARCH 28 2017...

CLIMATE NORMAL PERIOD 1981 TO 2010
CLIMATE RECORD PERIOD 1895 TO 2017


WEATHER ITEM   OBSERVED TIME   RECORD YEAR NORMAL DEPARTURE LAST
                VALUE   (LST)  VALUE       VALUE  FROM      YEAR
                                                  NORMAL
..................................................................
TEMPERATURE (F)
 YESTERDAY
  MAXIMUM         58    630 PM  83    1945  53      5       59
  MINIMUM         43    307 AM  16    1982  33     10       44
  AVERAGE         51                        43      8       52

PRECIPITATION (IN)
  YESTERDAY        0.19          1.90 1932   0.11   0.08     0.34
  MONTH TO DATE    2.77                      2.64   0.13     1.11
  SINCE MAR 1      2.77                      2.64   0.13     1.11
  SINCE JAN 1      8.07                      7.68   0.39     7.53

SNOWFALL (IN)
  YESTERDAY        0.0           8.5  1932   0.2   -0.2      0.0
  MONTH TO DATE   22.6                       6.6   16.0      0.2
  SINCE MAR 1     22.6                       6.6   16.0      0.2
  SINCE JUL 1     41.1                      34.6    6.5      5.9
  SNOW DEPTH       0

DEGREE DAYS
 HEATING
  YESTERDAY       14                        22     -8       13
  MONTH TO DATE  791                       765     26      532
  SINCE MAR 1    791                       765     26      532
  SINCE JUL 1   4427                      5232   -805     4175

 COOLING
  YESTERDAY        0                         0      0        0
  MONTH TO DATE    0                         0      0        0
  SINCE MAR 1      0                         0      0        0
  SINCE JAN 1      0                         0      0        0
..................................................................


WIND (MPH)
  HIGHEST WIND SPEED    15   HIGHEST WIND DIRECTION     N (350)
  HIGHEST GUST SPEED    21   HIGHEST GUST DIRECTION     N (350)
  AVERAGE WIND SPEED     3.2


SKY COVER
  POSSIBLE SUNSHINE  MM
  AVERAGE SKY COVER 0.9


WEATHER CONDITIONS
 THE FOLLOWING WEATHER WAS RECORDED YESTERDAY.
  RAIN
  LIGHT RAIN
  FOG
  FOG W/VISIBILITY <= 1/4 MILE


RELATIVE HUMIDITY (PERCENT)
 HIGHEST   100          1200 AM
 LOWEST     74          1100 PM
 AVERAGE    87

..........................................................


THE WILLIAMSPORT PA CLIMATE NORMALS FOR TODAY
                         NORMAL    RECORD    YEAR
 MAXIMUM TEMPERATURE (F)   53        83      1945
                                             1907
 MINIMUM TEMPERATURE (F)   33         9      1923


SUNRISE AND SUNSET
MARCH 29 2017.........SUNRISE   655 AM EDT   SUNSET   730 PM EDT
MARCH 30 2017.........SUNRISE   654 AM EDT   SUNSET   731 PM EDT


-  INDICATES NEGATIVE NUMBERS.
R  INDICATES RECORD WAS SET OR TIED.
MM INDICATES DATA IS MISSING.
T  INDICATES TRACE AMOUNT.




$$
