000
CDUS41 KCTP 230637
CLIIPT


CLIMATE REPORT
NATIONAL WEATHER SERVICE STATE COLLEGE PA
137 AM EST SUN NOV 23 2014


...................................

...THE WILLIAMSPORT PA CLIMATE SUMMARY FOR NOVEMBER 22 2014...

CLIMATE NORMAL PERIOD 1981 TO 2010
CLIMATE RECORD PERIOD 1895 TO 2014


WEATHER ITEM   OBSERVED TIME   RECORD YEAR NORMAL DEPARTURE LAST
                VALUE   (LST)  VALUE       VALUE  FROM      YEAR
                                                  NORMAL
..................................................................
TEMPERATURE (F)
 YESTERDAY
  MAXIMUM         37    542 PM  70    1931  47    -10       48
  MINIMUM         13R   723 AM  15    2008  32    -19       40
                                      1969
  AVERAGE         25                        39    -14       44

PRECIPITATION (IN)
  YESTERDAY        0.02          2.05 1991   0.14  -0.12     0.07
  MONTH TO DATE    0.86                      2.69  -1.83     1.04
  SINCE SEP 1      4.46                     10.27  -5.81     5.63
  SINCE JAN 1     33.27                     37.30  -4.03    27.25

SNOWFALL (IN)
  YESTERDAY        0.0
  MONTH TO DATE    T
  SINCE SEP 1      T
  SINCE JUL 1      T
  SNOW DEPTH       0

DEGREE DAYS
 HEATING
  YESTERDAY       40                        26     14       21
  MONTH TO DATE  571                       483     88      500
  SINCE SEP 1    954                      1012    -58      941
  SINCE JUL 1    959                      1026    -67      946

 COOLING
  YESTERDAY        0                         0      0        0
  MONTH TO DATE    0                         0      0        0
  SINCE SEP 1     96                        68     28      104
  SINCE JAN 1    713                       702     11      863
..................................................................


WIND (MPH)
  HIGHEST WIND SPEED     9   HIGHEST WIND DIRECTION     E (100)
  HIGHEST GUST SPEED    12   HIGHEST GUST DIRECTION    SE (120)
  AVERAGE WIND SPEED     1.6


SKY COVER
  POSSIBLE SUNSHINE  MM
  AVERAGE SKY COVER 0.5


WEATHER CONDITIONS
 THE FOLLOWING WEATHER WAS RECORDED YESTERDAY.
  LIGHT RAIN
  FOG


RELATIVE HUMIDITY (PERCENT)
 HIGHEST    82           800 PM
 LOWEST     38          1200 PM
 AVERAGE    60

..........................................................


THE WILLIAMSPORT PA CLIMATE NORMALS FOR TODAY
                         NORMAL    RECORD    YEAR
 MAXIMUM TEMPERATURE (F)   47        66      1992
                                             1979
                                             1931
 MINIMUM TEMPERATURE (F)   31        14      1964


SUNRISE AND SUNSET
NOVEMBER 23 2014......SUNRISE   705 AM EST   SUNSET   443 PM EST
NOVEMBER 24 2014......SUNRISE   706 AM EST   SUNSET   442 PM EST


-  INDICATES NEGATIVE NUMBERS.
R  INDICATES RECORD WAS SET OR TIED.
MM INDICATES DATA IS MISSING.
T  INDICATES TRACE AMOUNT.




$$
