000
CDUS41 KCTP 240625
CLIIPT


CLIMATE REPORT
NATIONAL WEATHER SERVICE STATE COLLEGE PA
125 AM EST TUE JAN 24 2017


...................................

...THE WILLIAMSPORT PA CLIMATE SUMMARY FOR JANUARY 23 2017...

CLIMATE NORMAL PERIOD 1981 TO 2010
CLIMATE RECORD PERIOD 1895 TO 2017


WEATHER ITEM   OBSERVED TIME   RECORD YEAR NORMAL DEPARTURE LAST
                VALUE   (LST)  VALUE       VALUE  FROM      YEAR
                                                  NORMAL
..................................................................
TEMPERATURE (F)
 YESTERDAY
  MAXIMUM         49    411 AM  66    1906  34     15       30
  MINIMUM         33   1050 PM -11    1970  19     14       23
  AVERAGE         41                        27     14       27

PRECIPITATION (IN)
  YESTERDAY        0.82          0.95 1998   0.09   0.73      T
                                      1982
  MONTH TO DATE    2.91                      2.00   0.91     2.06
  SINCE DEC 1      5.87                      4.93   0.94     5.42
  SINCE JAN 1      2.91                      2.00   0.91     2.06

SNOWFALL (IN)
  YESTERDAY        0.1           9.2  1966   0.3   -0.2      0.4
  MONTH TO DATE    1.1                       7.6   -6.5      1.3
  SINCE DEC 1     10.0                      14.5   -4.5      1.3
  SINCE JUL 1     10.1                      16.3   -6.2      1.3
  SNOW DEPTH       0

DEGREE DAYS
 HEATING
  YESTERDAY       24                        38    -14       38
  MONTH TO DATE  745                       882   -137      868
  SINCE DEC 1   1720                      1930   -210     1540
  SINCE JUL 1   2654                      3175   -521     2467

 COOLING
  YESTERDAY        0                         0      0        0
  MONTH TO DATE    0                         0      0        0
  SINCE DEC 1      0                         0      0        0
  SINCE JAN 1      0                         0      0        0
..................................................................


WIND (MPH)
  HIGHEST WIND SPEED    21   HIGHEST WIND DIRECTION     E (100)
  HIGHEST GUST SPEED    28   HIGHEST GUST DIRECTION     E (100)
  AVERAGE WIND SPEED     8.0


SKY COVER
  POSSIBLE SUNSHINE  MM
  AVERAGE SKY COVER 1.0


WEATHER CONDITIONS
 THE FOLLOWING WEATHER WAS RECORDED YESTERDAY.
  HEAVY RAIN
  RAIN
  LIGHT RAIN
  LIGHT SNOW
  FOG


RELATIVE HUMIDITY (PERCENT)
 HIGHEST    96          1000 PM
 LOWEST     67           300 PM
 AVERAGE    82

..........................................................


THE WILLIAMSPORT PA CLIMATE NORMALS FOR TODAY
                         NORMAL    RECORD    YEAR
 MAXIMUM TEMPERATURE (F)   34        59      1999
 MINIMUM TEMPERATURE (F)   19        -9      1948
                                             1907


SUNRISE AND SUNSET
JANUARY 24 2017.......SUNRISE   726 AM EST   SUNSET   515 PM EST
JANUARY 25 2017.......SUNRISE   725 AM EST   SUNSET   516 PM EST


-  INDICATES NEGATIVE NUMBERS.
R  INDICATES RECORD WAS SET OR TIED.
MM INDICATES DATA IS MISSING.
T  INDICATES TRACE AMOUNT.




$$
