000
CDUS41 KCTP 280637
CLIIPT


CLIMATE REPORT
NATIONAL WEATHER SERVICE STATE COLLEGE PA
237 AM EDT WED JUN 28 2017


...................................

...THE WILLIAMSPORT PA CLIMATE SUMMARY FOR JUNE 27 2017...

CLIMATE NORMAL PERIOD 1981 TO 2010
CLIMATE RECORD PERIOD 1895 TO 2017


WEATHER ITEM   OBSERVED TIME   RECORD YEAR NORMAL DEPARTURE LAST
                VALUE   (LST)  VALUE       VALUE  FROM      YEAR
                                                  NORMAL
..................................................................
TEMPERATURE (F)
 YESTERDAY
  MAXIMUM         76    142 PM  97    2007  82     -6       82
  MINIMUM         54   1159 PM  45    1897  60     -6       63
  AVERAGE         65                        71     -6       73

PRECIPITATION (IN)
  YESTERDAY        0.03          2.22 2006   0.13  -0.10      T
  MONTH TO DATE    3.61                      3.53   0.08     1.86
  SINCE JUN 1      3.61                      3.53   0.08     1.86
  SINCE JAN 1     22.73                     18.44   4.29    13.20

DEGREE DAYS
 HEATING
  YESTERDAY        0                         0      0        0
  MONTH TO DATE   21                        36    -15        9
  SINCE JUN 1     21                        36    -15        9
  SINCE JUL 1   4950                      5994  -1044     4916

 COOLING
  YESTERDAY        0                         7     -7        8
  MONTH TO DATE  156                       126     30      152
  SINCE JUN 1    156                       126     30      152
  SINCE JAN 1    206                       169     37      225
..................................................................


WIND (MPH)
  HIGHEST WIND SPEED    23   HIGHEST WIND DIRECTION    NW (300)
  HIGHEST GUST SPEED    31   HIGHEST GUST DIRECTION    NW (310)
  AVERAGE WIND SPEED     7.0


SKY COVER
  POSSIBLE SUNSHINE  MM
  AVERAGE SKY COVER 0.4


WEATHER CONDITIONS
 THE FOLLOWING WEATHER WAS RECORDED YESTERDAY.
  LIGHT RAIN
  FOG


RELATIVE HUMIDITY (PERCENT)
 HIGHEST    93           100 AM
 LOWEST     33           300 PM
 AVERAGE    63

..........................................................


THE WILLIAMSPORT PA CLIMATE NORMALS FOR TODAY
                         NORMAL    RECORD    YEAR
 MAXIMUM TEMPERATURE (F)   83        96      1991
                                             1943
 MINIMUM TEMPERATURE (F)   61        46      1940


SUNRISE AND SUNSET
JUNE 28 2017..........SUNRISE   537 AM EDT   SUNSET   845 PM EDT
JUNE 29 2017..........SUNRISE   538 AM EDT   SUNSET   845 PM EDT


-  INDICATES NEGATIVE NUMBERS.
R  INDICATES RECORD WAS SET OR TIED.
MM INDICATES DATA IS MISSING.
T  INDICATES TRACE AMOUNT.




$$
