975
CDUS43 KEAX 230644
CLIIRK


CLIMATE REPORT
NATIONAL WEATHER SERVICE KANSAS CITY/PLEASANT HILL MO
1243 AM CST FRI FEB 23 2018


...................................

...THE KIRKSVILLE MO CLIMATE SUMMARY FOR FEBRUARY 22 2018...

CLIMATE NORMAL PERIOD 1981 TO 2010
CLIMATE RECORD PERIOD 9999 TO 9999


WEATHER ITEM   OBSERVED TIME   NORMAL DEPARTURE LAST
                VALUE   (LST)  VALUE  FROM      YEAR
                                      NORMAL
......................................................
TEMPERATURE (F)
 YESTERDAY
  MAXIMUM         35   1159 PM  41     -6       75
  MINIMUM         27    633 AM  23      4       45
  AVERAGE         31            32     -1       60

PRECIPITATION (IN)
  YESTERDAY        0.11          0.06   0.05     0.00
  MONTH TO DATE    2.73          1.19   1.54     0.14
  SINCE DEC 1      4.48          4.21   0.27     3.00
  SINCE JAN 1      3.70          2.46   1.24     1.77

DEGREE DAYS
 HEATING
  YESTERDAY       34            33      1        5
  MONTH TO DATE  844           794     50      512
  SINCE DEC 1   3167          3120     47     2670
  SINCE JUL 1   4186          4341   -155     3392

 COOLING
  YESTERDAY        0             0      0        0
  MONTH TO DATE    0             0      0        0
  SINCE DEC 1      0             0      0        0
  SINCE JAN 1      0             0      0        0
......................................................


WIND (MPH)
  HIGHEST WIND SPEED    17   HIGHEST WIND DIRECTION    NE (60)
  HIGHEST GUST SPEED    22   HIGHEST GUST DIRECTION    NE (50)
  AVERAGE WIND SPEED     9.5


SKY COVER
  AVERAGE SKY COVER 1.0


WEATHER CONDITIONS
 THE FOLLOWING WEATHER WAS RECORDED YESTERDAY.
  LIGHT RAIN
  LT FREEZING RAIN
  FOG
  FOG W/VISIBILITY <= 1/4 MILE


RELATIVE HUMIDITY (PERCENT)
 HIGHEST   100           700 AM
 LOWEST     81          1200 AM
 AVERAGE    91

..........................................................


THE KIRKSVILLE MO CLIMATE NORMALS FOR TODAY
                         NORMAL
 MAXIMUM TEMPERATURE (F)   41
 MINIMUM TEMPERATURE (F)   23


SUNRISE AND SUNSET
FEBRUARY 23 2018......SUNRISE   652 AM CST   SUNSET   555 PM CST
FEBRUARY 24 2018......SUNRISE   651 AM CST   SUNSET   556 PM CST


-  INDICATES NEGATIVE NUMBERS.
R  INDICATES RECORD WAS SET OR TIED.
MM INDICATES DATA IS MISSING.
T  INDICATES TRACE AMOUNT.




$$
