000
CDUS43 KEAX 180636
CLIIRK


CLIMATE REPORT
NATIONAL WEATHER SERVICE KANSAS CITY/PLEASANT HILL MO
135 AM CDT WED OCT 18 2017


...................................

...THE KIRKSVILLE MO CLIMATE SUMMARY FOR OCTOBER 17 2017...

CLIMATE NORMAL PERIOD 1981 TO 2010
CLIMATE RECORD PERIOD 9999 TO 9999


WEATHER ITEM   OBSERVED TIME   NORMAL DEPARTURE LAST
                VALUE   (LST)  VALUE  FROM      YEAR
                                      NORMAL
......................................................
TEMPERATURE (F)
 YESTERDAY
  MAXIMUM         72    247 PM  64      8       89
  MINIMUM         46    645 AM  42      4       68
  AVERAGE         59            53      6       79

PRECIPITATION (IN)
  YESTERDAY        0.00          0.11  -0.11     0.00
  MONTH TO DATE    5.10          1.88   3.22     1.95
  SINCE SEP 1      5.33          5.99  -0.66     4.07
  SINCE JAN 1     29.60         33.40  -3.80    27.21

DEGREE DAYS
 HEATING
  YESTERDAY        6            12     -6        0
  MONTH TO DATE   70           171   -101       81
  SINCE SEP 1    107           271   -164      110
  SINCE JUL 1    108           278   -170      116

 COOLING
  YESTERDAY        0             0      0       14
  MONTH TO DATE   34            10     24       44
  SINCE SEP 1    190            93     97      220
  SINCE JAN 1   1115           937    178     1298
......................................................


WIND (MPH)
  HIGHEST WIND SPEED    17   HIGHEST WIND DIRECTION     S (200)
  HIGHEST GUST SPEED    24   HIGHEST GUST DIRECTION    SW (210)
  AVERAGE WIND SPEED     8.8


SKY COVER
  AVERAGE SKY COVER 0.0


WEATHER CONDITIONS
 THE FOLLOWING WEATHER WAS RECORDED YESTERDAY.
  NO SIGNIFICANT WEATHER WAS OBSERVED.


RELATIVE HUMIDITY (PERCENT)
 HIGHEST    86           600 AM
 LOWEST     38           200 PM
 AVERAGE    62

..........................................................


THE KIRKSVILLE MO CLIMATE NORMALS FOR TODAY
                         NORMAL
 MAXIMUM TEMPERATURE (F)   63
 MINIMUM TEMPERATURE (F)   42


SUNRISE AND SUNSET
OCTOBER 18 2017.......SUNRISE   724 AM CDT   SUNSET   626 PM CDT
OCTOBER 19 2017.......SUNRISE   725 AM CDT   SUNSET   624 PM CDT


-  INDICATES NEGATIVE NUMBERS.
R  INDICATES RECORD WAS SET OR TIED.
MM INDICATES DATA IS MISSING.
T  INDICATES TRACE AMOUNT.




$$
