000
CDUS43 KEAX 280631
CLIIRK


CLIMATE REPORT
NATIONAL WEATHER SERVICE KANSAS CITY/PLEASANT HILL MO
131 AM CDT WED JUN 28 2017


...................................

...THE KIRKSVILLE MO CLIMATE SUMMARY FOR JUNE 27 2017...

CLIMATE NORMAL PERIOD 1981 TO 2010
CLIMATE RECORD PERIOD 9999 TO 9999


WEATHER ITEM   OBSERVED TIME   NORMAL DEPARTURE LAST
                VALUE   (LST)  VALUE  FROM      YEAR
                                      NORMAL
......................................................
TEMPERATURE (F)
 YESTERDAY
  MAXIMUM         79    500 PM  83     -4       93
  MINIMUM         49    503 AM  63    -14       62
  AVERAGE         64            73     -9       78

PRECIPITATION (IN)
  YESTERDAY        0.00          0.11  -0.11     0.00
  MONTH TO DATE    3.03          4.46  -1.43     1.49
  SINCE JUN 1      3.03          4.46  -1.43     1.49
  SINCE JAN 1     16.45         18.61  -2.16    13.78

DEGREE DAYS
 HEATING
  YESTERDAY        1             0      1        0
  MONTH TO DATE    7            12     -5        0
  SINCE JUN 1      7            12     -5        0
  SINCE JUL 1   4620          5852  -1232     4738

 COOLING
  YESTERDAY        0             8     -8       13
  MONTH TO DATE  220           165     55      299
  SINCE JUN 1    220           165     55      299
  SINCE JAN 1    312           227     85      371
......................................................


WIND (MPH)
  HIGHEST WIND SPEED    15   HIGHEST WIND DIRECTION    SE (150)
  HIGHEST GUST SPEED    19   HIGHEST GUST DIRECTION     S (170)
  AVERAGE WIND SPEED     7.9


SKY COVER
  AVERAGE SKY COVER 0.1


WEATHER CONDITIONS
 THE FOLLOWING WEATHER WAS RECORDED YESTERDAY.
  FOG


RELATIVE HUMIDITY (PERCENT)
 HIGHEST   100           100 AM
 LOWEST     40           200 PM
 AVERAGE    70

..........................................................


THE KIRKSVILLE MO CLIMATE NORMALS FOR TODAY
                         NORMAL
 MAXIMUM TEMPERATURE (F)   84
 MINIMUM TEMPERATURE (F)   63


SUNRISE AND SUNSET
JUNE 28 2017..........SUNRISE   544 AM CDT   SUNSET   843 PM CDT
JUNE 29 2017..........SUNRISE   544 AM CDT   SUNSET   843 PM CDT


-  INDICATES NEGATIVE NUMBERS.
R  INDICATES RECORD WAS SET OR TIED.
MM INDICATES DATA IS MISSING.
T  INDICATES TRACE AMOUNT.




$$
