000
CDUS43 KEAX 230632
CLIIRK


CLIMATE REPORT
NATIONAL WEATHER SERVICE KANSAS CITY/PLEASANT HILL MO
132 AM CDT TUE MAY 23 2017


...................................

...THE KIRKSVILLE MO CLIMATE SUMMARY FOR MAY 22 2017...

CLIMATE NORMAL PERIOD 1981 TO 2010
CLIMATE RECORD PERIOD 9999 TO 9999


WEATHER ITEM   OBSERVED TIME   NORMAL DEPARTURE LAST
                VALUE   (LST)  VALUE  FROM      YEAR
                                      NORMAL
......................................................
TEMPERATURE (F)
 YESTERDAY
  MAXIMUM         69    902 AM  74     -5       79
  MINIMUM         41    141 AM  54    -13       44
  AVERAGE         55            64     -9       62

PRECIPITATION (IN)
  YESTERDAY        0.41          0.16   0.25     0.00
  MONTH TO DATE    1.48          3.48  -2.00     3.04
  SINCE MAR 1     11.25          9.87   1.38     8.02
  SINCE JAN 1     13.11         12.67   0.44    10.61

DEGREE DAYS
 HEATING
  YESTERDAY       10             3      7        3
  MONTH TO DATE  123           130     -7      170
  SINCE MAR 1   1051          1287   -236     1031
  SINCE JUL 1   4580          5820  -1240     4738

 COOLING
  YESTERDAY        0             2     -2        0
  MONTH TO DATE   56            30     26        9
  SINCE MAR 1     80            37     43       17
  SINCE JAN 1     80            37     43       17
......................................................


WIND (MPH)
  HIGHEST WIND SPEED    22   HIGHEST WIND DIRECTION     W (250)
  HIGHEST GUST SPEED    39   HIGHEST GUST DIRECTION     W (260)
  AVERAGE WIND SPEED     7.4


SKY COVER
  AVERAGE SKY COVER 0.6


WEATHER CONDITIONS
 THE FOLLOWING WEATHER WAS RECORDED YESTERDAY.
  THUNDERSTORM
  HEAVY RAIN
  LIGHT RAIN
  FOG


RELATIVE HUMIDITY (PERCENT)
 HIGHEST   100           800 PM
 LOWEST     49           900 AM
 AVERAGE    75

..........................................................


THE KIRKSVILLE MO CLIMATE NORMALS FOR TODAY
                         NORMAL
 MAXIMUM TEMPERATURE (F)   75
 MINIMUM TEMPERATURE (F)   54


SUNRISE AND SUNSET
MAY 23 2017...........SUNRISE   548 AM CDT   SUNSET   826 PM CDT
MAY 24 2017...........SUNRISE   547 AM CDT   SUNSET   827 PM CDT


-  INDICATES NEGATIVE NUMBERS.
R  INDICATES RECORD WAS SET OR TIED.
MM INDICATES DATA IS MISSING.
T  INDICATES TRACE AMOUNT.




$$
