000
CDUS43 KEAX 020031
CLIIRK


CLIMATE REPORT
NATIONAL WEATHER SERVICE KANSAS CITY/PLEASANT HILL MO
731 PM CDT TUE SEP 1 2015


...................................

...THE KIRKSVILLE MO CLIMATE SUMMARY FOR SEPTEMBER 1 2015...
VALID TODAY AS OF 0700 PM LOCAL TIME.

CLIMATE NORMAL PERIOD 1981 TO 2010
CLIMATE RECORD PERIOD 9999 TO 9999


WEATHER ITEM   OBSERVED TIME   NORMAL DEPARTURE LAST
                VALUE   (LST)  VALUE  FROM      YEAR
                                      NORMAL
......................................................
TEMPERATURE (F)
 TODAY
  MAXIMUM         90    318 PM  81      9       82
  MINIMUM         70    614 AM  59     11       65
  AVERAGE         80            70     10       74

PRECIPITATION (IN)
  TODAY            0.00          0.16  -0.16     0.33
  MONTH TO DATE    0.00          0.16  -0.16     0.33
  SINCE SEP 1      0.00          0.16  -0.16     0.33
  SINCE JAN 1     31.23         27.57   3.66    28.42

DEGREE DAYS
 HEATING
  TODAY            0             1     -1        0
  MONTH TO DATE    0             1     -1        0
  SINCE SEP 1      0             1     -1        0
  SINCE JUL 1     13             8      5        6

 COOLING
  TODAY           15             6      9        9
  MONTH TO DATE   15             6      9        9
  SINCE SEP 1     15             6      9        9
  SINCE JAN 1    892           850     42      875
......................................................


WIND (MPH)
  HIGHEST WIND SPEED    13   HIGHEST WIND DIRECTION     S (200)
  HIGHEST GUST SPEED    16   HIGHEST GUST DIRECTION    SW (210)
  AVERAGE WIND SPEED     7.5


SKY COVER
  AVERAGE SKY COVER 0.0


WEATHER CONDITIONS
 THE FOLLOWING WEATHER WAS RECORDED TODAY.
  FOG
  HAZE


RELATIVE HUMIDITY (PERCENT)
 HIGHEST    90           600 AM
 LOWEST     47           300 PM
 AVERAGE    69

..........................................................


THE KIRKSVILLE MO CLIMATE NORMALS FOR TOMORROW
                         NORMAL
 MAXIMUM TEMPERATURE (F)   81
 MINIMUM TEMPERATURE (F)   59


SUNRISE AND SUNSET
SEPTEMBER  1 2015.....SUNRISE   638 AM CDT   SUNSET   742 PM CDT
SEPTEMBER  2 2015.....SUNRISE   639 AM CDT   SUNSET   740 PM CDT


-  INDICATES NEGATIVE NUMBERS.
R  INDICATES RECORD WAS SET OR TIED.
MM INDICATES DATA IS MISSING.
T  INDICATES TRACE AMOUNT.




$$
