000
CDUS43 KEAX 260033
CLIIRK


CLIMATE REPORT
NATIONAL WEATHER SERVICE KANSAS CITY/PLEASANT HILL MO
732 PM CDT FRI JUL 25 2014


...................................

...THE KIRKSVILLE MO CLIMATE SUMMARY FOR JULY 25 2014...
VALID TODAY AS OF 0700 PM LOCAL TIME.

CLIMATE NORMAL PERIOD 1981 TO 2010
CLIMATE RECORD PERIOD 9999 TO 9999


WEATHER ITEM   OBSERVED TIME   NORMAL DEPARTURE LAST
                VALUE   (LST)  VALUE  FROM      YEAR
                                      NORMAL
......................................................
TEMPERATURE (F)
 TODAY
  MAXIMUM         79    507 PM  86     -7       86
  MINIMUM         62    740 AM  65     -3       54
  AVERAGE         71            76     -5       70

PRECIPITATION (IN)
  TODAY            0.11          0.17  -0.06     0.00
  MONTH TO DATE    2.81          3.70  -0.89     0.63
  SINCE JUN 1     10.23          8.48   1.75     4.07
  SINCE JAN 1     19.33         22.63  -3.30    28.54

DEGREE DAYS
 HEATING
  TODAY            0             0      0        0
  MONTH TO DATE    6             0      6        0
  SINCE JUN 1     12            16     -4       36
  SINCE JUL 1      6             0      6        0

 COOLING
  TODAY            6            11     -5        5
  MONTH TO DATE  155           250    -95      239
  SINCE JUN 1    402           442    -40      446
  SINCE JAN 1    524           504     20      514
......................................................


WIND (MPH)
  HIGHEST WIND SPEED    25   HIGHEST WIND DIRECTION    SE (140)
  HIGHEST GUST SPEED    32   HIGHEST GUST DIRECTION    SE (150)
  AVERAGE WIND SPEED    12.7


SKY COVER
  AVERAGE SKY COVER 0.5


WEATHER CONDITIONS
 THE FOLLOWING WEATHER WAS RECORDED TODAY.
  THUNDERSTORM
  LIGHT RAIN
  FOG


RELATIVE HUMIDITY (PERCENT)
 HIGHEST    93          1100 AM
 LOWEST     67           400 PM
 AVERAGE    80

..........................................................


THE KIRKSVILLE MO CLIMATE NORMALS FOR TOMORROW
                         NORMAL
 MAXIMUM TEMPERATURE (F)   86
 MINIMUM TEMPERATURE (F)   65


SUNRISE AND SUNSET
JULY 25 2014..........SUNRISE   602 AM CDT   SUNSET   831 PM CDT
JULY 26 2014..........SUNRISE   603 AM CDT   SUNSET   830 PM CDT


-  INDICATES NEGATIVE NUMBERS.
R  INDICATES RECORD WAS SET OR TIED.
MM INDICATES DATA IS MISSING.
T  INDICATES TRACE AMOUNT.




$$
