000
CDUS43 KEAX 190033
CLIIRK


CLIMATE REPORT
NATIONAL WEATHER SERVICE KANSAS CITY/PLEASANT HILL MO
633 PM CST THU DEC 18 2014


...................................

...THE KIRKSVILLE MO CLIMATE SUMMARY FOR DECEMBER 18 2014...
VALID TODAY AS OF 0600 PM LOCAL TIME.

CLIMATE NORMAL PERIOD 1981 TO 2010
CLIMATE RECORD PERIOD 9999 TO 9999


WEATHER ITEM   OBSERVED TIME   NORMAL DEPARTURE LAST
                VALUE   (LST)  VALUE  FROM      YEAR
                                      NORMAL
......................................................
TEMPERATURE (F)
 TODAY
  MAXIMUM         31    448 PM  36     -5       51
  MINIMUM         25    900 AM  20      5       16
  AVERAGE         28            28      0       34

PRECIPITATION (IN)
  TODAY            0.09          0.06   0.03     0.00
  MONTH TO DATE    0.59          1.10  -0.51     0.75
  SINCE DEC 1      0.59          1.10  -0.51     0.75
  SINCE JAN 1     44.22         38.66   5.56    37.66

DEGREE DAYS
 HEATING
  TODAY           37            37      0       31
  MONTH TO DATE  552           626    -74      718
  SINCE DEC 1    552           626    -74      718
  SINCE JUL 1   1873          1847     26     1985

 COOLING
  TODAY            0             0      0        0
  MONTH TO DATE    0             0      0        0
  SINCE DEC 1      0             0      0        0
  SINCE JAN 1    958           939     19     1028
......................................................


WIND (MPH)
  HIGHEST WIND SPEED    25   HIGHEST WIND DIRECTION     N (340)
  HIGHEST GUST SPEED    36   HIGHEST GUST DIRECTION    NW (330)
  AVERAGE WIND SPEED     5.0


SKY COVER
  AVERAGE SKY COVER 1.0


WEATHER CONDITIONS
 THE FOLLOWING WEATHER WAS RECORDED TODAY.
  SNOW
  LIGHT SNOW
  FOG


RELATIVE HUMIDITY (PERCENT)
 HIGHEST   100           600 AM
 LOWEST     81          1200 AM
 AVERAGE    91

..........................................................


THE KIRKSVILLE MO CLIMATE NORMALS FOR TOMORROW
                         NORMAL
 MAXIMUM TEMPERATURE (F)   36
 MINIMUM TEMPERATURE (F)   19


SUNRISE AND SUNSET
DECEMBER 18 2014......SUNRISE   727 AM CST   SUNSET   447 PM CST
DECEMBER 19 2014......SUNRISE   728 AM CST   SUNSET   447 PM CST


-  INDICATES NEGATIVE NUMBERS.
R  INDICATES RECORD WAS SET OR TIED.
MM INDICATES DATA IS MISSING.
T  INDICATES TRACE AMOUNT.




$$
