000
CDUS43 KEAX 010644
CLIIRK


CLIMATE REPORT
NATIONAL WEATHER SERVICE KANSAS CITY/PLEASANT HILL MO
144 AM CDT WED JUL 1 2015


...................................

...THE KIRKSVILLE MO CLIMATE SUMMARY FOR JUNE 30 2015...

CLIMATE NORMAL PERIOD 1981 TO 2010
CLIMATE RECORD PERIOD 9999 TO 9999


WEATHER ITEM   OBSERVED TIME   NORMAL DEPARTURE LAST
                VALUE   (LST)  VALUE  FROM      YEAR
                                      NORMAL
......................................................
TEMPERATURE (F)
 YESTERDAY
  MAXIMUM         81    256 PM  84     -3       90
  MINIMUM         64    102 AM  64      0       69
  AVERAGE         73            74     -1       80

PRECIPITATION (IN)
  YESTERDAY        0.10          0.10   0.00     0.10
  MONTH TO DATE   11.19          4.78   6.41     7.42
  SINCE JUN 1     11.19          4.78   6.41     7.42
  SINCE JAN 1     21.95         18.93   3.02    16.52

DEGREE DAYS
 HEATING
  YESTERDAY        0             0      0        0
  MONTH TO DATE   15            12      3        6
  SINCE JUN 1     15            16     -1        6
  SINCE JUL 1   5780          5856    -76     6434

 COOLING
  YESTERDAY        8             9     -1       15
  MONTH TO DATE  242           192     50      247
  SINCE JUN 1    242           192     50      247
  SINCE JAN 1    310           254     56      369
......................................................


WIND (MPH)
  HIGHEST WIND SPEED    12   HIGHEST WIND DIRECTION    NW (300)
  HIGHEST GUST SPEED    14   HIGHEST GUST DIRECTION     W (290)
  AVERAGE WIND SPEED     5.0


SKY COVER
  AVERAGE SKY COVER 0.0


WEATHER CONDITIONS
 THE FOLLOWING WEATHER WAS RECORDED YESTERDAY.
  RAIN
  LIGHT RAIN
  FOG
  HAZE


RELATIVE HUMIDITY (PERCENT)
 HIGHEST    97          1000 PM
 LOWEST     58           100 PM
 AVERAGE    78

..........................................................


THE KIRKSVILLE MO CLIMATE NORMALS FOR TODAY
                         NORMAL
 MAXIMUM TEMPERATURE (F)   84
 MINIMUM TEMPERATURE (F)   64


SUNRISE AND SUNSET
JULY  1 2015..........SUNRISE   545 AM CDT   SUNSET   843 PM CDT
JULY  2 2015..........SUNRISE   545 AM CDT   SUNSET   843 PM CDT


-  INDICATES NEGATIVE NUMBERS.
R  INDICATES RECORD WAS SET OR TIED.
MM INDICATES DATA IS MISSING.
T  INDICATES TRACE AMOUNT.




$$
