000
CDUS43 KEAX 290658
CLIIRK


CLIMATE REPORT
NATIONAL WEATHER SERVICE KANSAS CITY/PLEASANT HILL MO
154 AM CDT FRI MAY 29 2015


...................................

...THE KIRKSVILLE MO CLIMATE SUMMARY FOR MAY 28 2015...

CLIMATE NORMAL PERIOD 1981 TO 2010
CLIMATE RECORD PERIOD 9999 TO 9999


WEATHER ITEM   OBSERVED TIME   NORMAL DEPARTURE LAST
                VALUE   (LST)  VALUE  FROM      YEAR
                                      NORMAL
......................................................
TEMPERATURE (F)
 YESTERDAY
  MAXIMUM         80    220 PM  76      4       87
  MINIMUM         58    353 AM  56      2       57
  AVERAGE         69            66      3       72

PRECIPITATION (IN)
  YESTERDAY        0.39          0.16   0.23     0.00
  MONTH TO DATE    4.08          4.46  -0.38     1.32
  SINCE MAR 1      8.61         10.85  -2.24     5.37
  SINCE JAN 1     10.66         13.65  -2.99     8.92

DEGREE DAYS
 HEATING
  YESTERDAY        0             2     -2        0
  MONTH TO DATE  106           145    -39      155
  SINCE MAR 1   1074          1302   -228     1458
  SINCE JUL 1   5753          5835    -82     6428

 COOLING
  YESTERDAY        4             3      1        7
  MONTH TO DATE   61            46     15       89
  SINCE MAR 1     64            53     11       94
  SINCE JAN 1     64            53     11       94
......................................................


WIND (MPH)
  HIGHEST WIND SPEED    28   HIGHEST WIND DIRECTION    SE (150)
  HIGHEST GUST SPEED    34   HIGHEST GUST DIRECTION    SE (140)
  AVERAGE WIND SPEED     8.1


SKY COVER
  AVERAGE SKY COVER 0.4


WEATHER CONDITIONS
 THE FOLLOWING WEATHER WAS RECORDED YESTERDAY.
  THUNDERSTORM
  HEAVY RAIN
  RAIN
  LIGHT RAIN
  FOG


RELATIVE HUMIDITY (PERCENT)
 HIGHEST   100           800 PM
 LOWEST     62           100 PM
 AVERAGE    81

..........................................................


THE KIRKSVILLE MO CLIMATE NORMALS FOR TODAY
                         NORMAL
 MAXIMUM TEMPERATURE (F)   77
 MINIMUM TEMPERATURE (F)   56


SUNRISE AND SUNSET
MAY 29 2015...........SUNRISE   545 AM CDT   SUNSET   831 PM CDT
MAY 30 2015...........SUNRISE   544 AM CDT   SUNSET   832 PM CDT


-  INDICATES NEGATIVE NUMBERS.
R  INDICATES RECORD WAS SET OR TIED.
MM INDICATES DATA IS MISSING.
T  INDICATES TRACE AMOUNT.




$$
