000
CDUS43 KBIS 250730
CLIISN


CLIMATE REPORT
NATIONAL WEATHER SERVICE BISMARCK ND
230 AM CDT SUN SEP 25 2016


...................................

...THE WILLISTON ND CLIMATE SUMMARY FOR SEPTEMBER 24 2016...

CLIMATE NORMAL PERIOD 1981 TO 2010
CLIMATE RECORD PERIOD 1894 TO 2016


WEATHER ITEM   OBSERVED TIME   RECORD YEAR NORMAL DEPARTURE LAST
                VALUE   (LST)  VALUE       VALUE  FROM      YEAR
                                                  NORMAL
..................................................................
TEMPERATURE (F)
 YESTERDAY
  MAXIMUM         58   1231 PM  92    1992  67     -9       70
  MINIMUM         51   1159 PM  23    1985  38     13       47
                                      1926
  AVERAGE         55                        53      2       59

PRECIPITATION (IN)
  YESTERDAY        0.20          0.94 1931   0.04   0.16     0.00
  MONTH TO DATE    3.35                      0.85   2.50     2.20
  SINCE SEP 1      3.35                      0.85   2.50     2.20
  SINCE JAN 1     13.10                     11.97   1.13    10.04

SNOWFALL (IN)
  YESTERDAY       MM
  SNOW DEPTH      MM

DEGREE DAYS
 HEATING
  YESTERDAY       10                        13     -3        6
  MONTH TO DATE  152                       191    -39      130
  SINCE SEP 1    152                       191    -39      130
  SINCE JUL 1    162                       262   -100      169

 COOLING
  YESTERDAY        0                         0      0        0
  MONTH TO DATE   31                        24      7       34
  SINCE SEP 1     31                        24      7       34
  SINCE JAN 1    521                       453     68      596
..................................................................


WIND (MPH)
  HIGHEST WIND SPEED    35   HIGHEST WIND DIRECTION     N (350)
  HIGHEST GUST SPEED    41   HIGHEST GUST DIRECTION    NW (330)
  AVERAGE WIND SPEED    16.6


SKY COVER
  POSSIBLE SUNSHINE  MM
  AVERAGE SKY COVER 1.0


WEATHER CONDITIONS
 THE FOLLOWING WEATHER WAS RECORDED YESTERDAY.
  RAIN
  LIGHT RAIN
  FOG


RELATIVE HUMIDITY (PERCENT)
 HIGHEST   100           100 AM
 LOWEST     83           800 PM
 AVERAGE    92

..........................................................


THE WILLISTON ND CLIMATE NORMALS FOR TODAY
                         NORMAL    RECORD    YEAR
 MAXIMUM TEMPERATURE (F)   67        97      2014
 MINIMUM TEMPERATURE (F)   38        17      1928


SUNRISE AND SUNSET
SEPTEMBER 25 2016.....SUNRISE   746 AM CDT   SUNSET   745 PM CDT
SEPTEMBER 26 2016.....SUNRISE   747 AM CDT   SUNSET   743 PM CDT


-  INDICATES NEGATIVE NUMBERS.
R  INDICATES RECORD WAS SET OR TIED.
MM INDICATES DATA IS MISSING.
T  INDICATES TRACE AMOUNT.




$$
