000
CDUS43 KBIS 290725
CLIISN


CLIMATE REPORT
NATIONAL WEATHER SERVICE BISMARCK ND
224 AM CDT TUE JUL 29 2014


...................................

...THE WILLISTON ND CLIMATE SUMMARY FOR JULY 28 2014...

CLIMATE NORMAL PERIOD 1981 TO 2010
CLIMATE RECORD PERIOD 1894 TO 2014


WEATHER ITEM   OBSERVED TIME   RECORD YEAR NORMAL DEPARTURE LAST
                VALUE   (LST)  VALUE       VALUE  FROM      YEAR
                                                  NORMAL
..................................................................
TEMPERATURE (F)
 YESTERDAY
  MAXIMUM         83    533 PM 104    1975  86     -3       78
  MINIMUM         50    543 AM  43    1971  57     -7       55
  AVERAGE         67                        72     -5       67

PRECIPITATION (IN)
  YESTERDAY        0.00          0.87 1901   0.07  -0.07     0.00
  MONTH TO DATE    0.56                      2.36  -1.80     1.75
  SINCE JUN 1      2.00                      4.88  -2.88     5.91
  SINCE JAN 1      6.09                      9.49  -3.40    13.72

SNOWFALL (IN)
  YESTERDAY       MM             0.0  2002   0.0   MM       MM
                                      2001
  MONTH TO DATE   MM                         0.0   MM       MM
  SINCE JUN 1      0.0                       0.0    0.0     MM
  SINCE JUL 1     MM                         0.0   MM       MM
  SNOW DEPTH      MM

DEGREE DAYS
 HEATING
  YESTERDAY        0                         0      0        0
  MONTH TO DATE   17                        21     -4       20
  SINCE JUN 1    127                       141    -14      148
  SINCE JUL 1     17                        21     -4       20

 COOLING
  YESTERDAY        2                         7     -5        2
  MONTH TO DATE  143                       161    -18      126
  SINCE JUN 1    171                       229    -58      153
  SINCE JAN 1    192                       242    -50      161
..................................................................


WIND (MPH)
  HIGHEST WIND SPEED    14   HIGHEST WIND DIRECTION     E (80)
  HIGHEST GUST SPEED    18   HIGHEST GUST DIRECTION     E (90)
  AVERAGE WIND SPEED     3.2


SKY COVER
  POSSIBLE SUNSHINE  MM
  AVERAGE SKY COVER 0.2


WEATHER CONDITIONS
 THE FOLLOWING WEATHER WAS RECORDED YESTERDAY.
  HAZE


RELATIVE HUMIDITY (PERCENT)
 HIGHEST    89           100 AM
 LOWEST     33           700 PM
 AVERAGE    61

..........................................................


THE WILLISTON ND CLIMATE NORMALS FOR TODAY
                         NORMAL    RECORD    YEAR
 MAXIMUM TEMPERATURE (F)   86       103      1984
 MINIMUM TEMPERATURE (F)   57        40      2004
                                             1899


SUNRISE AND SUNSET
JULY 29 2014..........SUNRISE   626 AM CDT   SUNSET   935 PM CDT
JULY 30 2014..........SUNRISE   628 AM CDT   SUNSET   933 PM CDT


-  INDICATES NEGATIVE NUMBERS.
R  INDICATES RECORD WAS SET OR TIED.
MM INDICATES DATA IS MISSING.
T  INDICATES TRACE AMOUNT.




$$
