000
CDUS43 KBIS 020029
CLIISN


CLIMATE REPORT
NATIONAL WEATHER SERVICE BISMARCK ND
729 PM CDT SAT AUG 1 2015


...................................

...THE WILLISTON ND CLIMATE SUMMARY FOR AUGUST 1 2015...
VALID TODAY AS OF 0700 PM LOCAL TIME.

CLIMATE NORMAL PERIOD 1981 TO 2010
CLIMATE RECORD PERIOD 1894 TO 2015


WEATHER ITEM   OBSERVED TIME   RECORD YEAR NORMAL DEPARTURE LAST
                VALUE   (LST)  VALUE       VALUE  FROM      YEAR
                                                  NORMAL
..................................................................
TEMPERATURE (F)
 TODAY
  MAXIMUM        100    502 PM 104    1900  86     14       86
  MINIMUM         58    558 AM  40    1923  57      1       64
  AVERAGE         79                        72      7       75

PRECIPITATION (IN)
  TODAY            0.00          1.19 1998   0.06  -0.06     0.04
  MONTH TO DATE    0.00                      0.06  -0.06     0.04
  SINCE JUN 1      3.45                      5.12  -1.67     2.14
  SINCE JAN 1      6.95                      9.73  -2.78     6.23

SNOWFALL (IN)
  TODAY           MM

DEGREE DAYS
 HEATING
  TODAY            0                         1     -1        0
  MONTH TO DATE    0                         1     -1        0
  SINCE JUN 1     62                       145    -83      127
  SINCE JUL 1      8                        25    -17       17

 COOLING
  TODAY           14                         7      7       10
  MONTH TO DATE   14                         7      7       10
  SINCE JUN 1    364                       257    107      202
  SINCE JAN 1    365                       270     95      223
..................................................................


WIND (MPH)
  HIGHEST WIND SPEED    31   HIGHEST WIND DIRECTION     W (290)
  HIGHEST GUST SPEED    39   HIGHEST GUST DIRECTION    NW (300)
  AVERAGE WIND SPEED     7.4


SKY COVER
  POSSIBLE SUNSHINE  MM
  AVERAGE SKY COVER 0.0


WEATHER CONDITIONS
 THE FOLLOWING WEATHER WAS RECORDED TODAY.
  NO SIGNIFICANT WEATHER WAS OBSERVED.


RELATIVE HUMIDITY (PERCENT)
 HIGHEST    80           600 AM
 LOWEST     10           500 PM
 AVERAGE    45

..........................................................


THE WILLISTON ND CLIMATE NORMALS FOR TOMORROW
                         NORMAL    RECORD    YEAR
 MAXIMUM TEMPERATURE (F)   86       101      1983
                                             1900
 MINIMUM TEMPERATURE (F)   57        34      1907


SUNRISE AND SUNSET
AUGUST  1 2015........SUNRISE   630 AM CDT   SUNSET   931 PM CDT
AUGUST  2 2015........SUNRISE   631 AM CDT   SUNSET   930 PM CDT


-  INDICATES NEGATIVE NUMBERS.
R  INDICATES RECORD WAS SET OR TIED.
MM INDICATES DATA IS MISSING.
T  INDICATES TRACE AMOUNT.




$$
