000
CDUS43 KBIS 011237
CLIISN


CLIMATE REPORT
NATIONAL WEATHER SERVICE BISMARCK ND
726 AM CDT TUE SEP 1 2015


...................................

...THE WILLISTON ND CLIMATE SUMMARY FOR AUGUST 31 2015...

CLIMATE NORMAL PERIOD 1981 TO 2010
CLIMATE RECORD PERIOD 1894 TO 2015


WEATHER ITEM   OBSERVED TIME   RECORD YEAR NORMAL DEPARTURE LAST
                VALUE   (LST)  VALUE       VALUE  FROM      YEAR
                                                  NORMAL
..................................................................
TEMPERATURE (F)
 YESTERDAY
  MAXIMUM         80    453 PM 103    1983  79      1       76
  MINIMUM         52   1120 PM  34    1994  49      3       52
                                      1895
  AVERAGE         66                        64      2       64

PRECIPITATION (IN)
  YESTERDAY        0.07          0.92 1922   0.04   0.03     0.19
  MONTH TO DATE    0.89                      1.45  -0.56     2.24
  SINCE JUN 1      4.34                      6.51  -2.17     4.34
  SINCE JAN 1      7.84                     11.12  -3.28     8.43

SNOWFALL (IN)
  YESTERDAY        0.0           0.0  2002   0.0    0.0     MM
                                      2001
  MONTH TO DATE    0.0                       0.0    0.0     MM
  SINCE JUN 1      0.0                       0.0    0.0     MM
  SINCE JUL 1      0.0                       0.0    0.0     MM
  SNOW DEPTH       0

DEGREE DAYS
 HEATING
  YESTERDAY        0                         4     -4        1
  MONTH TO DATE   31                        49    -18       40
  SINCE JUN 1     93                       191    -98      167
  SINCE JUL 1     39                        71    -32       57

 COOLING
  YESTERDAY        1                         3     -2        0
  MONTH TO DATE  211                       166     45      178
  SINCE JUN 1    561                       416    145      370
  SINCE JAN 1    562                       429    133      391
..................................................................


WIND (MPH)
  HIGHEST WIND SPEED    24   HIGHEST WIND DIRECTION     W (250)
  HIGHEST GUST SPEED    29   HIGHEST GUST DIRECTION    SW (240)
  AVERAGE WIND SPEED    11.0


SKY COVER
  POSSIBLE SUNSHINE  MM
  AVERAGE SKY COVER 0.0


WEATHER CONDITIONS
 THE FOLLOWING WEATHER WAS RECORDED YESTERDAY.
  LIGHT RAIN


RELATIVE HUMIDITY (PERCENT)
 HIGHEST    71          1100 PM
 LOWEST     18           500 PM
 AVERAGE    45

..........................................................


THE WILLISTON ND CLIMATE NORMALS FOR TODAY
                         NORMAL    RECORD    YEAR
 MAXIMUM TEMPERATURE (F)   78       104      1983
 MINIMUM TEMPERATURE (F)   49        34      1946


SUNRISE AND SUNSET
SEPTEMBER  1 2015.....SUNRISE   712 AM CDT   SUNSET   836 PM CDT
SEPTEMBER  2 2015.....SUNRISE   713 AM CDT   SUNSET   834 PM CDT


-  INDICATES NEGATIVE NUMBERS.
R  INDICATES RECORD WAS SET OR TIED.
MM INDICATES DATA IS MISSING.
T  INDICATES TRACE AMOUNT.




$$
