000
CDUS43 KBIS 260049
CLIISN


CLIMATE REPORT
NATIONAL WEATHER SERVICE BISMARCK ND
747 PM CDT SUN JUN 25 2017


...................................

...THE WILLISTON ND CLIMATE SUMMARY FOR JUNE 25 2017...
VALID TODAY AS OF 0700 PM LOCAL TIME.

CLIMATE NORMAL PERIOD 1981 TO 2010
CLIMATE RECORD PERIOD 1894 TO 2017


WEATHER ITEM   OBSERVED TIME   RECORD YEAR NORMAL DEPARTURE LAST
                VALUE   (LST)  VALUE       VALUE  FROM      YEAR
                                                  NORMAL
..................................................................
TEMPERATURE (F)
 TODAY
  MAXIMUM         76    509 PM  97    1977  80     -4       70
  MINIMUM         46    114 AM  33    2004  52     -6       56
  AVERAGE         61                        66     -5       63

PRECIPITATION (IN)
  TODAY            0.14          1.41 1991   0.09   0.05     0.16
  MONTH TO DATE    1.29                      2.08  -0.79     1.82
  SINCE JUN 1      1.29                      2.08  -0.79     1.82
  SINCE JAN 1      4.76                      6.69  -1.93     6.89

SNOWFALL (IN)
  TODAY           MM

DEGREE DAYS
 HEATING
  TODAY            4                         2      2        2
  MONTH TO DATE   28                       110    -82       16
  SINCE JUN 1     28                       110    -82       16
  SINCE JUL 1   7958                      8984  -1026     7368

 COOLING
  TODAY            0                         3     -3        0
  MONTH TO DATE   71                        49     22       82
  SINCE JUN 1     71                        49     22       82
  SINCE JAN 1     94                        62     32       92
..................................................................


WIND (MPH)
  HIGHEST WIND SPEED    16   HIGHEST WIND DIRECTION    NE (40)
  HIGHEST GUST SPEED    20   HIGHEST GUST DIRECTION     N (10)
  AVERAGE WIND SPEED     5.0


SKY COVER
  POSSIBLE SUNSHINE  MM
  AVERAGE SKY COVER 0.5


WEATHER CONDITIONS
 THE FOLLOWING WEATHER WAS RECORDED TODAY.
  LIGHT RAIN
  FOG


RELATIVE HUMIDITY (PERCENT)
 HIGHEST    68           500 AM
 LOWEST     29           500 PM
 AVERAGE    49

..........................................................


THE WILLISTON ND CLIMATE NORMALS FOR TOMORROW
                         NORMAL    RECORD    YEAR
 MAXIMUM TEMPERATURE (F)   80       100      1931
 MINIMUM TEMPERATURE (F)   52        41      1966
                                             1958


SUNRISE AND SUNSET
JUNE 25 2017..........SUNRISE   555 AM CDT   SUNSET   959 PM CDT
JUNE 26 2017..........SUNRISE   556 AM CDT   SUNSET   959 PM CDT


-  INDICATES NEGATIVE NUMBERS.
R  INDICATES RECORD WAS SET OR TIED.
MM INDICATES DATA IS MISSING.
T  INDICATES TRACE AMOUNT.




$$
