000
CDUS43 KBIS 240727
CLIISN


CLIMATE REPORT
NATIONAL WEATHER SERVICE BISMARCK ND
227 AM CDT THU APR 24 2014


...................................

...THE WILLISTON ND CLIMATE SUMMARY FOR APRIL 23 2014...

CLIMATE NORMAL PERIOD 1981 TO 2010
CLIMATE RECORD PERIOD 1894 TO 2014


WEATHER ITEM   OBSERVED TIME   RECORD YEAR NORMAL DEPARTURE LAST
                VALUE   (LST)  VALUE       VALUE  FROM      YEAR
                                                  NORMAL
..................................................................
TEMPERATURE (F)
 YESTERDAY
  MAXIMUM         61   1041 AM  87    2012  61      0       50
  MINIMUM         34   1101 PM  14    2008  32      2       22
  AVERAGE         48                        46      2       36

PRECIPITATION (IN)
  YESTERDAY        0.09          1.27 1961   0.04   0.05     0.01
  MONTH TO DATE    0.37                      0.70  -0.33     0.81
  SINCE MAR 1      0.69                      1.41  -0.72     2.23
  SINCE JAN 1      1.13                      2.39  -1.26     2.80

SNOWFALL (IN)
  YESTERDAY       MM             9.0  1961   0.1   MM       MM
  MONTH TO DATE   MM                         3.1   MM        9.5
  SINCE MAR 1     MM                         9.3   MM       25.6
  SINCE JUL 1     MM                        43.4   MM       57.6
  SNOW DEPTH      MM

DEGREE DAYS
 HEATING
  YESTERDAY       17                        19     -2       29
  MONTH TO DATE  583                       531     52      784
  SINCE MAR 1   1786                      1638    148     2234
  SINCE JUL 1   8735                      8406    329     8822

 COOLING
  YESTERDAY        0                         0      0        0
  MONTH TO DATE    0                         0      0        0
  SINCE MAR 1      0                         0      0        0
  SINCE JAN 1      0                         0      0        0
..................................................................


WIND (MPH)
  HIGHEST WIND SPEED    33   HIGHEST WIND DIRECTION    SE (120)
  HIGHEST GUST SPEED    45   HIGHEST GUST DIRECTION     E (110)
  AVERAGE WIND SPEED    15.7


SKY COVER
  POSSIBLE SUNSHINE  MM
  AVERAGE SKY COVER 0.5


WEATHER CONDITIONS
 THE FOLLOWING WEATHER WAS RECORDED YESTERDAY.
  RAIN
  LIGHT RAIN
  FOG


RELATIVE HUMIDITY (PERCENT)
 HIGHEST    92          1100 PM
 LOWEST     45          1200 AM
 AVERAGE    69

..........................................................


THE WILLISTON ND CLIMATE NORMALS FOR TODAY
                         NORMAL    RECORD    YEAR
 MAXIMUM TEMPERATURE (F)   61        90      2012
                                             1962
 MINIMUM TEMPERATURE (F)   33        17      1907


SUNRISE AND SUNSET
APRIL 24 2014.........SUNRISE   648 AM CDT   SUNSET   858 PM CDT
APRIL 25 2014.........SUNRISE   646 AM CDT   SUNSET   900 PM CDT


-  INDICATES NEGATIVE NUMBERS.
R  INDICATES RECORD WAS SET OR TIED.
MM INDICATES DATA IS MISSING.
T  INDICATES TRACE AMOUNT.




$$
