000
CDUS43 KBIS 250836
CLIISN


CLIMATE REPORT
NATIONAL WEATHER SERVICE BISMARCK ND
235 AM CST SAT FEB 25 2017


...................................

...THE WILLISTON ND CLIMATE SUMMARY FOR FEBRUARY 24 2017...

CLIMATE NORMAL PERIOD 1981 TO 2010
CLIMATE RECORD PERIOD 1894 TO 2017


WEATHER ITEM   OBSERVED TIME   RECORD YEAR NORMAL DEPARTURE LAST
                VALUE   (LST)  VALUE       VALUE  FROM      YEAR
                                                  NORMAL
..................................................................
TEMPERATURE (F)
 YESTERDAY
  MAXIMUM         28    346 PM  58    1958  31     -3       36
  MINIMUM          8   1254 AM -35    2003  10     -2       23
  AVERAGE         18                        20     -2       30

PRECIPITATION (IN)
  YESTERDAY        0.01          0.31 1994   0.01   0.00     0.01
  MONTH TO DATE    0.56                      0.32   0.24     0.71
  SINCE DEC 1      1.96                      1.53   0.43     1.64
  SINCE JAN 1      1.00                      0.91   0.09     1.09

SNOWFALL (IN)
  YESTERDAY       MM
  SNOW DEPTH      MM

DEGREE DAYS
 HEATING
  YESTERDAY       47                        45      2       35
  MONTH TO DATE 1048                      1171   -123      877
  SINCE DEC 1   4234                      4430   -196     3706
  SINCE JUL 1   5813                      6592   -779     5456

 COOLING
  YESTERDAY        0                         0      0        0
  MONTH TO DATE    0                         0      0        0
  SINCE DEC 1      0                         0      0        0
  SINCE JAN 1      0                         0      0        0
..................................................................


WIND (MPH)
  HIGHEST WIND SPEED    13   HIGHEST WIND DIRECTION    SW (240)
  HIGHEST GUST SPEED    15   HIGHEST GUST DIRECTION    SW (210)
  AVERAGE WIND SPEED     3.6


SKY COVER
  POSSIBLE SUNSHINE  MM
  AVERAGE SKY COVER 0.9


WEATHER CONDITIONS
 THE FOLLOWING WEATHER WAS RECORDED YESTERDAY.
  LIGHT SNOW
  FOG


RELATIVE HUMIDITY (PERCENT)
 HIGHEST   100          1200 AM
 LOWEST     57           500 PM
 AVERAGE    79

..........................................................


THE WILLISTON ND CLIMATE NORMALS FOR TODAY
                         NORMAL    RECORD    YEAR
 MAXIMUM TEMPERATURE (F)   31        55      1958
 MINIMUM TEMPERATURE (F)   10       -27      1962


SUNRISE AND SUNSET
FEBRUARY 25 2017......SUNRISE   743 AM CST   SUNSET   633 PM CST
FEBRUARY 26 2017......SUNRISE   741 AM CST   SUNSET   635 PM CST


-  INDICATES NEGATIVE NUMBERS.
R  INDICATES RECORD WAS SET OR TIED.
MM INDICATES DATA IS MISSING.
T  INDICATES TRACE AMOUNT.




$$
