000
CDUS43 KBIS 160830
CLIISN


CLIMATE REPORT
NATIONAL WEATHER SERVICE BISMARCK ND
329 AM CDT WED APR 16 2014


...................................

...THE WILLISTON ND CLIMATE SUMMARY FOR APRIL 15 2014...

CLIMATE NORMAL PERIOD 1981 TO 2010
CLIMATE RECORD PERIOD 1894 TO 2014


WEATHER ITEM   OBSERVED TIME   RECORD YEAR NORMAL DEPARTURE LAST
                VALUE   (LST)  VALUE       VALUE  FROM      YEAR
                                                  NORMAL
..................................................................
TEMPERATURE (F)
 YESTERDAY
  MAXIMUM         49    345 PM  86    1913  57     -8       31
  MINIMUM         24    535 AM  -6    1986  30     -6       25
  AVERAGE         37                        43     -6       28

PRECIPITATION (IN)
  YESTERDAY        0.00          0.86 1896   0.04  -0.04     0.03
  MONTH TO DATE    0.18                      0.44  -0.26     0.49
  SINCE MAR 1      0.50                      1.15  -0.65     1.91
  SINCE JAN 1      0.94                      2.13  -1.19     2.48

SNOWFALL (IN)
  YESTERDAY       MM             7.6  1970   0.2   MM        0.1
  MONTH TO DATE   MM                         2.3   MM        7.2
  SINCE MAR 1     MM                         8.5   MM       23.3
  SINCE JUL 1     MM                        42.6   MM       55.3
  SNOW DEPTH       0

DEGREE DAYS
 HEATING
  YESTERDAY       28                        22      6       37
  MONTH TO DATE  416                       372     44      509
  SINCE MAR 1   1619                      1479    140     1959
  SINCE JUL 1   8568                      8247    321     8547

 COOLING
  YESTERDAY        0                         0      0        0
  MONTH TO DATE    0                         0      0        0
  SINCE MAR 1      0                         0      0        0
  SINCE JAN 1      0                         0      0        0
..................................................................


WIND (MPH)
  HIGHEST WIND SPEED    26   HIGHEST WIND DIRECTION    SE (120)
  HIGHEST GUST SPEED    26   HIGHEST GUST DIRECTION    SE (120)
  AVERAGE WIND SPEED    17.6


SKY COVER
  POSSIBLE SUNSHINE  MM
  AVERAGE SKY COVER 0.8


WEATHER CONDITIONS
 THE FOLLOWING WEATHER WAS RECORDED YESTERDAY.
  NO SIGNIFICANT WEATHER WAS OBSERVED.


RELATIVE HUMIDITY (PERCENT)
 HIGHEST    70          1200 PM
 LOWEST     42           400 PM
 AVERAGE    56

..........................................................


THE WILLISTON ND CLIMATE NORMALS FOR TODAY
                         NORMAL    RECORD    YEAR
 MAXIMUM TEMPERATURE (F)   58        82      1981
 MINIMUM TEMPERATURE (F)   30         9      1953


SUNRISE AND SUNSET
APRIL 16 2014.........SUNRISE   703 AM CDT   SUNSET   847 PM CDT
APRIL 17 2014.........SUNRISE   701 AM CDT   SUNSET   848 PM CDT


-  INDICATES NEGATIVE NUMBERS.
R  INDICATES RECORD WAS SET OR TIED.
MM INDICATES DATA IS MISSING.
T  INDICATES TRACE AMOUNT.




$$
