000
CDUS43 KBIS 240035
CLIISN


CLIMATE REPORT
NATIONAL WEATHER SERVICE BISMARCK ND
734 PM CDT WED AUG 23 2017


...................................

...THE WILLISTON ND CLIMATE SUMMARY FOR AUGUST 23 2017...
VALID TODAY AS OF 0700 PM LOCAL TIME.

CLIMATE NORMAL PERIOD 1981 TO 2010
CLIMATE RECORD PERIOD 1894 TO 2017


WEATHER ITEM   OBSERVED TIME   RECORD YEAR NORMAL DEPARTURE LAST
                VALUE   (LST)  VALUE       VALUE  FROM      YEAR
                                                  NORMAL
..................................................................
TEMPERATURE (F)
 TODAY
  MAXIMUM         91    515 PM 103    1937  82      9       81
  MINIMUM         51    530 AM  35    1928  52     -1       57
  AVERAGE         71                        67      4       69

PRECIPITATION (IN)
  TODAY            0.00          1.33 1968   0.04  -0.04     0.00
  MONTH TO DATE    2.18                      1.09   1.09     0.44
  SINCE JUN 1      4.26                      6.15  -1.89     4.67
  SINCE JAN 1      7.73                     10.76  -3.03     9.74

SNOWFALL (IN)
  TODAY           MM

DEGREE DAYS
 HEATING
  TODAY            0                         2     -2        0
  MONTH TO DATE   19                        27     -8        1
  SINCE JUN 1     50                       171   -121       18
  SINCE JUL 1     19                        51    -32        2

 COOLING
  TODAY            6                         4      2        4
  MONTH TO DATE   54                       139    -85      145
  SINCE JUN 1    520                       389    131      450
  SINCE JAN 1    543                       402    141      460
..................................................................


WIND (MPH)
  HIGHEST WIND SPEED    12   HIGHEST WIND DIRECTION    SW (220)
  HIGHEST GUST SPEED    16   HIGHEST GUST DIRECTION     S (180)
  AVERAGE WIND SPEED     5.2


SKY COVER
  POSSIBLE SUNSHINE  MM
  AVERAGE SKY COVER 0.0


WEATHER CONDITIONS
 THE FOLLOWING WEATHER WAS RECORDED TODAY.
  NO SIGNIFICANT WEATHER WAS OBSERVED.


RELATIVE HUMIDITY (PERCENT)
 HIGHEST    77           700 AM
 LOWEST     20           400 PM
 AVERAGE    49

..........................................................


THE WILLISTON ND CLIMATE NORMALS FOR TOMORROW
                         NORMAL    RECORD    YEAR
 MAXIMUM TEMPERATURE (F)   82       100      1997
                                             1952
 MINIMUM TEMPERATURE (F)   52        35      1928


SUNRISE AND SUNSET
AUGUST 23 2017........SUNRISE   700 AM CDT   SUNSET   853 PM CDT
AUGUST 24 2017........SUNRISE   702 AM CDT   SUNSET   851 PM CDT


-  INDICATES NEGATIVE NUMBERS.
R  INDICATES RECORD WAS SET OR TIED.
MM INDICATES DATA IS MISSING.
T  INDICATES TRACE AMOUNT.




$$
