000
CDUS43 KBIS 230846
CLIISN


CLIMATE REPORT
NATIONAL WEATHER SERVICE BISMARCK ND
245 AM CST FRI FEB 23 2018


...................................

...THE WILLISTON ND CLIMATE SUMMARY FOR FEBRUARY 22 2018...

CLIMATE NORMAL PERIOD 1981 TO 2010
CLIMATE RECORD PERIOD 1894 TO 2018


WEATHER ITEM   OBSERVED TIME   RECORD YEAR NORMAL DEPARTURE LAST
                VALUE   (LST)  VALUE       VALUE  FROM      YEAR
                                                  NORMAL
..................................................................
TEMPERATURE (F)
 YESTERDAY
  MAXIMUM         11    402 PM  61    1958  30    -19       34
  MINIMUM        -15    819 AM -28    1910   9    -24       27
  AVERAGE         -2                        19    -21       31

PRECIPITATION (IN)
  YESTERDAY        0.00          0.70 1961   0.02  -0.02     0.12
  MONTH TO DATE    0.38                      0.29   0.09     0.55
  SINCE DEC 1      1.11                      1.50  -0.39     1.95
  SINCE JAN 1      0.57                      0.88  -0.31     0.99

DEGREE DAYS
 HEATING
  YESTERDAY       67                        46     21       34
  MONTH TO DATE 1414                      1081    333      956
  SINCE DEC 1   4537                      4340    197     4142
  SINCE JUL 1   6551                      6502     49     5721

 COOLING
  YESTERDAY        0                         0      0        0
  MONTH TO DATE    0                         0      0        0
  SINCE DEC 1      0                         0      0        0
  SINCE JAN 1      0                         0      0        0
..................................................................


WIND (MPH)
  HIGHEST WIND SPEED     8   HIGHEST WIND DIRECTION     W (260)
  HIGHEST GUST SPEED    10   HIGHEST GUST DIRECTION     W (260)
  AVERAGE WIND SPEED     3.7


SKY COVER
  POSSIBLE SUNSHINE  MM
  AVERAGE SKY COVER 0.0


WEATHER CONDITIONS
 THE FOLLOWING WEATHER WAS RECORDED YESTERDAY.
  NO SIGNIFICANT WEATHER WAS OBSERVED.


RELATIVE HUMIDITY (PERCENT)
 HIGHEST    86           500 AM
 LOWEST     62          1200 PM
 AVERAGE    74

..........................................................


THE WILLISTON ND CLIMATE NORMALS FOR TODAY
                         NORMAL    RECORD    YEAR
 MAXIMUM TEMPERATURE (F)   30        58      1958
 MINIMUM TEMPERATURE (F)    9       -28      2003


SUNRISE AND SUNSET
FEBRUARY 23 2018......SUNRISE   747 AM CST   SUNSET   630 PM CST
FEBRUARY 24 2018......SUNRISE   745 AM CST   SUNSET   631 PM CST


-  INDICATES NEGATIVE NUMBERS.
R  INDICATES RECORD WAS SET OR TIED.
MM INDICATES DATA IS MISSING.
T  INDICATES TRACE AMOUNT.




$$
