000
CDUS43 KBIS 250852
CLIISN


CLIMATE REPORT
NATIONAL WEATHER SERVICE BISMARCK ND
352 AM CDT THU AUG 25 2016


...................................

...THE WILLISTON ND CLIMATE SUMMARY FOR AUGUST 24 2016...

CLIMATE NORMAL PERIOD 1981 TO 2010
CLIMATE RECORD PERIOD 1894 TO 2016


WEATHER ITEM   OBSERVED TIME   RECORD YEAR NORMAL DEPARTURE LAST
                VALUE   (LST)  VALUE       VALUE  FROM      YEAR
                                                  NORMAL
..................................................................
TEMPERATURE (F)
 YESTERDAY
  MAXIMUM         66    101 PM 100    1997  82    -16       79
                                      1952
  MINIMUM         54   1159 PM  35    1928  52      2       38
  AVERAGE         60                        67     -7       59

PRECIPITATION (IN)
  YESTERDAY        T             2.04 1914   0.05  -0.05     0.00
  MONTH TO DATE    0.44                      1.14  -0.70     0.82
  SINCE JUN 1      4.67                      6.20  -1.53     4.27
  SINCE JAN 1      9.74                     10.81  -1.07     7.77

SNOWFALL (IN)
  YESTERDAY       MM
  SNOW DEPTH      MM

DEGREE DAYS
 HEATING
  YESTERDAY        5                         2      3        6
  MONTH TO DATE    6                        29    -23       31
  SINCE JUN 1     23                       173   -150       93
  SINCE JUL 1      7                        53    -46       39

 COOLING
  YESTERDAY        0                         4     -4        0
  MONTH TO DATE  145                       143      2      166
  SINCE JUN 1    450                       393     57      516
  SINCE JAN 1    460                       406     54      517
..................................................................


WIND (MPH)
  HIGHEST WIND SPEED    30   HIGHEST WIND DIRECTION    NW (300)
  HIGHEST GUST SPEED    40   HIGHEST GUST DIRECTION     W (290)
  AVERAGE WIND SPEED    18.4


SKY COVER
  POSSIBLE SUNSHINE  MM
  AVERAGE SKY COVER 0.7


WEATHER CONDITIONS
 THE FOLLOWING WEATHER WAS RECORDED YESTERDAY.
  LIGHT RAIN


RELATIVE HUMIDITY (PERCENT)
 HIGHEST    72           600 PM
 LOWEST     52           100 PM
 AVERAGE    62

..........................................................


THE WILLISTON ND CLIMATE NORMALS FOR TODAY
                         NORMAL    RECORD    YEAR
 MAXIMUM TEMPERATURE (F)   82       101      1952
 MINIMUM TEMPERATURE (F)   52        35      1934


SUNRISE AND SUNSET
AUGUST 25 2016........SUNRISE   703 AM CDT   SUNSET   848 PM CDT
AUGUST 26 2016........SUNRISE   705 AM CDT   SUNSET   847 PM CDT


-  INDICATES NEGATIVE NUMBERS.
R  INDICATES RECORD WAS SET OR TIED.
MM INDICATES DATA IS MISSING.
T  INDICATES TRACE AMOUNT.




$$
