000
CDUS41 KOKX 250624
CLIISP


CLIMATE REPORT
NATIONAL WEATHER SERVICE NEW YORK NY
124 AM EST SUN JAN 25 2015


...................................

...THE ISLIP NY CLIMATE SUMMARY FOR JANUARY 24 2015...

CLIMATE NORMAL PERIOD 1981 TO 2010
CLIMATE RECORD PERIOD 1986 TO 2015


WEATHER ITEM   OBSERVED TIME   RECORD YEAR NORMAL DEPARTURE LAST
                VALUE   (LST)  VALUE       VALUE  FROM      YEAR
                                                  NORMAL
..................................................................
TEMPERATURE (F)
 YESTERDAY
  MAXIMUM         36    503 PM  59    1989  38     -2       19
  MINIMUM         33   1006 PM   4    2011  23     10        9
  AVERAGE         35                        30      5       14

PRECIPITATION (IN)
  YESTERDAY        0.85          1.58 1999   0.12   0.73     0.00
  MONTH TO DATE    3.61                      2.89   0.72     3.78
  SINCE DEC 1      9.73                      6.95   2.78     9.58
  SINCE JAN 1      3.61                      2.89   0.72     3.78

SNOWFALL (IN)
  YESTERDAY        3.1 R         0.1  2005   0.2    2.9      0.0
  MONTH TO DATE    4.9                       5.2   -0.3     22.4
  SINCE OCT 1      5.3                      11.1   -5.8     30.8
  SINCE JUL 1      5.3                      11.1   -5.8     30.8
  SNOW DEPTH       3

DEGREE DAYS
 HEATING
  YESTERDAY       30                        35     -5       51
  MONTH TO DATE  836                       828      8      870
  SINCE DEC 1   1618                      1739   -121     1728
  SINCE JUL 1   2531                      2755   -224     2692

 COOLING
  YESTERDAY        0                         0      0        0
  MONTH TO DATE    0                         0      0        0
  SINCE DEC 1      0                         0      0        0
  SINCE JAN 1      0                         0      0        0
..................................................................


WIND (MPH)
  HIGHEST WIND SPEED    20   HIGHEST WIND DIRECTION     N (350)
  HIGHEST GUST SPEED    26   HIGHEST GUST DIRECTION     N (360)
  AVERAGE WIND SPEED    10.2


SKY COVER
  AVERAGE SKY COVER 0.9


WEATHER CONDITIONS
 THE FOLLOWING WEATHER WAS RECORDED YESTERDAY.
  RAIN
  LIGHT RAIN
  SNOW
  LIGHT SNOW
  FOG
  HAZE


RELATIVE HUMIDITY (PERCENT)
 HIGHEST    96           900 AM
 LOWEST     75          1200 AM
 AVERAGE    86

..........................................................


THE ISLIP NY CLIMATE NORMALS FOR TODAY
                         NORMAL    RECORD    YEAR
 MAXIMUM TEMPERATURE (F)   38        55      2010
 MINIMUM TEMPERATURE (F)   23         5      2004


SUNRISE AND SUNSET
JANUARY 25 2015.......SUNRISE   709 AM EST   SUNSET   501 PM EST
JANUARY 26 2015.......SUNRISE   708 AM EST   SUNSET   502 PM EST


-  INDICATES NEGATIVE NUMBERS.
R  INDICATES RECORD WAS SET OR TIED.
MM INDICATES DATA IS MISSING.
T  INDICATES TRACE AMOUNT.




$$
