000
CDCA42 TJSJ 260456
CLIIST


CLIMATE REPORT
NATIONAL WEATHER SERVICE SAN JUAN, PR
1255 AM AST SUN OCT 26 2014


...................................

...THE CYRIL E. KING AIRPORT/USVI CLIMATE SUMMARY FOR OCTOBER 25 2014...

CLIMATE NORMAL PERIOD 1981 TO 2010
CLIMATE RECORD PERIOD 1953 TO 2014


WEATHER ITEM   OBSERVED TIME   RECORD YEAR NORMAL DEPARTURE LAST
                VALUE   (LST)  VALUE       VALUE  FROM      YEAR
                                                  NORMAL
..................................................................
TEMPERATURE (F)
 YESTERDAY
  MAXIMUM         87    253 PM  94    1983  88     -1       88
  MINIMUM         77    847 AM  70    1993  76      1       82
  AVERAGE         82                        82      0       85

PRECIPITATION (IN)
  YESTERDAY        0.07          2.04 1974   0.18  -0.11     0.03
  MONTH TO DATE    0.91                      4.30  -3.39     1.56
  SINCE SEP 1      2.66                      9.88  -7.22    11.38
  SINCE JAN 1     24.20                     30.03  -5.83    36.19

SNOWFALL (IN)
  YESTERDAY        0.0
  MONTH TO DATE    0.0
  SINCE SEP 1      0.0
  SINCE JUL 1      0.0

DEGREE DAYS
 HEATING
  YESTERDAY        0                         0      0        0
  MONTH TO DATE    0                         0      0        0
  SINCE SEP 1      0                         0      0        0
  SINCE JUL 1      0                         0      0        0

 COOLING
  YESTERDAY       17                        17      0       20
  MONTH TO DATE  444                       447     -3      486
  SINCE SEP 1    981                      1015    -34     1063
  SINCE JAN 1   4971                      5006    -35     4963
..................................................................


WIND (MPH)
  RESULTANT WIND SPEED   8   RESULTANT WIND DIRECTION  SE (130)
  HIGHEST WIND SPEED    13   HIGHEST WIND DIRECTION    SE (140)
  AVERAGE WIND SPEED     9.1


SKY COVER
  AVERAGE SKY COVER 0.3


WEATHER CONDITIONS
 THE FOLLOWING WEATHER WAS RECORDED YESTERDAY.
  RAIN
  LIGHT RAIN


RELATIVE HUMIDITY (PERCENT)
 HIGHEST    85
 LOWEST     65
 AVERAGE    75

..........................................................


THE CYRIL E. KING AIRPORT/USVI CLIMATE NORMALS FOR TODAY
                         NORMAL    RECORD    YEAR
 MAXIMUM TEMPERATURE (F)   88        93      1992
 MINIMUM TEMPERATURE (F)   76        71      2007


SUNRISE AND SUNSET
OCTOBER 26 2014.......SUNRISE   617 AM AST   SUNSET   550 PM AST
OCTOBER 27 2014.......SUNRISE   617 AM AST   SUNSET   550 PM AST


-  INDICATES NEGATIVE NUMBERS.
R  INDICATES RECORD WAS SET OR TIED.
MM INDICATES DATA IS MISSING.
T  INDICATES TRACE AMOUNT.




$$
