000
CDCA42 TJSJ 270526
CLIIST


CLIMATE REPORT
NATIONAL WEATHER SERVICE SAN JUAN, PR
125 AM AST FRI MAR 27 2015


...................................

...THE CYRIL E. KING AP/ST THOMAS  CLIMATE SUMMARY FOR MARCH 26 2015...

CLIMATE NORMAL PERIOD 1981 TO 2010
CLIMATE RECORD PERIOD 1953 TO 2015


WEATHER ITEM   OBSERVED TIME   RECORD YEAR NORMAL DEPARTURE LAST
                VALUE   (LST)  VALUE       VALUE  FROM      YEAR
                                                  NORMAL
..................................................................
TEMPERATURE (F)
 YESTERDAY
  MAXIMUM         86   1101 AM  94    1994  86      0       85
  MINIMUM         74    515 AM  66    1995  73      1       74
                                      1977
  AVERAGE         80                        80      0       80

PRECIPITATION (IN)
  YESTERDAY        T             1.16 2004   0.05  -0.05      T
  MONTH TO DATE    1.68                      1.16   0.52     1.66
  SINCE MAR 1      1.68                      1.16   0.52     1.66
  SINCE JAN 1     16.71                      4.97  11.74     4.24

SNOWFALL (IN)
  YESTERDAY        0.0                       0.0    0.0      0.0
  MONTH TO DATE    0.0                       0.0    0.0      0.0
  SINCE MAR 1      0.0                       0.0    0.0      0.0
  SINCE JUL 1      0.0                       0.0    0.0      0.0

DEGREE DAYS
 HEATING
  YESTERDAY        0                         0      0        0
  MONTH TO DATE    0                         0      0        0
  SINCE MAR 1      0                         0      0        0
  SINCE JUL 1      0                         0      0        0

 COOLING
  YESTERDAY       15                        15      0       15
  MONTH TO DATE  351                       370    -19      357
  SINCE MAR 1    351                       370    -19      357
  SINCE JAN 1   1155                      1184    -29     1179
..................................................................


WIND (MPH)
  HIGHEST WIND SPEED    18   HIGHEST WIND DIRECTION    SE (130)
  HIGHEST GUST SPEED    24   HIGHEST GUST DIRECTION    SE (120)
  AVERAGE WIND SPEED    11.3


SKY COVER
  AVERAGE SKY COVER 0.1


WEATHER CONDITIONS
 THE FOLLOWING WEATHER WAS RECORDED YESTERDAY.
  NO SIGNIFICANT WEATHER WAS OBSERVED.


RELATIVE HUMIDITY (PERCENT)
 HIGHEST    82
 LOWEST     55
 AVERAGE    69

..........................................................


THE CYRIL E. KING AP/ST THOMAS  CLIMATE NORMALS FOR TODAY
                         NORMAL    RECORD    YEAR
 MAXIMUM TEMPERATURE (F)   86        94      1994
 MINIMUM TEMPERATURE (F)   73        68      2000


SUNRISE AND SUNSET
MARCH 27 2015.........SUNRISE   618 AM AST   SUNSET   632 PM AST
MARCH 28 2015.........SUNRISE   618 AM AST   SUNSET   633 PM AST


-  INDICATES NEGATIVE NUMBERS.
R  INDICATES RECORD WAS SET OR TIED.
MM INDICATES DATA IS MISSING.
T  INDICATES TRACE AMOUNT.




$$
