000
CDCA42 TJSJ 032126
CLIIST


CLIMATE REPORT
NATIONAL WEATHER SERVICE SAN JUAN, PR
526 PM AST FRI JUL 3 2015


...................................

...THE CYRIL E. KING AP/ST THOMAS  CLIMATE SUMMARY FOR JULY 3 2015...
VALID TODAY AS OF 0500 PM LOCAL TIME.

CLIMATE NORMAL PERIOD 1981 TO 2010
CLIMATE RECORD PERIOD 1953 TO 2015


WEATHER ITEM   OBSERVED TIME   RECORD YEAR NORMAL DEPARTURE LAST
                VALUE   (LST)  VALUE       VALUE  FROM      YEAR
                                                  NORMAL
..................................................................
TEMPERATURE (F)
 TODAY
  MAXIMUM         91   1212 PM  96    1995  90      1       89
  MINIMUM         81    624 AM  72    2011  78      3       77
                                      1956
  AVERAGE         86                        84      2       83

PRECIPITATION (IN)
  TODAY            0.00          0.85 2011   0.09  -0.09     0.08
  MONTH TO DATE    0.02                      0.28  -0.26     0.08
  SINCE JUN 1      1.09                      2.81  -1.72     0.22
  SINCE JAN 1     25.13                     13.84  11.29    13.46

SNOWFALL (IN)
  TODAY            0.0                       0.0    0.0      0.0
  MONTH TO DATE    0.0                       0.0    0.0      0.0
  SINCE JUN 1      0.0                       0.0    0.0      0.0
  SINCE JUL 1      0.0                       0.0    0.0      0.0

DEGREE DAYS
 HEATING
  TODAY            0                         0      0        0
  MONTH TO DATE    0                         0      0        0
  SINCE JUN 1      0                         0      0        0
  SINCE JUL 1      0                         0      0        0

 COOLING
  TODAY           21                        19      2       18
  MONTH TO DATE   62                        57      5       58
  SINCE JUN 1    631                       612     19      633
  SINCE JAN 1   2870                      2864      6     2856
..................................................................


WIND (MPH)
  HIGHEST WIND SPEED    24   HIGHEST WIND DIRECTION     E (80)
  HIGHEST GUST SPEED    29   HIGHEST GUST DIRECTION     E (90)
  AVERAGE WIND SPEED    14.5


SKY COVER
  AVERAGE SKY COVER 0.9


WEATHER CONDITIONS
 THE FOLLOWING WEATHER WAS RECORDED TODAY.
  NO SIGNIFICANT WEATHER WAS OBSERVED.


RELATIVE HUMIDITY (PERCENT)
 HIGHEST    79
 LOWEST     52
 AVERAGE    66

..........................................................


THE CYRIL E. KING AP/ST THOMAS  CLIMATE NORMALS FOR TOMORROW
                         NORMAL    RECORD    YEAR
 MAXIMUM TEMPERATURE (F)   90        94      1994
 MINIMUM TEMPERATURE (F)   78        73      1983
                                             1981


SUNRISE AND SUNSET
JULY  3 2015..........SUNRISE   548 AM AST   SUNSET   700 PM AST
JULY  4 2015..........SUNRISE   548 AM AST   SUNSET   700 PM AST


-  INDICATES NEGATIVE NUMBERS.
R  INDICATES RECORD WAS SET OR TIED.
MM INDICATES DATA IS MISSING.
T  INDICATES TRACE AMOUNT.




$$
