000
CDCA42 TJSJ 240445
CLIISX


CLIMATE REPORT
NATIONAL WEATHER SERVICE SAN JUAN, PR
1245 AM AST SAT FEB 24 2018


...................................

...THE HENRY E. ROHLSEN AP/ST CROIX CLIMATE SUMMARY FOR FEBRUARY 23 2018...

CLIMATE NORMAL PERIOD 1981 TO 2010
CLIMATE RECORD PERIOD 1951 TO 2018


WEATHER ITEM   OBSERVED TIME   RECORD YEAR NORMAL DEPARTURE LAST
                VALUE   (LST)  VALUE       VALUE  FROM      YEAR
                                                  NORMAL
..................................................................
TEMPERATURE (F)
 YESTERDAY
  MAXIMUM         84    135 PM  88    1964  84      0       83
  MINIMUM         70    836 PM  63    1981  72     -2       69
  AVERAGE         77                        78     -1       76

PRECIPITATION (IN)
  YESTERDAY        0.10          0.80 1988   0.06   0.04      T
  MONTH TO DATE    1.19                      1.37  -0.18     0.67
  SINCE DEC 1      6.04                      6.48  -0.44     5.89
  SINCE JAN 1      1.58                      3.51  -1.93     1.60

SNOWFALL (IN)
  YESTERDAY        0.0                       0.0    0.0      0.0
  MONTH TO DATE    0.0                       0.0    0.0      0.0
  SINCE DEC 1      0.0                       0.0    0.0      0.0
  SINCE JUL 1      0.0                       0.0    0.0      0.0

DEGREE DAYS
 HEATING
  YESTERDAY        0                         0      0        0
  MONTH TO DATE    0                         0      0        0
  SINCE DEC 1      0                         0      0        0
  SINCE JUL 1      0                         0      0        0

 COOLING
  YESTERDAY       12                        13     -1       11
  MONTH TO DATE  292                       299     -7      298
  SINCE DEC 1   1109                      1144    -35     1167
  SINCE JAN 1    672                       708    -36      701
..................................................................


WIND (MPH)
  HIGHEST WIND SPEED    24   HIGHEST WIND DIRECTION    NE (60)
  HIGHEST GUST SPEED    32   HIGHEST GUST DIRECTION     E (70)
  AVERAGE WIND SPEED    14.8


SKY COVER
  AVERAGE SKY COVER 0.3


WEATHER CONDITIONS
 THE FOLLOWING WEATHER WAS RECORDED YESTERDAY.
  LIGHT RAIN
  FOG
  HAZE


RELATIVE HUMIDITY (PERCENT)
 HIGHEST    93
 LOWEST     58
 AVERAGE    76

..........................................................


THE HENRY E. ROHLSEN AP/ST CROIX CLIMATE NORMALS FOR TODAY
                         NORMAL    RECORD    YEAR
 MAXIMUM TEMPERATURE (F)   84        87      2016
 MINIMUM TEMPERATURE (F)   72        62      1981


SUNRISE AND SUNSET
FEBRUARY 24 2018......SUNRISE   641 AM AST   SUNSET   624 PM AST
FEBRUARY 25 2018......SUNRISE   640 AM AST   SUNSET   624 PM AST


-  INDICATES NEGATIVE NUMBERS.
R  INDICATES RECORD WAS SET OR TIED.
MM INDICATES DATA IS MISSING.
T  INDICATES TRACE AMOUNT.




$$
