000
CDHW43 PHFO 011245
CLIITO


CLIMATE REPORT
NATIONAL WEATHER SERVICE HONOLULU HI
245 AM HST MON SEP 1 2014


...................................

...THE HILO HI CLIMATE SUMMARY FOR AUGUST 31 2014...

CLIMATE NORMAL PERIOD 1981 TO 2010
CLIMATE RECORD PERIOD 1946 TO 2014


WEATHER ITEM   OBSERVED TIME   RECORD YEAR NORMAL DEPARTURE LAST
                VALUE   (LST)  VALUE       VALUE  FROM      YEAR
                                                  NORMAL
..................................................................
TEMPERATURE (F)
 YESTERDAY
  MAXIMUM         87    116 PM  89    1996  83      4       82
  MINIMUM         71    431 AM  64    1971  70      1       68
                                      1970
  AVERAGE         79                        76      3       75

PRECIPITATION (IN)
  YESTERDAY        0.10          3.94 1982   0.29  -0.19     0.17
  MONTH TO DATE   10.81                      9.85   0.96     9.04
  SINCE JUN 1     33.37                     28.03   5.34    17.84
  SINCE JAN 1     81.11                     79.94   1.17    64.88

SNOWFALL (IN)
  YESTERDAY        0.0
  MONTH TO DATE    0.0
  SINCE JUN 1      0.0
  SINCE JUL 1      0.0
  SNOW DEPTH       0

DEGREE DAYS
 HEATING
  YESTERDAY        0                         0      0        0
  MONTH TO DATE    0                         0      0        0
  SINCE JUN 1      0                         0      0        0
  SINCE JUL 1      0                         0      0        0

 COOLING
  YESTERDAY       14                        11      3       10
  MONTH TO DATE  409                       355     54      358
  SINCE JUN 1   1021                      1004     17     1060
  SINCE JAN 1   2277                      2072    205     2213
..................................................................


WIND (MPH)
  HIGHEST WIND SPEED    22   HIGHEST WIND DIRECTION    SE (120)
  HIGHEST GUST SPEED    27   HIGHEST GUST DIRECTION    SE (140)
  AVERAGE WIND SPEED     8.6


SKY COVER
  POSSIBLE SUNSHINE  MM
  AVERAGE SKY COVER 0.8


WEATHER CONDITIONS
 THE FOLLOWING WEATHER WAS RECORDED YESTERDAY.
  LIGHT RAIN
  FOG


RELATIVE HUMIDITY (PERCENT)
 HIGHEST    94           600 PM
 LOWEST     63          1100 AM
 AVERAGE    79

..........................................................


THE HILO HI CLIMATE NORMALS FOR TODAY
                         NORMAL    RECORD    YEAR
 MAXIMUM TEMPERATURE (F)   83        88      1996
                                             1990
                                             1987
 MINIMUM TEMPERATURE (F)   69        65      1983
                                             1958


SUNRISE AND SUNSET
SEPTEMBER  1 2014.....SUNRISE   605 AM HST   SUNSET   635 PM HST
SEPTEMBER  2 2014.....SUNRISE   605 AM HST   SUNSET   634 PM HST


-  INDICATES NEGATIVE NUMBERS.
R  INDICATES RECORD WAS SET OR TIED.
MM INDICATES DATA IS MISSING.
T  INDICATES TRACE AMOUNT.




$$
