000
CDHW43 PHFO 300240
CLIITO


CLIMATE REPORT
NATIONAL WEATHER SERVICE HONOLULU HI
440 PM HST WED MAR 29 2017


...................................

...THE HILO HI CLIMATE SUMMARY FOR MARCH 29 2017...
VALID TODAY AS OF 0400 PM LOCAL TIME.

CLIMATE NORMAL PERIOD 1981 TO 2010
CLIMATE RECORD PERIOD 1946 TO 2017


WEATHER ITEM   OBSERVED TIME   RECORD YEAR NORMAL DEPARTURE LAST
                VALUE   (LST)  VALUE       VALUE  FROM      YEAR
                                                  NORMAL
..................................................................
TEMPERATURE (F)
 TODAY
  MAXIMUM         83    240 PM  86    2016  79      4       86
                                      2002
  MINIMUM         66    257 AM  60    2012  65      1       66
  AVERAGE         75                        72      3       76

PRECIPITATION (IN)
  TODAY            0.24          3.16 2005   0.46  -0.22     0.00
  MONTH TO DATE    2.93                     12.53  -9.60     4.88
  SINCE MAR 1      2.93                     12.53  -9.60     4.88
  SINCE JAN 1     21.42                     31.35  -9.93     9.45

SNOWFALL (IN)
  TODAY            0.0
  MONTH TO DATE    0.0
  SINCE MAR 1      0.0
  SINCE JUL 1      0.0
  SNOW DEPTH       0

DEGREE DAYS
 HEATING
  TODAY            0                         0      0        0
  MONTH TO DATE    0                         0      0        0
  SINCE MAR 1      0                         0      0        0
  SINCE JUL 1      0                         0      0        0

 COOLING
  TODAY           10                         7      3       11
  MONTH TO DATE  284                       200     84      287
  SINCE MAR 1    284                       200     84      287
  SINCE JAN 1    693                       570    123      851
..................................................................


WIND (MPH)
  HIGHEST WIND SPEED    14   HIGHEST WIND DIRECTION     E (100)
  HIGHEST GUST SPEED    19   HIGHEST GUST DIRECTION    SE (130)
  AVERAGE WIND SPEED     6.7


SKY COVER
  POSSIBLE SUNSHINE  MM
  AVERAGE SKY COVER 0.9


WEATHER CONDITIONS
 THE FOLLOWING WEATHER WAS RECORDED TODAY.
  HEAVY RAIN
  LIGHT RAIN
  FOG


RELATIVE HUMIDITY (PERCENT)
 HIGHEST    87           300 AM
 LOWEST     55           200 PM
 AVERAGE    71

..........................................................


THE HILO HI CLIMATE NORMALS FOR TOMORROW
                         NORMAL    RECORD    YEAR
 MAXIMUM TEMPERATURE (F)   79        86      1974
 MINIMUM TEMPERATURE (F)   65        61      1991
                                             1970


SUNRISE AND SUNSET
MARCH 29 2017.........SUNRISE   616 AM HST   SUNSET   634 PM HST
MARCH 30 2017.........SUNRISE   615 AM HST   SUNSET   634 PM HST


-  INDICATES NEGATIVE NUMBERS.
R  INDICATES RECORD WAS SET OR TIED.
MM INDICATES DATA IS MISSING.
T  INDICATES TRACE AMOUNT.




$$
