000
CDHW43 PHFO 221245
CLIITO


CLIMATE REPORT
NATIONAL WEATHER SERVICE HONOLULU HI
245 AM HST WED NOV 22 2017


...................................

...THE HILO HI CLIMATE SUMMARY FOR NOVEMBER 21 2017...

CLIMATE NORMAL PERIOD 1981 TO 2010
CLIMATE RECORD PERIOD 1946 TO 2017


WEATHER ITEM   OBSERVED TIME   RECORD YEAR NORMAL DEPARTURE LAST
                VALUE   (LST)  VALUE       VALUE  FROM      YEAR
                                                  NORMAL
..................................................................
TEMPERATURE (F)
 YESTERDAY
  MAXIMUM         77    159 PM  85    1977  80     -3       76
  MINIMUM         62    514 AM  61    2003  67     -5       69
                                      1954
  AVERAGE         70                        74     -4       73

PRECIPITATION (IN)
  YESTERDAY        T             5.43 1987   0.52  -0.52     1.64
  MONTH TO DATE    8.37                     11.07  -2.70     4.66
  SINCE SEP 1     29.47                     30.78  -1.31    34.53
  SINCE JAN 1     83.09                    110.72 -27.63   102.62

SNOWFALL (IN)
  YESTERDAY        0.0
  MONTH TO DATE    0.0
  SINCE SEP 1      0.0
  SINCE JUL 1      0.0
  SNOW DEPTH      MM

DEGREE DAYS
 HEATING
  YESTERDAY        0                         0      0        0
  MONTH TO DATE    0                         0      0        0
  SINCE SEP 1      0                         0      0        0
  SINCE JUL 1      0                         0      0        0

 COOLING
  YESTERDAY        5                         9     -4        8
  MONTH TO DATE  178                       197    -19      207
  SINCE SEP 1    906                       860     46      933
  SINCE JAN 1   3322                      2932    390     3684
..................................................................


WIND (MPH)
  HIGHEST WIND SPEED    18   HIGHEST WIND DIRECTION    NW (330)
  HIGHEST GUST SPEED    23   HIGHEST GUST DIRECTION     N (10)
  AVERAGE WIND SPEED     7.2


SKY COVER
  POSSIBLE SUNSHINE  MM
  AVERAGE SKY COVER  MM


WEATHER CONDITIONS
 THE FOLLOWING WEATHER WAS RECORDED YESTERDAY.
  NO SIGNIFICANT WEATHER WAS OBSERVED.


RELATIVE HUMIDITY (PERCENT)
 HIGHEST    MM
 LOWEST     MM
 AVERAGE    MM

..........................................................


THE HILO HI CLIMATE NORMALS FOR TODAY
                         NORMAL    RECORD    YEAR
 MAXIMUM TEMPERATURE (F)   80        87      2015
 MINIMUM TEMPERATURE (F)   67        59      1956


SUNRISE AND SUNSET
NOVEMBER 22 2017......SUNRISE   633 AM HST   SUNSET   540 PM HST
NOVEMBER 23 2017......SUNRISE   634 AM HST   SUNSET   540 PM HST


-  INDICATES NEGATIVE NUMBERS.
R  INDICATES RECORD WAS SET OR TIED.
MM INDICATES DATA IS MISSING.
T  INDICATES TRACE AMOUNT.




$$
