958
CDHW43 PHFO 220248
CLIITO


CLIMATE REPORT
NATIONAL WEATHER SERVICE HONOLULU HI
447 PM HST TUE FEB 21 2017


...................................

...THE HILO HI CLIMATE SUMMARY FOR FEBRUARY 21 2017...
VALID TODAY AS OF 0400 PM LOCAL TIME.

CLIMATE NORMAL PERIOD 1981 TO 2010
CLIMATE RECORD PERIOD 1946 TO 2017


WEATHER ITEM   OBSERVED TIME   RECORD YEAR NORMAL DEPARTURE LAST
                VALUE   (LST)  VALUE       VALUE  FROM      YEAR
                                                  NORMAL
..................................................................
TEMPERATURE (F)
 TODAY
  MAXIMUM         78    326 PM  87    1986  79     -1       85
                                      1963
  MINIMUM         64    228 AM  53    1962  64      0       63
  AVERAGE         71                        71      0       74

PRECIPITATION (IN)
  TODAY            T             4.81 1999   0.33  -0.33     0.00
  MONTH TO DATE    1.04                      6.99  -5.95     2.68
  SINCE DEC 1     33.78                     27.82   5.96    18.07
  SINCE JAN 1     13.38                     16.25  -2.87     3.97

SNOWFALL (IN)
  TODAY            0.0
  MONTH TO DATE    0.0
  SINCE DEC 1      0.0
  SINCE JUL 1      0.0
  SNOW DEPTH       0

DEGREE DAYS
 HEATING
  TODAY            0                         0      0        0
  MONTH TO DATE    0                         0      0        0
  SINCE DEC 1      0                         0      0        0
  SINCE JUL 1      0                         0      0        0

 COOLING
  TODAY            6                         6      0        9
  MONTH TO DATE  156                       126     30      189
  SINCE DEC 1    596                       549     47      782
  SINCE JAN 1    366                       324     42      476
..................................................................


WIND (MPH)
  HIGHEST WIND SPEED    21   HIGHEST WIND DIRECTION     E (100)
  HIGHEST GUST SPEED    25   HIGHEST GUST DIRECTION     E (70)
  AVERAGE WIND SPEED     7.1


SKY COVER
  POSSIBLE SUNSHINE  MM
  AVERAGE SKY COVER 0.8


WEATHER CONDITIONS
 THE FOLLOWING WEATHER WAS RECORDED TODAY.
  LIGHT RAIN


RELATIVE HUMIDITY (PERCENT)
 HIGHEST    87           700 AM
 LOWEST     64          1100 AM
 AVERAGE    76

..........................................................


THE HILO HI CLIMATE NORMALS FOR TOMORROW
                         NORMAL    RECORD    YEAR
 MAXIMUM TEMPERATURE (F)   79        87      1968
                                             1963
 MINIMUM TEMPERATURE (F)   64        57      1962


SUNRISE AND SUNSET
FEBRUARY 21 2017......SUNRISE   645 AM HST   SUNSET   623 PM HST
FEBRUARY 22 2017......SUNRISE   644 AM HST   SUNSET   623 PM HST


-  INDICATES NEGATIVE NUMBERS.
R  INDICATES RECORD WAS SET OR TIED.
MM INDICATES DATA IS MISSING.
T  INDICATES TRACE AMOUNT.




$$
