000
CDHW43 PHFO 011245
CLIITO


CLIMATE REPORT
NATIONAL WEATHER SERVICE HONOLULU HI
245 AM HST MON JUN 1 2015


...................................

...THE HILO HI CLIMATE SUMMARY FOR MAY 31 2015...

CLIMATE NORMAL PERIOD 1981 TO 2010
CLIMATE RECORD PERIOD 1946 TO 2015


WEATHER ITEM   OBSERVED TIME   RECORD YEAR NORMAL DEPARTURE LAST
                VALUE   (LST)  VALUE       VALUE  FROM      YEAR
                                                  NORMAL
..................................................................
TEMPERATURE (F)
 YESTERDAY
  MAXIMUM         83   1159 AM  88    2007  82      1       82
  MINIMUM         70    625 AM  64    2014  68      2       64
                                      2007
                                      1993
  AVERAGE         77                        75      2       73

PRECIPITATION (IN)
  YESTERDAY        0.04          0.70 1991   0.21  -0.17     0.37
  MONTH TO DATE    7.75                      8.12  -0.37     7.41
  SINCE MAR 1     30.98                     33.09  -2.11    39.51
  SINCE JAN 1     39.07                     51.91 -12.84    47.74

SNOWFALL (IN)
  YESTERDAY        0.0
  MONTH TO DATE    0.0
  SINCE MAR 1      0.0
  SINCE JUL 1      0.0
  SNOW DEPTH       0

DEGREE DAYS
 HEATING
  YESTERDAY        0                         0      0        0
  MONTH TO DATE    0                         0      0        0
  SINCE MAR 1      0                         0      0        0
  SINCE JUL 1      0                         0      0        0

 COOLING
  YESTERDAY       12                        10      2        8
  MONTH TO DATE  273                       271      2      307
  SINCE MAR 1    801                       698    103      798
  SINCE JAN 1   1327                      1068    259     1256
..................................................................


WIND (MPH)
  HIGHEST WIND SPEED    15   HIGHEST WIND DIRECTION     E (90)
  HIGHEST GUST SPEED    19   HIGHEST GUST DIRECTION     E (70)
  AVERAGE WIND SPEED     8.2


SKY COVER
  POSSIBLE SUNSHINE  MM
  AVERAGE SKY COVER 0.9


WEATHER CONDITIONS
 THE FOLLOWING WEATHER WAS RECORDED YESTERDAY.
  LIGHT RAIN
  FOG


RELATIVE HUMIDITY (PERCENT)
 HIGHEST    97           600 AM
 LOWEST     69          1200 PM
 AVERAGE    83

..........................................................


THE HILO HI CLIMATE NORMALS FOR TODAY
                         NORMAL    RECORD    YEAR
 MAXIMUM TEMPERATURE (F)   82        89      1962
 MINIMUM TEMPERATURE (F)   68        63      1982
                                             1953


SUNRISE AND SUNSET
JUNE  1 2015..........SUNRISE   541 AM HST   SUNSET   656 PM HST
JUNE  2 2015..........SUNRISE   541 AM HST   SUNSET   656 PM HST


-  INDICATES NEGATIVE NUMBERS.
R  INDICATES RECORD WAS SET OR TIED.
MM INDICATES DATA IS MISSING.
T  INDICATES TRACE AMOUNT.




$$
