000
CDHW43 PHFO 290227
CLIITO


CLIMATE REPORT
NATIONAL WEATHER SERVICE HONOLULU HI
426 PM HST FRI JUL 28 2017


...................................

...THE HILO HI CLIMATE SUMMARY FOR JULY 28 2017...
VALID TODAY AS OF 0400 PM LOCAL TIME.

CLIMATE NORMAL PERIOD 1981 TO 2010
CLIMATE RECORD PERIOD 1946 TO 2017


WEATHER ITEM   OBSERVED TIME   RECORD YEAR NORMAL DEPARTURE LAST
                VALUE   (LST)  VALUE       VALUE  FROM      YEAR
                                                  NORMAL
..................................................................
TEMPERATURE (F)
 TODAY
  MAXIMUM         82    341 PM  87    2016  83     -1       87
                                      2015
                                      2007
  MINIMUM         69    356 AM  63    1999  70     -1       72
  AVERAGE         76                        76      0       80

PRECIPITATION (IN)
  TODAY            1.78R         1.67 2006   0.37   1.41      T
  MONTH TO DATE    6.45                      9.68  -3.23     7.00
  SINCE JUN 1      9.41                     17.05  -7.64    18.19
  SINCE JAN 1     44.05                     68.96 -24.91    43.05

SNOWFALL (IN)
  TODAY            0.0
  MONTH TO DATE    0.0
  SINCE JUN 1      0.0
  SINCE JUL 1      0.0
  SNOW DEPTH      MM

DEGREE DAYS
 HEATING
  TODAY            0                         0      0        0
  MONTH TO DATE    0                         0      0        0
  SINCE JUN 1      0                         0      0        0
  SINCE JUL 1      0                         0      0        0

 COOLING
  TODAY           11                        11      0       15
  MONTH TO DATE  341                       308     33      387
  SINCE JUN 1    693                       614     79      753
  SINCE JAN 1   1997                      1682    315     2299
..................................................................


WIND (MPH)
  HIGHEST WIND SPEED     9   HIGHEST WIND DIRECTION    NE (30)
  HIGHEST GUST SPEED    12   HIGHEST GUST DIRECTION    NE (30)
  AVERAGE WIND SPEED    MM


SKY COVER
  POSSIBLE SUNSHINE  MM
  AVERAGE SKY COVER  MM


WEATHER CONDITIONS
 THE FOLLOWING WEATHER WAS RECORDED TODAY.
  FOG


RELATIVE HUMIDITY (PERCENT)
 HIGHEST    MM
 LOWEST     MM
 AVERAGE    MM

..........................................................


THE HILO HI CLIMATE NORMALS FOR TOMORROW
                         NORMAL    RECORD    YEAR
 MAXIMUM TEMPERATURE (F)   83        89      1986
 MINIMUM TEMPERATURE (F)   70        63      1970
                                             1956


SUNRISE AND SUNSET
JULY 28 2017..........SUNRISE   555 AM HST   SUNSET   658 PM HST
JULY 29 2017..........SUNRISE   555 AM HST   SUNSET   658 PM HST


-  INDICATES NEGATIVE NUMBERS.
R  INDICATES RECORD WAS SET OR TIED.
MM INDICATES DATA IS MISSING.
T  INDICATES TRACE AMOUNT.




$$
