000
CDHW43 PHFO 180239
CLIITO


CLIMATE REPORT
NATIONAL WEATHER SERVICE HONOLULU HI
439 PM HST WED DEC 17 2014


...................................

...THE HILO HI CLIMATE SUMMARY FOR DECEMBER 17 2014...
VALID TODAY AS OF 0400 PM LOCAL TIME.

CLIMATE NORMAL PERIOD 1981 TO 2010
CLIMATE RECORD PERIOD 1946 TO 2014


WEATHER ITEM   OBSERVED TIME   RECORD YEAR NORMAL DEPARTURE LAST
                VALUE   (LST)  VALUE       VALUE  FROM      YEAR
                                                  NORMAL
..................................................................
TEMPERATURE (F)
 TODAY
  MAXIMUM         81   1042 AM  86    1967  79      2       81
  MINIMUM         66    505 AM  59    1989  65      1       63
                                      1955
  AVERAGE         74                        72      2       72

PRECIPITATION (IN)
  TODAY            0.00          5.13 1993   0.36  -0.36     0.00
  MONTH TO DATE    4.10                      6.78  -2.68     1.44
  SINCE DEC 1      4.10                      6.78  -2.68     1.44
  SINCE JAN 1    113.24                    121.93  -8.69    83.42

SNOWFALL (IN)
  TODAY            0.0
  MONTH TO DATE    0.0
  SINCE DEC 1      0.0
  SINCE JUL 1      0.0
  SNOW DEPTH       0

DEGREE DAYS
 HEATING
  TODAY            0                         0      0        0
  MONTH TO DATE    0                         0      0        0
  SINCE DEC 1      0                         0      0        0
  SINCE JUL 1      0                         0      0        0

 COOLING
  TODAY            9                         7      2        7
  MONTH TO DATE  131                       128      3      143
  SINCE DEC 1    131                       128      3      143
  SINCE JAN 1   3541                      3135    406     3419
..................................................................


WIND (MPH)
  HIGHEST WIND SPEED    17   HIGHEST WIND DIRECTION     E (80)
  HIGHEST GUST SPEED    19   HIGHEST GUST DIRECTION     E (80)
  AVERAGE WIND SPEED     6.3


SKY COVER
  POSSIBLE SUNSHINE  MM
  AVERAGE SKY COVER 0.8


WEATHER CONDITIONS
 THE FOLLOWING WEATHER WAS RECORDED TODAY.
  NO SIGNIFICANT WEATHER WAS OBSERVED.


RELATIVE HUMIDITY (PERCENT)
 HIGHEST    87           100 AM
 LOWEST     62          1100 AM
 AVERAGE    75

..........................................................


THE HILO HI CLIMATE NORMALS FOR TOMORROW
                         NORMAL    RECORD    YEAR
 MAXIMUM TEMPERATURE (F)   79        86      1972
 MINIMUM TEMPERATURE (F)   65        57      1975


SUNRISE AND SUNSET
DECEMBER 17 2014......SUNRISE   648 AM HST   SUNSET   545 PM HST
DECEMBER 18 2014......SUNRISE   649 AM HST   SUNSET   545 PM HST


-  INDICATES NEGATIVE NUMBERS.
R  INDICATES RECORD WAS SET OR TIED.
MM INDICATES DATA IS MISSING.
T  INDICATES TRACE AMOUNT.




$$
