000
CDHW43 PHFO 231245
CLIITO


CLIMATE REPORT
NATIONAL WEATHER SERVICE HONOLULU HI
245 AM HST SAT SEP 23 2017


...................................

...THE HILO HI CLIMATE SUMMARY FOR SEPTEMBER 22 2017...

CLIMATE NORMAL PERIOD 1981 TO 2010
CLIMATE RECORD PERIOD 1946 TO 2017


WEATHER ITEM   OBSERVED TIME   RECORD YEAR NORMAL DEPARTURE LAST
                VALUE   (LST)  VALUE       VALUE  FROM      YEAR
                                                  NORMAL
..................................................................
TEMPERATURE (F)
 YESTERDAY
  MAXIMUM         83    327 PM  89    1995  83      0       85
  MINIMUM         68    641 AM  65    1953  69     -1       70
  AVERAGE         76                        76      0       78

PRECIPITATION (IN)
  YESTERDAY        0.01          2.99 1991   0.35  -0.34     0.60
  MONTH TO DATE    3.03                      7.17  -4.14     8.06
  SINCE SEP 1      3.03                      7.17  -4.14     8.06
  SINCE JAN 1     56.65                     87.11 -30.46    76.15

SNOWFALL (IN)
  YESTERDAY        0.0
  MONTH TO DATE    0.0
  SINCE SEP 1      0.0
  SINCE JUL 1      0.0
  SNOW DEPTH      MM

DEGREE DAYS
 HEATING
  YESTERDAY        0                         0      0        0
  MONTH TO DATE    0                         0      0        0
  SINCE SEP 1      0                         0      0        0
  SINCE JUL 1      0                         0      0        0

 COOLING
  YESTERDAY       11                        11      0       13
  MONTH TO DATE  270                       242     28      282
  SINCE SEP 1    270                       242     28      282
  SINCE JAN 1   2686                      2314    372     3033
..................................................................


WIND (MPH)
  HIGHEST WIND SPEED    10   HIGHEST WIND DIRECTION    NE (30)
  HIGHEST GUST SPEED    14   HIGHEST GUST DIRECTION    NE (30)
  AVERAGE WIND SPEED     5.2


SKY COVER
  POSSIBLE SUNSHINE  MM
  AVERAGE SKY COVER  MM


WEATHER CONDITIONS
 THE FOLLOWING WEATHER WAS RECORDED YESTERDAY.
  NO SIGNIFICANT WEATHER WAS OBSERVED.


RELATIVE HUMIDITY (PERCENT)
 HIGHEST    MM
 LOWEST     MM
 AVERAGE    MM

..........................................................


THE HILO HI CLIMATE NORMALS FOR TODAY
                         NORMAL    RECORD    YEAR
 MAXIMUM TEMPERATURE (F)   83        89      1995
 MINIMUM TEMPERATURE (F)   69        63      2006


SUNRISE AND SUNSET
SEPTEMBER 23 2017.....SUNRISE   609 AM HST   SUNSET   615 PM HST
SEPTEMBER 24 2017.....SUNRISE   610 AM HST   SUNSET   614 PM HST


-  INDICATES NEGATIVE NUMBERS.
R  INDICATES RECORD WAS SET OR TIED.
MM INDICATES DATA IS MISSING.
T  INDICATES TRACE AMOUNT.




$$
