000
CDHW43 PHFO 291245
CLIITO


CLIMATE REPORT
NATIONAL WEATHER SERVICE HONOLULU HI
245 AM HST FRI AUG 29 2014


...................................

...THE HILO HI CLIMATE SUMMARY FOR AUGUST 28 2014...

CLIMATE NORMAL PERIOD 1981 TO 2010
CLIMATE RECORD PERIOD 1946 TO 2014


WEATHER ITEM   OBSERVED TIME   RECORD YEAR NORMAL DEPARTURE LAST
                VALUE   (LST)  VALUE       VALUE  FROM      YEAR
                                                  NORMAL
..................................................................
TEMPERATURE (F)
 YESTERDAY
  MAXIMUM         85    258 PM  89    1971  83      2       83
  MINIMUM         67    623 AM  65    1979  70     -3       69
                                      1955
  AVERAGE         76                        76      0       76

PRECIPITATION (IN)
  YESTERDAY        0.02          2.74 1958   0.29  -0.27     0.28
  MONTH TO DATE   10.69                      8.99   1.70     8.63
  SINCE JUN 1     33.25                     27.17   6.08    17.43
  SINCE JAN 1     80.99                     79.08   1.91    64.47

SNOWFALL (IN)
  YESTERDAY        0.0
  MONTH TO DATE    0.0
  SINCE JUN 1      0.0
  SINCE JUL 1      0.0
  SNOW DEPTH       0

DEGREE DAYS
 HEATING
  YESTERDAY        0                         0      0        0
  MONTH TO DATE    0                         0      0        0
  SINCE JUN 1      0                         0      0        0
  SINCE JUL 1      0                         0      0        0

 COOLING
  YESTERDAY       11                        11      0       11
  MONTH TO DATE  371                       308     63      327
  SINCE JUN 1    983                       957     26     1029
  SINCE JAN 1   2239                      2025    214     2182
..................................................................


WIND (MPH)
  HIGHEST WIND SPEED    15   HIGHEST WIND DIRECTION     N (360)
  HIGHEST GUST SPEED    18   HIGHEST GUST DIRECTION     N (20)
  AVERAGE WIND SPEED     7.1


SKY COVER
  POSSIBLE SUNSHINE  MM
  AVERAGE SKY COVER 0.3


WEATHER CONDITIONS
 THE FOLLOWING WEATHER WAS RECORDED YESTERDAY.
  LIGHT RAIN


RELATIVE HUMIDITY (PERCENT)
 HIGHEST    87           900 PM
 LOWEST     61          1200 PM
 AVERAGE    74

..........................................................


THE HILO HI CLIMATE NORMALS FOR TODAY
                         NORMAL    RECORD    YEAR
 MAXIMUM TEMPERATURE (F)   83        88      2007
                                             1964
 MINIMUM TEMPERATURE (F)   70        64      1974
                                             1971


SUNRISE AND SUNSET
AUGUST 29 2014........SUNRISE   604 AM HST   SUNSET   638 PM HST
AUGUST 30 2014........SUNRISE   604 AM HST   SUNSET   637 PM HST


-  INDICATES NEGATIVE NUMBERS.
R  INDICATES RECORD WAS SET OR TIED.
MM INDICATES DATA IS MISSING.
T  INDICATES TRACE AMOUNT.




$$
