000
CDUS43 KGLD 220739
CLIITR

CLIMATE REPORT
NATIONAL WEATHER SERVICE GOODLAND
137 AM MDT FRI AUG 22 2014


...................................

...THE BURLINGTON CO CLIMATE SUMMARY FOR AUGUST 21 2014...

CLIMATE NORMAL PERIOD 1981 TO 2010
CLIMATE RECORD PERIOD 1896 TO 2014


WEATHER ITEM   OBSERVED TIME   RECORD YEAR NORMAL DEPARTURE LAST
                VALUE   (LST)  VALUE       VALUE  FROM      YEAR
                                                  NORMAL
..................................................................
TEMPERATURE (F)
 YESTERDAY
  MAXIMUM         92    405 PM 102    1959  85      7       96
  MINIMUM         61    521 AM  42    1956  57      4       58
  AVERAGE         77                        71      6       77

PRECIPITATION (IN)
  YESTERDAY        0.00                      0.07  -0.07     0.00
  MONTH TO DATE    1.01                      1.68  -0.67     1.86
  SINCE JUN 1      6.05                      7.69  -1.64     4.79
  SINCE JAN 1      8.97                     13.42  -4.45    10.39

..................................................................


THE BURLINGTON CO CLIMATE NORMALS FOR TODAY
                         NORMAL    RECORD    YEAR
 MAXIMUM TEMPERATURE (F)   85       101      1938
 MINIMUM TEMPERATURE (F)   57        45      1964



-  INDICATES NEGATIVE NUMBERS.
R  INDICATES RECORD WAS SET OR TIED.
MM INDICATES DATA IS MISSING.
T  INDICATES TRACE AMOUNT.

$$
