000
CDUS43 KGLD 020744 RRA
CLIITR

CLIMATE REPORT
NATIONAL WEATHER SERVICE GOODLAND
141 AM MDT THU OCT 2 2014

...................................

...THE BURLINGTON CO CLIMATE SUMMARY FOR OCTOBER 1 2014...

CLIMATE NORMAL PERIOD 1981 TO 2010
CLIMATE RECORD PERIOD 1896 TO 2014

WEATHER ITEM   OBSERVED TIME   RECORD YEAR NORMAL DEPARTURE LAST
                VALUE   (LST)  VALUE       VALUE  FROM      YEAR
                                                  NORMAL
..................................................................
TEMPERATURE (F)
 YESTERDAY
  MAXIMUM         73    355 PM  91    1938  72      1       75
  MINIMUM         46    602 AM  26    1922  42      4       49
  AVERAGE         60                        57      3       62

PRECIPITATION (IN)
  YESTERDAY        0.06                      0.04   0.02     0.00
  MONTH TO DATE    0.06                      0.04   0.02     0.00
  SINCE SEP 1      1.13                      1.18  -0.05     5.45
  SINCE JAN 1     11.03                     15.33  -4.30    15.90

..................................................................

THE BURLINGTON CO CLIMATE NORMALS FOR TODAY
                         NORMAL    RECORD    YEAR
 MAXIMUM TEMPERATURE (F)   71        92      1997
 MINIMUM TEMPERATURE (F)   42        27      1922

-  INDICATES NEGATIVE NUMBERS.
R  INDICATES RECORD WAS SET OR TIED.
MM INDICATES DATA IS MISSING.
T  INDICATES TRACE AMOUNT.

$$
