000
CDUS43 KGLD 230830
CLIITR

CLIMATE REPORT
NATIONAL WEATHER SERVICE GOODLAND
119 AM MST TUE JAN 23 2018

...................................

...THE BURLINGTON CO CLIMATE SUMMARY FOR JANUARY 22 2018...

CLIMATE NORMAL PERIOD 1981 TO 2010
CLIMATE RECORD PERIOD 1896 TO 2018


WEATHER ITEM   OBSERVED TIME   RECORD YEAR NORMAL DEPARTURE LAST
                VALUE   (LST)  VALUE       VALUE  FROM      YEAR
                                                  NORMAL
..................................................................
TEMPERATURE (F)
 YESTERDAY
  MAXIMUM         32    306 PM  72    2009  42    -10       47
  MINIMUM         11   1114 PM  -9    1917  17     -6       26
  AVERAGE         22                        30     -8       37

PRECIPITATION (IN)
  YESTERDAY        T                         0.02  -0.02     0.00
  MONTH TO DATE    0.15                      0.21  -0.06     0.56
  SINCE DEC 1      0.32                      0.64  -0.32     0.90
  SINCE JAN 1      0.15                      0.21  -0.06     0.56

..................................................................







THE BURLINGTON CO CLIMATE NORMALS FOR TODAY
                         NORMAL    RECORD    YEAR
 MAXIMUM TEMPERATURE (F)   42        75      2009
 MINIMUM TEMPERATURE (F)   17       -11      1915



-  INDICATES NEGATIVE NUMBERS.
R  INDICATES RECORD WAS SET OR TIED.
MM INDICATES DATA IS MISSING.
T  INDICATES TRACE AMOUNT.




$$
