000
CDUS44 KJAN 050753
CLIJAN

CLIMATE REPORT
NATIONAL WEATHER SERVICE JACKSON MS
150 AM CST MON DEC 5 2016

...................................

...THE JACKSON CLIMATE SUMMARY FOR DECEMBER 4 2016...

CLIMATE NORMAL PERIOD 1981 TO 2010
CLIMATE RECORD PERIOD 1896 TO 2016


WEATHER ITEM   OBSERVED TIME   RECORD YEAR NORMAL DEPARTURE LAST
                VALUE   (LST)  VALUE       VALUE  FROM      YEAR
                                                  NORMAL
..................................................................
TEMPERATURE (F)
 YESTERDAY
  MAXIMUM         55    300 PM  82    1922  61     -6       59
  MINIMUM         47    246 AM  20    1989  39      8       34
  AVERAGE         51                        50      1       47

PRECIPITATION (IN)
  YESTERDAY        0.16          4.01 1897   0.18  -0.02     0.00
  MONTH TO DATE    0.78                      0.73   0.05     0.45
  SINCE DEC 1      0.78                      0.73   0.05     0.45
  SINCE JAN 1     58.43                     49.72   8.71    53.86

SNOWFALL (IN)
  YESTERDAY        0.0           0.7  2009   0.0    0.0      0.0
  MONTH TO DATE    0.0                       0.0    0.0      0.0
  SINCE DEC 1      0.0                       0.0    0.0      0.0
  SINCE JUL 1      0.0                       0.0    0.0      0.0

DEGREE DAYS
 HEATING
  YESTERDAY       14                        15     -1       18
  MONTH TO DATE   60                        59      1       57
  SINCE DEC 1     60                        59      1       57
  SINCE JUL 1    264                       467   -203      249

 COOLING
  YESTERDAY        0                         0      0        0
  MONTH TO DATE    0                         0      0        0
  SINCE DEC 1      0                         0      0        0
  SINCE JAN 1   2799                      2253    546     2746
..................................................................


WIND (MPH)
  HIGHEST WIND SPEED    18   HIGHEST WIND DIRECTION     E (110)
  HIGHEST GUST SPEED    24   HIGHEST GUST DIRECTION     E (110)
  AVERAGE WIND SPEED     5.9


SKY COVER
  POSSIBLE SUNSHINE  MM
  AVERAGE SKY COVER 1.0


WEATHER CONDITIONS
 THE FOLLOWING WEATHER WAS RECORDED YESTERDAY.
  THUNDERSTORM
  RAIN
  LIGHT RAIN
  FOG


RELATIVE HUMIDITY (PERCENT)
 HIGHEST   100          1200 PM
 LOWEST     80           400 AM
 AVERAGE    90

..........................................................


THE JACKSON CLIMATE NORMALS FOR TODAY
                         NORMAL    RECORD    YEAR
 MAXIMUM TEMPERATURE (F)   61        82      2013
 MINIMUM TEMPERATURE (F)   39        21      2006
                                             1935


SUNRISE AND SUNSET
DECEMBER  5 2016......SUNRISE   647 AM CST   SUNSET   455 PM CST
DECEMBER  6 2016......SUNRISE   648 AM CST   SUNSET   455 PM CST


-  INDICATES NEGATIVE NUMBERS.
R  INDICATES RECORD WAS SET OR TIED.
MM INDICATES DATA IS MISSING.
T  INDICATES TRACE AMOUNT.

&&

AT 1 AM:

THE PEARL RIVER STAGE AT JACKSON WAS 4.1 FEET. THE RIVER FELL 0.3 FEET
OVER THE PAST 24 HOURS.

THE MISSISSIPPI RIVER STAGE AT VICKSBURG WAS 8.4 FEET. THE RIVER ROSE
0.5 FEET OVER THE PAST 24 HOURS.

$$
