000
CDUS44 KJAN 062113
CLIJAN


CLIMATE REPORT
NATIONAL WEATHER SERVICE JACKSON MS
411 PM CDT FRI MAY 6 2016


...................................

...THE JACKSON CLIMATE SUMMARY FOR MAY 6 2016...
VALID TODAY AS OF 0400 PM LOCAL TIME.

CLIMATE NORMAL PERIOD 1981 TO 2010
CLIMATE RECORD PERIOD 1896 TO 2016


WEATHER ITEM   OBSERVED TIME   RECORD YEAR NORMAL DEPARTURE LAST
                VALUE   (LST)  VALUE       VALUE  FROM      YEAR
                                                  NORMAL
..................................................................
TEMPERATURE (F)
 TODAY
  MAXIMUM         75    258 PM  96    1952  81     -6       85
  MINIMUM         46    538 AM  43    1957  59    -13       57
  AVERAGE         61                        70     -9       71

PRECIPITATION (IN)
  TODAY            0.00          2.44 1935   0.15  -0.15     0.00
  MONTH TO DATE    1.01                      0.85   0.16     0.00
  SINCE MAR 1     20.50                     10.85   9.65    11.02
  SINCE JAN 1     32.10                     20.58  11.52    21.22

SNOWFALL (IN)
  TODAY            0.0           0.0    MM   0.0    0.0      0.0
  MONTH TO DATE    0.0                       0.0    0.0      0.0
  SINCE MAR 1      0.0                       0.1   -0.1      0.3
  SINCE JUL 1      T                         0.8   -0.8      0.3

DEGREE DAYS
 HEATING
  TODAY            4                         1      3        0
  MONTH TO DATE    7                         6      1        2
  SINCE MAR 1    196                       393   -197      227
  SINCE JUL 1   1587                      2385   -798     2353

 COOLING
  TODAY            0                         5     -5        6
  MONTH TO DATE   12                        29    -17       20
  SINCE MAR 1    162                       137     25      196
  SINCE JAN 1    171                       147     24      196
..................................................................


WIND (MPH)
  HIGHEST WIND SPEED    13   HIGHEST WIND DIRECTION     N (360)
  HIGHEST GUST SPEED    17   HIGHEST GUST DIRECTION    NW (320)
  AVERAGE WIND SPEED     3.0


SKY COVER
  POSSIBLE SUNSHINE  MM
  AVERAGE SKY COVER 0.0


WEATHER CONDITIONS
 THE FOLLOWING WEATHER WAS RECORDED TODAY.
  NO SIGNIFICANT WEATHER WAS OBSERVED.


RELATIVE HUMIDITY (PERCENT)
 HIGHEST    93           500 AM
 LOWEST     35           200 PM
 AVERAGE    64

..........................................................


THE JACKSON CLIMATE NORMALS FOR TOMORROW
                         NORMAL    RECORD    YEAR
 MAXIMUM TEMPERATURE (F)   81        94      1952
 MINIMUM TEMPERATURE (F)   59        44      1944


SUNRISE AND SUNSET
MAY  6 2016...........SUNRISE   609 AM CDT   SUNSET   745 PM CDT
MAY  7 2016...........SUNRISE   608 AM CDT   SUNSET   746 PM CDT


-  INDICATES NEGATIVE NUMBERS.
R  INDICATES RECORD WAS SET OR TIED.
MM INDICATES DATA IS MISSING.
T  INDICATES TRACE AMOUNT.


&&

AT 4 PM:

THE PEARL RIVER STAGE AT JACKSON WAS 6.7 FEET. THE RIVER HAS
RISEN 2.5 FEET OVER THE PAST 24 HOURS.

THE MISSISSIPPI RIVER STAGE AT VICKSBURG WAS 32.2 FEET. THE RIVER
HAS RISEN 1.3 FEET OVER THE PAST 24 HOURS.

THE AIR QUALITY INDEX AT JACKSON WAS GOOD.


$$
