000
CDUS44 KJAN 280643
CLIJAN

CLIMATE REPORT
NATIONAL WEATHER SERVICE JACKSON MS
139 AM CDT SUN MAY 28 2017

...................................

...THE JACKSON CLIMATE SUMMARY FOR MAY 27 2017...

CLIMATE NORMAL PERIOD 1981 TO 2010
CLIMATE RECORD PERIOD 1896 TO 2017


WEATHER ITEM   OBSERVED TIME   RECORD YEAR NORMAL DEPARTURE LAST
                VALUE   (LST)  VALUE       VALUE  FROM      YEAR
                                                  NORMAL
..................................................................
TEMPERATURE (F)
 YESTERDAY
  MAXIMUM         90    320 PM  98    1953  86      4       85
                                      1911
  MINIMUM         67    101 AM  46    1961  65      2       71
  AVERAGE         79                        75      4       78

PRECIPITATION (IN)
  YESTERDAY        T             2.70 1976   0.15  -0.15      T
  MONTH TO DATE    4.31                      3.81   0.50     1.31
  SINCE MAR 1     19.29                     13.81   5.48    20.80
  SINCE JAN 1     29.50                     23.54   5.96    32.40

SNOWFALL (IN)
  YESTERDAY        0.0           0.0    MM   0.0    0.0      0.0
  MONTH TO DATE    0.0                       0.0    0.0      0.0
  SINCE MAR 1      T                         0.1   -0.1      0.0
  SINCE JUL 1      0.8                       0.8    0.0       T

DEGREE DAYS
 HEATING
  YESTERDAY        0                         0      0        0
  MONTH TO DATE   13                        10      3        7
  SINCE MAR 1    210                       397   -187      196
  SINCE JUL 1   1328                      2389  -1061     1587

 COOLING
  YESTERDAY       14                        10      4       13
  MONTH TO DATE  174                       196    -22      174
  SINCE MAR 1    398                       304     94      324
  SINCE JAN 1    456                       314    142      333
..................................................................


WIND (MPH)
  HIGHEST WIND SPEED    16   HIGHEST WIND DIRECTION     S (200)
  HIGHEST GUST SPEED    20   HIGHEST GUST DIRECTION     S (200)
  AVERAGE WIND SPEED     8.2


SKY COVER
  POSSIBLE SUNSHINE  MM
  AVERAGE SKY COVER 0.6


WEATHER CONDITIONS
 THE FOLLOWING WEATHER WAS RECORDED YESTERDAY.
  LIGHT RAIN


RELATIVE HUMIDITY (PERCENT)
 HIGHEST    90           600 AM
 LOWEST     59           400 PM
 AVERAGE    75

..........................................................


THE JACKSON CLIMATE NORMALS FOR TODAY
                         NORMAL    RECORD    YEAR
 MAXIMUM TEMPERATURE (F)   86       100      1911
 MINIMUM TEMPERATURE (F)   65        43      1961


SUNRISE AND SUNSET
MAY 28 2017...........SUNRISE   555 AM CDT   SUNSET   800 PM CDT
MAY 29 2017...........SUNRISE   555 AM CDT   SUNSET   801 PM CDT


-  INDICATES NEGATIVE NUMBERS.
R  INDICATES RECORD WAS SET OR TIED.
MM INDICATES DATA IS MISSING.
T  INDICATES TRACE AMOUNT.

&&

AT 1 AM:

THE PEARL RIVER STAGE AT JACKSON WAS 14.5 FEET. THE RIVER FELL 3.8 FEET
OVER THE PAST 24 HOURS.

THE MISSISSIPPI RIVER STAGE AT VICKSBURG WAS 48.1 FEET. THE RIVER
FELL 0.3 FEET OVER THE PAST 24 HOURS.

$$
