000
CDUS44 KJAN 070649
CLIJAN


CLIMATE REPORT
NATIONAL WEATHER SERVICE JACKSON MS
1247 AM CST SUN FEB 7 2016


...................................

...THE JACKSON CLIMATE SUMMARY FOR FEBRUARY 6 2016...

CLIMATE NORMAL PERIOD 1981 TO 2010
CLIMATE RECORD PERIOD 1896 TO 2016


WEATHER ITEM   OBSERVED TIME   RECORD YEAR NORMAL DEPARTURE LAST
                VALUE   (LST)  VALUE       VALUE  FROM      YEAR
                                                  NORMAL
..................................................................
TEMPERATURE (F)
 YESTERDAY
  MAXIMUM         57    401 PM  78    1927  59     -2       60
                                      1911
  MINIMUM         31    301 AM  18    1988  37     -6       24
  AVERAGE         44                        48     -4       42

PRECIPITATION (IN)
  YESTERDAY        0.00          1.58 1972   0.17  -0.17     0.00
  MONTH TO DATE    5.15                      1.05   4.10     0.57
  SINCE DEC 1     14.39                     11.17   3.22     9.22
  SINCE JAN 1      8.52                      6.02   2.50     5.29

SNOWFALL (IN)
  YESTERDAY        0.0           T    2014   0.0    0.0      0.0
                                      1989
                                      1982
  MONTH TO DATE    0.0                       0.0    0.0      0.0
  SINCE DEC 1      T                         0.6   -0.6      0.0
  SINCE JUL 1      T                         0.6   -0.6      0.0

DEGREE DAYS
 HEATING
  YESTERDAY       21                        18      3       23
  MONTH TO DATE   85                       108    -23      129
  SINCE DEC 1    922                      1252   -330     1164
  SINCE JUL 1   1114                      1660   -546     1664

 COOLING
  YESTERDAY        0                         0      0        0
  MONTH TO DATE    5                         0      5        0
  SINCE DEC 1     74                        12     62        2
  SINCE JAN 1      5                         4      1        0
..................................................................


WIND (MPH)
  HIGHEST WIND SPEED    12   HIGHEST WIND DIRECTION     N (350)
  HIGHEST GUST SPEED    18   HIGHEST GUST DIRECTION    NE (30)
  AVERAGE WIND SPEED     2.3


SKY COVER
  POSSIBLE SUNSHINE  MM
  AVERAGE SKY COVER 0.2


WEATHER CONDITIONS
 THE FOLLOWING WEATHER WAS RECORDED YESTERDAY.
  NO SIGNIFICANT WEATHER WAS OBSERVED.


RELATIVE HUMIDITY (PERCENT)
 HIGHEST    85           100 AM
 LOWEST     22           400 PM
 AVERAGE    54

..........................................................


THE JACKSON CLIMATE NORMALS FOR TODAY
                         NORMAL    RECORD    YEAR
 MAXIMUM TEMPERATURE (F)   59        81      1999
 MINIMUM TEMPERATURE (F)   37        12      1988


SUNRISE AND SUNSET
FEBRUARY  7 2016......SUNRISE   650 AM CST   SUNSET   539 PM CST
FEBRUARY  8 2016......SUNRISE   650 AM CST   SUNSET   540 PM CST


-  INDICATES NEGATIVE NUMBERS.
R  INDICATES RECORD WAS SET OR TIED.
MM INDICATES DATA IS MISSING.
T  INDICATES TRACE AMOUNT.


&&

AT 1 AM:

THE PEARL RIVER STAGE AT JACKSON WAS 31.5 FEET. THE RIVER HAS RISEN 0.1 FEET
IN THE LAST 24 HOURS.

THE MISSISSIPPI RIVER STAGE AT VICKSBURG WAS 35.3 FEET. THE RIVER
HAS FALLEN 0.4 FEET OVER THE PAST 24 HOURS.


$$
