000
CDUS44 KJAN 270757
CLIJAN

CLIMATE REPORT
NATIONAL WEATHER SERVICE JACKSON MS
252 AM CDT WED MAY 27 2015

...................................

...THE JACKSON CLIMATE SUMMARY FOR MAY 26 2015...

CLIMATE NORMAL PERIOD 1981 TO 2010
CLIMATE RECORD PERIOD 1896 TO 2015


WEATHER ITEM   OBSERVED TIME   RECORD YEAR NORMAL DEPARTURE LAST
                VALUE   (LST)  VALUE       VALUE  FROM      YEAR
                                                  NORMAL
..................................................................
TEMPERATURE (F)
 YESTERDAY
  MAXIMUM         86    432 PM  99    1964  86      0       88
  MINIMUM         65    744 AM  44    1979  65      0       64
  AVERAGE         76                        75      1       76

PRECIPITATION (IN)
  YESTERDAY        0.46          3.80 1909   0.14   0.32     0.00
  MONTH TO DATE    4.64                      3.66   0.98     2.60
  SINCE MAR 1     15.66                     13.66   2.00    20.77
  SINCE JAN 1     25.86                     23.39   2.47    27.82

SNOWFALL (IN)
  YESTERDAY        0.0           0.0    MM   0.0    0.0      0.0
  MONTH TO DATE    0.0                       0.0    0.0      0.0
  SINCE MAR 1      0.3                       0.1    0.2       T
  SINCE JUL 1      0.3                       0.8   -0.5      0.8

DEGREE DAYS
 HEATING
  YESTERDAY        0                         0      0        0
  MONTH TO DATE    2                        10     -8       20
  SINCE MAR 1    227                       397   -170      478
  SINCE JUL 1   2353                      2389    -36     2744

 COOLING
  YESTERDAY       11                        10      1       11
  MONTH TO DATE  214                       186     28      188
  SINCE MAR 1    390                       294     96      271
  SINCE JAN 1    390                       304     86      277
..................................................................


WIND (MPH)
  HIGHEST WIND SPEED    26   HIGHEST WIND DIRECTION     W (270)
  HIGHEST GUST SPEED    35   HIGHEST GUST DIRECTION     W (260)
  AVERAGE WIND SPEED     5.9


SKY COVER
  POSSIBLE SUNSHINE  MM
  AVERAGE SKY COVER 0.5


WEATHER CONDITIONS
 THE FOLLOWING WEATHER WAS RECORDED YESTERDAY.
  THUNDERSTORM
  HEAVY RAIN
  RAIN
  LIGHT RAIN
  FOG


RELATIVE HUMIDITY (PERCENT)
 HIGHEST    93           100 AM
 LOWEST     51           200 PM
 AVERAGE    72

..........................................................


THE JACKSON CLIMATE NORMALS FOR TODAY
                         NORMAL    RECORD    YEAR
 MAXIMUM TEMPERATURE (F)   86        98      1953
                                             1911
 MINIMUM TEMPERATURE (F)   65        46      1961


SUNRISE AND SUNSET
MAY 27 2015...........SUNRISE   556 AM CDT   SUNSET   759 PM CDT
MAY 28 2015...........SUNRISE   556 AM CDT   SUNSET   800 PM CDT


-  INDICATES NEGATIVE NUMBERS.
R  INDICATES RECORD WAS SET OR TIED.
MM INDICATES DATA IS MISSING.
T  INDICATES TRACE AMOUNT.

&&

AT 2 AM:

THE PEARL RIVER STAGE AT JACKSON WAS 8.0 FEET. THE RIVER HAS FALLEN 1.7 FEET
OVER THE LAST 24 HOURS.

THE MISSISSIPPI RIVER STAGE AT VICKSBURG WAS 32.4 FEET. THE RIVER HAS RISEN
0.6 FEET OVER THE LAST 24 HOURS.

$$
