000
CDUS44 KJAN 200644
CLIJAN


CLIMATE REPORT
NATIONAL WEATHER SERVICE JACKSON MS
142 AM CDT SUN APR 20 2014


...................................

...THE JACKSON CLIMATE SUMMARY FOR APRIL 19 2014...

CLIMATE NORMAL PERIOD 1981 TO 2010
CLIMATE RECORD PERIOD 1896 TO 2014


WEATHER ITEM   OBSERVED TIME   RECORD YEAR NORMAL DEPARTURE LAST
                VALUE   (LST)  VALUE       VALUE  FROM      YEAR
                                                  NORMAL
..................................................................
TEMPERATURE (F)
 YESTERDAY
  MAXIMUM         79    338 PM  92    1987  77      2       59
  MINIMUM         47    558 AM  35    1983  53     -6       41
  AVERAGE         63                        65     -2       50

PRECIPITATION (IN)
  YESTERDAY        0.00          1.72 1982   0.17  -0.17     0.09
  MONTH TO DATE   10.41                      3.35   7.06     3.41
  SINCE MAR 1     16.06                      8.39   7.67     9.00
  SINCE JAN 1     23.11                     18.12   4.99    26.44

SNOWFALL (IN)
  YESTERDAY        0.0           T    1991   0.0    0.0      0.0
                                      1983
  MONTH TO DATE    0.0                       0.0    0.0      0.0
  SINCE MAR 1      T                         0.1   -0.1       T
  SINCE JUL 1      0.8                       0.8    0.0      1.7

DEGREE DAYS
 HEATING
  YESTERDAY        2                         3     -1       15
  MONTH TO DATE  108                        86     22       82
  SINCE MAR 1    451                       364     87      474
  SINCE JUL 1   2717                      2356    361     2225

 COOLING
  YESTERDAY        0                         3     -3        0
  MONTH TO DATE   33                        42     -9       65
  SINCE MAR 1     37                        69    -32       68
  SINCE JAN 1     43                        79    -36       82
..................................................................


WIND (MPH)
  HIGHEST WIND SPEED    15   HIGHEST WIND DIRECTION     N (10)
  HIGHEST GUST SPEED    21   HIGHEST GUST DIRECTION    NE (40)
  AVERAGE WIND SPEED     4.0


SKY COVER
  POSSIBLE SUNSHINE  MM
  AVERAGE SKY COVER 0.2


WEATHER CONDITIONS
 THE FOLLOWING WEATHER WAS RECORDED YESTERDAY.
  FOG
  FOG W/VISIBILITY <= 1/4 MILE


RELATIVE HUMIDITY (PERCENT)
 HIGHEST   100          1200 AM
 LOWEST     35           300 PM
 AVERAGE    68

..........................................................


THE JACKSON CLIMATE NORMALS FOR TODAY
                         NORMAL    RECORD    YEAR
 MAXIMUM TEMPERATURE (F)   77        91      1987
 MINIMUM TEMPERATURE (F)   53        37      1953


SUNRISE AND SUNSET
APRIL 20 2014.........SUNRISE   625 AM CDT   SUNSET   733 PM CDT
APRIL 21 2014.........SUNRISE   624 AM CDT   SUNSET   734 PM CDT


-  INDICATES NEGATIVE NUMBERS.
R  INDICATES RECORD WAS SET OR TIED.
MM INDICATES DATA IS MISSING.
T  INDICATES TRACE AMOUNT.

&&

AT 1 AM:

THE PEARL RIVER STAGE AT JACKSON WAS 31.0 FEET. THE RIVER HAS
FALLEN 0.8 FEET OVER THE PAST 24 HOURS.

THE MISSISSIPPI RIVER STAGE AT VICKSBURG WAS 38.4 FEET. THE RIVER
HAS RISEN 0.1 FEET OVER THE PAST 24 HOURS.

$$
