000
CDUS44 KJAN 222151
CLIJAN


CLIMATE REPORT...CORRECTED
NATIONAL WEATHER SERVICE JACKSON MS
440 PM CDT FRI SEP 22 2017

CORRECTED TO INCLUDE RIVER STAGE DATA.

...................................

...THE JACKSON CLIMATE SUMMARY FOR SEPTEMBER 22 2017...
VALID TODAY AS OF 0400 PM LOCAL TIME.

CLIMATE NORMAL PERIOD 1981 TO 2010
CLIMATE RECORD PERIOD 1896 TO 2017


WEATHER ITEM   OBSERVED TIME   RECORD YEAR NORMAL DEPARTURE LAST
                VALUE   (LST)  VALUE       VALUE  FROM      YEAR
                                                  NORMAL
..................................................................
TEMPERATURE (F)
 TODAY
  MAXIMUM         92    112 PM 101    1925  85      7       94
  MINIMUM         69    609 AM  41    1983  62      7       68
  AVERAGE         81                        74      7       81

PRECIPITATION (IN)
  TODAY            0.00          2.45 2002   0.09  -0.09     0.00
  MONTH TO DATE    1.16                      2.17  -1.01     0.28
  SINCE SEP 1      1.16                      2.17  -1.01     0.28
  SINCE JAN 1     55.05                     39.45  15.60    53.48

SNOWFALL (IN)
  TODAY            0.0           0.0         0.0    0.0      0.0
  MONTH TO DATE    0.0                       0.0    0.0      0.0
  SINCE SEP 1      0.0                       0.0    0.0      0.0
  SINCE JUL 1      0.0                       0.0    0.0      0.0

DEGREE DAYS
 HEATING
  TODAY            0                         0      0        0
  MONTH TO DATE    2                         0      2        0
  SINCE SEP 1      2                         0      2        0
  SINCE JUL 1      2                         0      2        0

 COOLING
  TODAY           16                         9      7       16
  MONTH TO DATE  236                       266    -30      379
  SINCE SEP 1    236                       266    -30      379
  SINCE JAN 1   2161                      2065     96     2453
..................................................................


WIND (MPH)
  HIGHEST WIND SPEED    16   HIGHEST WIND DIRECTION    SE (120)
  HIGHEST GUST SPEED    21   HIGHEST GUST DIRECTION     E (110)
  AVERAGE WIND SPEED     0.8


SKY COVER
  POSSIBLE SUNSHINE  MM
  AVERAGE SKY COVER 0.2


WEATHER CONDITIONS
 THE FOLLOWING WEATHER WAS RECORDED TODAY.
  THUNDERSTORM
  FOG


RELATIVE HUMIDITY (PERCENT)
 HIGHEST   100           100 AM
 LOWEST     49           100 PM
 AVERAGE    75

..........................................................


THE JACKSON CLIMATE NORMALS FOR TOMORROW
                         NORMAL    RECORD    YEAR
 MAXIMUM TEMPERATURE (F)   85       102      1925
 MINIMUM TEMPERATURE (F)   62        41      1982


SUNRISE AND SUNSET
SEPTEMBER 22 2017.....SUNRISE   649 AM CDT   SUNSET   657 PM CDT
SEPTEMBER 23 2017.....SUNRISE   649 AM CDT   SUNSET   655 PM CDT


-  INDICATES NEGATIVE NUMBERS.
R  INDICATES RECORD WAS SET OR TIED.
MM INDICATES DATA IS MISSING.
T  INDICATES TRACE AMOUNT.

&&

AT 4 PM:

THE PEARL RIVER STAGE AT JACKSON WAS 3.7 FEET. THE RIVER STAGE
HAS FALLEN 0.4 FEET OVER THE PAST 24 HOURS.

THE MISSISSIPPI RIVER STAGE AT VICKSBURG WAS 11.1 FEET. THE
RIVER STAGE HAS FALLEN 0.9 FEET OVER THE PAST 24 HOURS.

THE AIR QUALITY INDEX IN JACKSON WAS 56...WHICH WAS MODERATE.

$$

NF
