000
CDUS44 KJAN 300841
CLIJAN


CLIMATE REPORT
NATIONAL WEATHER SERVICE JACKSON MS
339 AM CDT THU MAR 30 2017


...................................

...THE JACKSON CLIMATE SUMMARY FOR MARCH 29 2017...

CLIMATE NORMAL PERIOD 1981 TO 2010
CLIMATE RECORD PERIOD 1896 TO 2017


WEATHER ITEM   OBSERVED TIME   RECORD YEAR NORMAL DEPARTURE LAST
                VALUE   (LST)  VALUE       VALUE  FROM      YEAR
                                                  NORMAL
..................................................................
TEMPERATURE (F)
 YESTERDAY
  MAXIMUM         84    204 PM  88    1974  72     12       78
                                      1928
  MINIMUM         63    615 AM  30    1930  48     15       48
  AVERAGE         74                        60     14       63

PRECIPITATION (IN)
  YESTERDAY        T             3.83 1991   0.17  -0.17     0.00
  MONTH TO DATE    3.58                      4.69  -1.11    10.75
  SINCE MAR 1      3.58                      4.69  -1.11    10.75
  SINCE JAN 1     13.79                     14.42  -0.63    22.35

SNOWFALL (IN)
  YESTERDAY        0.0           0.0    MM   0.0    0.0      0.0
  MONTH TO DATE    0.0                       0.1   -0.1      0.0
  SINCE MAR 1      0.0                       0.1   -0.1      0.0
  SINCE JUL 1      0.8                       0.8    0.0       T

DEGREE DAYS
 HEATING
  YESTERDAY        0                         6     -6        2
  MONTH TO DATE  163                       266   -103      144
  SINCE MAR 1    163                       266   -103      144
  SINCE JUL 1   1281                      2258   -977     1535

 COOLING
  YESTERDAY        9                         1      8        0
  MONTH TO DATE   84                        26     58       39
  SINCE MAR 1     84                        26     58       39
  SINCE JAN 1    142                        36    106       48
..................................................................


WIND (MPH)
  HIGHEST WIND SPEED    21   HIGHEST WIND DIRECTION     S (160)
  HIGHEST GUST SPEED    25   HIGHEST GUST DIRECTION    SE (150)
  AVERAGE WIND SPEED     9.8


SKY COVER
  POSSIBLE SUNSHINE  MM
  AVERAGE SKY COVER 0.5


WEATHER CONDITIONS
 THE FOLLOWING WEATHER WAS RECORDED YESTERDAY.
  THUNDERSTORM
  HEAVY RAIN
  LIGHT RAIN
  FOG


RELATIVE HUMIDITY (PERCENT)
 HIGHEST    93           200 AM
 LOWEST     43           100 PM
 AVERAGE    68

..........................................................


THE JACKSON CLIMATE NORMALS FOR TODAY
                         NORMAL    RECORD    YEAR
 MAXIMUM TEMPERATURE (F)   72        88      1946
                                             1914
 MINIMUM TEMPERATURE (F)   48        30      1964


SUNRISE AND SUNSET
MARCH 30 2017.........SUNRISE   651 AM CDT   SUNSET   719 PM CDT
MARCH 31 2017.........SUNRISE   649 AM CDT   SUNSET   720 PM CDT


-  INDICATES NEGATIVE NUMBERS.
R  INDICATES RECORD WAS SET OR TIED.
MM INDICATES DATA IS MISSING.
T  INDICATES TRACE AMOUNT.

&&

AT 3 AM:

THE PEARL RIVER STAGE AT JACKSON WAS 9.9 FEET. THE RIVER HAS RISEN
0.3 FEET OVER THE PAST 24 HOURS.

THE MISSISSIPPI RIVER STAGE AT VICKSBURG WAS 23.4 FEET. THE RIVER
HAS RISEN 0.3 FEET OVER THE PAST 24 HOURS.

$$
