000
CDUS42 KJAX 280537
CLIJAX


CLIMATE REPORT
NATIONAL WEATHER SERVICE JACKSONVILLE FL
136 AM EDT THU MAY 28 2015


...................................

...THE JACKSONVILLE CLIMATE SUMMARY FOR MAY 27 2015...

CLIMATE NORMAL PERIOD 1981 TO 2010
CLIMATE RECORD PERIOD 1871 TO 2015


WEATHER ITEM   OBSERVED TIME   RECORD YEAR NORMAL DEPARTURE LAST
                VALUE   (LST)  VALUE       VALUE  FROM      YEAR
                                                  NORMAL
..................................................................
TEMPERATURE (F)
 YESTERDAY
  MAXIMUM         86    253 PM  98    1989  88     -2       86
                                      1962
                                      1874
  MINIMUM         69   1159 PM  49    1979  66      3       65
  AVERAGE         78                        77      1       76

PRECIPITATION (IN)
  YESTERDAY        0.00          5.40 1975   0.11  -0.11     0.00
  MONTH TO DATE    0.14                      2.02  -1.88     5.47
  SINCE MAR 1      5.10                      8.61  -3.51    16.11
  SINCE JAN 1     11.50                     15.10  -3.60    25.82

SNOWFALL (IN)
  YESTERDAY        0.0           0.0  2002   0.0    0.0      0.0
                                      2001
  MONTH TO DATE    0.0                       0.0    0.0      0.0
  SINCE MAR 1      0.0                       T      0.0      0.0
  SINCE JUL 1      T                         T      0.0      0.0
  SNOW DEPTH       0

DEGREE DAYS
 HEATING
  YESTERDAY        0                         0      0        0
  MONTH TO DATE    2                         3     -1        6
  SINCE MAR 1     89                       214   -125      232
  SINCE JUL 1   1337                      1347    -10     1309

 COOLING
  YESTERDAY       13                        12      1       11
  MONTH TO DATE  272                       239     33      234
  SINCE MAR 1    595                       406    189      403
  SINCE JAN 1    608                       435    173      433
..................................................................


WIND (MPH)
  HIGHEST WIND SPEED    17   HIGHEST WIND DIRECTION    SE (120)
  HIGHEST GUST SPEED    25   HIGHEST GUST DIRECTION     E (80)
  AVERAGE WIND SPEED     7.3


SKY COVER
  POSSIBLE SUNSHINE  MM
  AVERAGE SKY COVER 0.8


WEATHER CONDITIONS
 THE FOLLOWING WEATHER WAS RECORDED YESTERDAY.
  NO SIGNIFICANT WEATHER WAS OBSERVED.


RELATIVE HUMIDITY (PERCENT)
 HIGHEST    97           500 AM
 LOWEST     44           300 PM
 AVERAGE    71

..........................................................


THE JACKSONVILLE CLIMATE NORMALS FOR TODAY
                         NORMAL    RECORD    YEAR
 MAXIMUM TEMPERATURE (F)   88        99      1967
 MINIMUM TEMPERATURE (F)   66        52      1988


SUNRISE AND SUNSET
MAY 28 2015...........SUNRISE   626 AM EDT   SUNSET   822 PM EDT
MAY 29 2015...........SUNRISE   626 AM EDT   SUNSET   823 PM EDT


-  INDICATES NEGATIVE NUMBERS.
R  INDICATES RECORD WAS SET OR TIED.
MM INDICATES DATA IS MISSING.
T  INDICATES TRACE AMOUNT.




$$
