000
CDUS42 KJAX 230530
CLIJAX


CLIMATE REPORT
NATIONAL WEATHER SERVICE JACKSONVILLE FL
130 AM EDT THU OCT 23 2014


...................................

...THE JACKSONVILLE CLIMATE SUMMARY FOR OCTOBER 22 2014...

CLIMATE NORMAL PERIOD 1981 TO 2010
CLIMATE RECORD PERIOD 1871 TO 2014


WEATHER ITEM   OBSERVED TIME   RECORD YEAR NORMAL DEPARTURE LAST
                VALUE   (LST)  VALUE       VALUE  FROM      YEAR
                                                  NORMAL
..................................................................
TEMPERATURE (F)
 YESTERDAY
  MAXIMUM         74    240 PM  92    2006  79     -5       79
  MINIMUM         52   1159 PM  39    2011  58     -6       65
                                      1976
  AVERAGE         63                        69     -6       72

PRECIPITATION (IN)
  YESTERDAY        0.00          5.26 1933   0.09  -0.09     0.21
  MONTH TO DATE    1.87                      3.24  -1.37     1.32
  SINCE SEP 1     11.67                     11.43   0.24     4.90
  SINCE JAN 1     47.76                     46.79   0.97    41.26

SNOWFALL (IN)
  YESTERDAY        0.0           0.0  2002   0.0    0.0      0.0
                                      2001
  MONTH TO DATE    0.0                       0.0    0.0      0.0
  SINCE SEP 1      0.0                       0.0    0.0      0.0
  SINCE JUL 1      0.0                       0.0    0.0      0.0
  SNOW DEPTH       0

DEGREE DAYS
 HEATING
  YESTERDAY        2                         1      1        0
  MONTH TO DATE    8                        10     -2        0
  SINCE SEP 1      8                        10     -2        0
  SINCE JUL 1      8                        10     -2        0

 COOLING
  YESTERDAY        0                         5     -5        7
  MONTH TO DATE  146                       161    -15      189
  SINCE SEP 1    537                       557    -20      599
  SINCE JAN 1   2525                      2547    -22     2528
..................................................................


WIND (MPH)
  HIGHEST WIND SPEED    13   HIGHEST WIND DIRECTION     E (80)
  HIGHEST GUST SPEED    19   HIGHEST GUST DIRECTION    NE (60)
  AVERAGE WIND SPEED     4.9


SKY COVER
  POSSIBLE SUNSHINE  MM
  AVERAGE SKY COVER 0.1


WEATHER CONDITIONS
 THE FOLLOWING WEATHER WAS RECORDED YESTERDAY.
  NO SIGNIFICANT WEATHER WAS OBSERVED.


RELATIVE HUMIDITY (PERCENT)
 HIGHEST   100          1200 AM
 LOWEST     49          1200 PM
 AVERAGE    75

..........................................................


THE JACKSONVILLE CLIMATE NORMALS FOR TODAY
                         NORMAL    RECORD    YEAR
 MAXIMUM TEMPERATURE (F)   79        88      2007
                                             1981
 MINIMUM TEMPERATURE (F)   58        40      1976


SUNRISE AND SUNSET
OCTOBER 23 2014.......SUNRISE   735 AM EDT   SUNSET   647 PM EDT
OCTOBER 24 2014.......SUNRISE   735 AM EDT   SUNSET   646 PM EDT


-  INDICATES NEGATIVE NUMBERS.
R  INDICATES RECORD WAS SET OR TIED.
MM INDICATES DATA IS MISSING.
T  INDICATES TRACE AMOUNT.




$$
