000
CDUS42 KJAX 040537
CLIJAX


CLIMATE REPORT
NATIONAL WEATHER SERVICE JACKSONVILLE FL
1236 AM EST WED MAR 4 2015


...................................

...THE JACKSONVILLE CLIMATE SUMMARY FOR MARCH 3 2015...

CLIMATE NORMAL PERIOD 1981 TO 2010
CLIMATE RECORD PERIOD 1871 TO 2015


WEATHER ITEM   OBSERVED TIME   RECORD YEAR NORMAL DEPARTURE LAST
                VALUE   (LST)  VALUE       VALUE  FROM      YEAR
                                                  NORMAL
..................................................................
TEMPERATURE (F)
 YESTERDAY
  MAXIMUM         81    310 PM  88    2012  71     10       81
  MINIMUM         57    611 AM  23    1980  48      9       51
  AVERAGE         69                        59     10       66

PRECIPITATION (IN)
  YESTERDAY        0.00          2.38 2002   0.15  -0.15     0.00
  MONTH TO DATE    0.20                      0.42  -0.22     0.00
  SINCE MAR 1      0.20                      0.42  -0.22     0.00
  SINCE JAN 1      6.60                      6.91  -0.31     9.71

SNOWFALL (IN)
  YESTERDAY        0.0           T    1980   0.0    0.0      0.0
  MONTH TO DATE    0.0                       0.0    0.0      0.0
  SINCE MAR 1      0.0                       0.0    0.0      0.0
  SINCE JUL 1      T                         T      0.0      0.0
  SNOW DEPTH       0

DEGREE DAYS
 HEATING
  YESTERDAY        0                         7     -7        0
  MONTH TO DATE    9                        21    -12        9
  SINCE MAR 1      9                        21    -12        9
  SINCE JUL 1   1257                      1154    103     1086

 COOLING
  YESTERDAY        4                         1      3        1
  MONTH TO DATE    6                         3      3        1
  SINCE MAR 1      6                         3      3        1
  SINCE JAN 1     19                        32    -13       31
..................................................................


WIND (MPH)
  HIGHEST WIND SPEED    15   HIGHEST WIND DIRECTION    SE (130)
  HIGHEST GUST SPEED    20   HIGHEST GUST DIRECTION     E (110)
  AVERAGE WIND SPEED     5.7


SKY COVER
  POSSIBLE SUNSHINE  MM
  AVERAGE SKY COVER 0.6


WEATHER CONDITIONS
 THE FOLLOWING WEATHER WAS RECORDED YESTERDAY.
  NO SIGNIFICANT WEATHER WAS OBSERVED.


RELATIVE HUMIDITY (PERCENT)
 HIGHEST   100          1200 AM
 LOWEST     62           100 PM
 AVERAGE    81

..........................................................


THE JACKSONVILLE CLIMATE NORMALS FOR TODAY
                         NORMAL    RECORD    YEAR
 MAXIMUM TEMPERATURE (F)   71        86      1997
                                             1964
 MINIMUM TEMPERATURE (F)   48        24      1980


SUNRISE AND SUNSET
MARCH  4 2015.........SUNRISE   650 AM EST   SUNSET   628 PM EST
MARCH  5 2015.........SUNRISE   649 AM EST   SUNSET   628 PM EST


-  INDICATES NEGATIVE NUMBERS.
R  INDICATES RECORD WAS SET OR TIED.
MM INDICATES DATA IS MISSING.
T  INDICATES TRACE AMOUNT.




$$
