000
CDUS44 KMEG 220651
CLIJBR


CLIMATE REPORT
NATIONAL WEATHER SERVICE MEMPHIS TN
151 AM CDT WED OCT 22 2014


...................................

...THE JONESBORO CLIMATE SUMMARY FOR OCTOBER 21 2014...

CLIMATE NORMAL PERIOD 1981 TO 2010
CLIMATE RECORD PERIOD 1897 TO 2014


WEATHER ITEM   OBSERVED TIME   RECORD YEAR NORMAL DEPARTURE LAST
                VALUE   (LST)  VALUE       VALUE  FROM      YEAR
                                                  NORMAL
..................................................................
TEMPERATURE (F)
 YESTERDAY
  MAXIMUM         76    248 PM  89    1963  71      5       70
  MINIMUM         50    600 AM  27    1952  48      2       46
                                      1916
  AVERAGE         63                        60      3       58

PRECIPITATION (IN)
  YESTERDAY        0.00          2.72 1984   0.16  -0.16     0.12
  MONTH TO DATE    3.57                      2.90   0.67     3.73
  SINCE SEP 1      5.41                      5.96  -0.55     5.01
  SINCE JAN 1     39.09                     37.07   2.02    42.46

SNOWFALL (IN)
  YESTERDAY        0.0           0.0  2002   0.0    0.0      0.0
                                      2001
  MONTH TO DATE    0.0                       0.0    0.0      0.0
  SINCE SEP 1      0.0                       0.0    0.0      0.0
  SINCE JUL 1      0.0                       0.0    0.0      0.0
  SNOW DEPTH       0

DEGREE DAYS
 HEATING
  YESTERDAY        2                         7     -5        7
  MONTH TO DATE   64                        90    -26       64
  SINCE SEP 1     73                       108    -35       64
  SINCE JUL 1     73                       108    -35       64

 COOLING
  YESTERDAY        0                         1     -1        0
  MONTH TO DATE   59                        43     16       66
  SINCE SEP 1    319                       268     51      434
  SINCE JAN 1   1779                      1814    -35     2034
..................................................................


WIND (MPH)
  HIGHEST WIND SPEED    10   HIGHEST WIND DIRECTION    NE (50)
  HIGHEST GUST SPEED    17   HIGHEST GUST DIRECTION    NE (60)
  AVERAGE WIND SPEED     3.5


SKY COVER
  POSSIBLE SUNSHINE  MM
  AVERAGE SKY COVER 0.0


WEATHER CONDITIONS
 THE FOLLOWING WEATHER WAS RECORDED YESTERDAY.
  NO SIGNIFICANT WEATHER WAS OBSERVED.


RELATIVE HUMIDITY (PERCENT)
 HIGHEST    90           100 AM
 LOWEST     33           200 PM
 AVERAGE    62

..........................................................


THE JONESBORO CLIMATE NORMALS FOR TODAY
                         NORMAL    RECORD    YEAR
 MAXIMUM TEMPERATURE (F)   71        94      1900
 MINIMUM TEMPERATURE (F)   48        26      1917


SUNRISE AND SUNSET
OCTOBER 22 2014.......SUNRISE   715 AM CDT   SUNSET   618 PM CDT
OCTOBER 23 2014.......SUNRISE   716 AM CDT   SUNSET   617 PM CDT


-  INDICATES NEGATIVE NUMBERS.
R  INDICATES RECORD WAS SET OR TIED.
MM INDICATES DATA IS MISSING.
T  INDICATES TRACE AMOUNT.




$$
