000
CDUS44 KMEG 232214
CLIJBR


CLIMATE REPORT
NATIONAL WEATHER SERVICE MEMPHIS TN
512 PM CDT THU MAR 23 2017


...................................

...THE JONESBORO CLIMATE SUMMARY FOR MARCH 23 2017...
VALID TODAY AS OF 0500 PM LOCAL TIME.

CLIMATE NORMAL PERIOD 1981 TO 2010
CLIMATE RECORD PERIOD 1897 TO 2017


WEATHER ITEM   OBSERVED TIME   RECORD YEAR NORMAL DEPARTURE LAST
                VALUE   (LST)  VALUE       VALUE  FROM      YEAR
                                                  NORMAL
..................................................................
TEMPERATURE (F)
 TODAY
  MAXIMUM         76    410 PM  91    1910  63     13       69
  MINIMUM         44    207 AM  23    1912  42      2       56
  AVERAGE         60                        52      8       63

PRECIPITATION (IN)
  TODAY            0.00          1.02 1958   0.16  -0.16     0.00
  MONTH TO DATE    4.19                      3.27   0.92     7.13
  SINCE MAR 1      4.19                      3.27   0.92     7.13
  SINCE JAN 1      9.80                     10.42  -0.62    11.06

DEGREE DAYS
 HEATING
  TODAY            5                        13     -8        2
  MONTH TO DATE  343                       372    -29      265
  SINCE MAR 1    343                       372    -29      265
  SINCE JUL 1   2476                      3328   -852     2754

 COOLING
  TODAY            0                         0      0        0
  MONTH TO DATE    0                         0      0        3
  SINCE MAR 1      0                         0      0        3
  SINCE JAN 1      4                         0      4        3
..................................................................


WIND (MPH)
  HIGHEST WIND SPEED    15   HIGHEST WIND DIRECTION    SE (150)
  HIGHEST GUST SPEED    18   HIGHEST GUST DIRECTION     S (160)
  AVERAGE WIND SPEED     7.7


SKY COVER
  POSSIBLE SUNSHINE  MM
  AVERAGE SKY COVER 0.4


WEATHER CONDITIONS
 THE FOLLOWING WEATHER WAS RECORDED TODAY.
  NO SIGNIFICANT WEATHER WAS OBSERVED.


RELATIVE HUMIDITY (PERCENT)
 HIGHEST    76           200 AM
 LOWEST     41           200 PM
 AVERAGE    59

..........................................................


THE JONESBORO CLIMATE NORMALS FOR TOMORROW
                         NORMAL    RECORD    YEAR
 MAXIMUM TEMPERATURE (F)   63        95      1929
 MINIMUM TEMPERATURE (F)   42        20      1974


SUNRISE AND SUNSET
MARCH 23 2017.........SUNRISE   701 AM CDT   SUNSET   717 PM CDT
MARCH 24 2017.........SUNRISE   700 AM CDT   SUNSET   718 PM CDT


-  INDICATES NEGATIVE NUMBERS.
R  INDICATES RECORD WAS SET OR TIED.
MM INDICATES DATA IS MISSING.
T  INDICATES TRACE AMOUNT.




$$
