000
CDUS44 KMEG 220733
CLIJBR


CLIMATE REPORT
NATIONAL WEATHER SERVICE MEMPHIS TN
133 AM CST THU FEB 22 2018


...................................

...THE JONESBORO CLIMATE SUMMARY FOR FEBRUARY 21 2018...

CLIMATE NORMAL PERIOD 1981 TO 2010
CLIMATE RECORD PERIOD 1897 TO 2018


WEATHER ITEM   OBSERVED TIME   RECORD YEAR NORMAL DEPARTURE LAST
                VALUE   (LST)  VALUE       VALUE  FROM      YEAR
                                                  NORMAL
..................................................................
TEMPERATURE (F)
 YESTERDAY
  MAXIMUM         59    158 AM  78    1922  53      6       67
  MINIMUM         36   1159 PM  12    1963  33      3       58
  AVERAGE         48                        43      5       63

PRECIPITATION (IN)
  YESTERDAY        2.81R         1.90 2015   0.14   2.67     0.51
  MONTH TO DATE    6.99                      2.79   4.20     1.30
  SINCE DEC 1     14.62                     10.99   3.63     9.46
  SINCE JAN 1      9.50                      6.22   3.28     5.00

DEGREE DAYS
 HEATING
  YESTERDAY       17                        22     -5        2
  MONTH TO DATE  461                       513    -52      323
  SINCE DEC 1   2146                      2159    -13     1710
  SINCE JUL 1   2690                      2809   -119     2059

 COOLING
  YESTERDAY        0                         0      0        0
  MONTH TO DATE    5                         0      5        3
  SINCE DEC 1      5                         0      5        3
  SINCE JAN 1      5                         0      5        3
..................................................................


WIND (MPH)
  HIGHEST WIND SPEED    26   HIGHEST WIND DIRECTION    NE (50)
  HIGHEST GUST SPEED    30   HIGHEST GUST DIRECTION    NE (50)
  AVERAGE WIND SPEED    11.6


SKY COVER
  POSSIBLE SUNSHINE  MM
  AVERAGE SKY COVER 1.0


WEATHER CONDITIONS
 THE FOLLOWING WEATHER WAS RECORDED YESTERDAY.
  HEAVY RAIN
  RAIN
  LIGHT RAIN
  FOG


RELATIVE HUMIDITY (PERCENT)
 HIGHEST   100          1200 AM
 LOWEST     92           700 PM
 AVERAGE    96

..........................................................


THE JONESBORO CLIMATE NORMALS FOR TODAY
                         NORMAL    RECORD    YEAR
 MAXIMUM TEMPERATURE (F)   53        73      1980
                                             1944
                                             1897
 MINIMUM TEMPERATURE (F)   34         8      1978


SUNRISE AND SUNSET
FEBRUARY 22 2018......SUNRISE   641 AM CST   SUNSET   551 PM CST
FEBRUARY 23 2018......SUNRISE   640 AM CST   SUNSET   552 PM CST


-  INDICATES NEGATIVE NUMBERS.
R  INDICATES RECORD WAS SET OR TIED.
MM INDICATES DATA IS MISSING.
T  INDICATES TRACE AMOUNT.




$$
