000
CDUS44 KMEG 250739
CLIJBR


CLIMATE REPORT
NATIONAL WEATHER SERVICE MEMPHIS TN
139 AM CST TUE NOV 25 2014


...................................

...THE JONESBORO CLIMATE SUMMARY FOR NOVEMBER 24 2014...

CLIMATE NORMAL PERIOD 1981 TO 2010
CLIMATE RECORD PERIOD 1897 TO 2014


WEATHER ITEM   OBSERVED TIME   RECORD YEAR NORMAL DEPARTURE LAST
                VALUE   (LST)  VALUE       VALUE  FROM      YEAR
                                                  NORMAL
..................................................................
TEMPERATURE (F)
 YESTERDAY
  MAXIMUM         61   1239 AM  79    1973  55      6       32
  MINIMUM         42    724 PM  10    1950  37      5       21
  AVERAGE         52                        46      6       27

PRECIPITATION (IN)
  YESTERDAY        0.00          2.27 1973   0.18  -0.18     0.00
  MONTH TO DATE    1.91                      3.78  -1.87     2.23
  SINCE SEP 1      7.70                     11.10  -3.40     8.37
  SINCE JAN 1     41.38                     42.21  -0.83    45.82

SNOWFALL (IN)
  YESTERDAY        0.0           1.5  1950   0.0    0.0      0.0
  MONTH TO DATE    0.5                       0.0    0.5      0.0
  SINCE SEP 1      0.5                       0.0    0.5      0.0
  SINCE JUL 1      0.5                       0.0    0.5      0.0
  SNOW DEPTH       0

DEGREE DAYS
 HEATING
  YESTERDAY       13                        19     -6       38
  MONTH TO DATE  505                       340    165      391
  SINCE SEP 1    646                       527    119      560
  SINCE JUL 1    646                       527    119      560

 COOLING
  YESTERDAY        0                         0      0        0
  MONTH TO DATE    0                         1     -1        5
  SINCE SEP 1    338                       279     59      444
  SINCE JAN 1   1798                      1825    -27     2044
..................................................................


WIND (MPH)
  HIGHEST WIND SPEED    33   HIGHEST WIND DIRECTION     W (250)
  HIGHEST GUST SPEED    44   HIGHEST GUST DIRECTION    SW (240)
  AVERAGE WIND SPEED    14.5


SKY COVER
  POSSIBLE SUNSHINE  MM
  AVERAGE SKY COVER 0.2


WEATHER CONDITIONS
 THE FOLLOWING WEATHER WAS RECORDED YESTERDAY.
  NO SIGNIFICANT WEATHER WAS OBSERVED.


RELATIVE HUMIDITY (PERCENT)
 HIGHEST    90          1200 AM
 LOWEST     35           300 PM
 AVERAGE    63

..........................................................


THE JONESBORO CLIMATE NORMALS FOR TODAY
                         NORMAL    RECORD    YEAR
 MAXIMUM TEMPERATURE (F)   55        77      1908
 MINIMUM TEMPERATURE (F)   36         9      1950


SUNRISE AND SUNSET
NOVEMBER 25 2014......SUNRISE   649 AM CST   SUNSET   450 PM CST
NOVEMBER 26 2014......SUNRISE   650 AM CST   SUNSET   450 PM CST


-  INDICATES NEGATIVE NUMBERS.
R  INDICATES RECORD WAS SET OR TIED.
MM INDICATES DATA IS MISSING.
T  INDICATES TRACE AMOUNT.




$$
