000
CDUS44 KMEG 230738
CLIJBR


CLIMATE REPORT
NATIONAL WEATHER SERVICE MEMPHIS TN
137 AM CST THU NOV 23 2017


...................................

...THE JONESBORO CLIMATE SUMMARY FOR NOVEMBER 22 2017...

CLIMATE NORMAL PERIOD 1981 TO 2010
CLIMATE RECORD PERIOD 1897 TO 2017


WEATHER ITEM   OBSERVED TIME   RECORD YEAR NORMAL DEPARTURE LAST
                VALUE   (LST)  VALUE       VALUE  FROM      YEAR
                                                  NORMAL
..................................................................
TEMPERATURE (F)
 YESTERDAY
  MAXIMUM         46    355 PM  80    1931  56    -10       64
  MINIMUM         28   1059 PM  17    1964  37     -9       38
  AVERAGE         37                        47    -10       51

PRECIPITATION (IN)
  YESTERDAY        0.00          2.05 1982   0.18  -0.18     0.02
  MONTH TO DATE    1.00                      3.42  -2.42     0.15
  SINCE SEP 1      2.43                     10.74  -8.31     3.73
  SINCE JAN 1     42.05                     41.85   0.20    44.75

DEGREE DAYS
 HEATING
  YESTERDAY       28                        18     10       14
  MONTH TO DATE  274                       302    -28      185
  SINCE SEP 1    427                       489    -62      216
  SINCE JUL 1    427                       489    -62      216

 COOLING
  YESTERDAY        0                         0      0        0
  MONTH TO DATE   18                         1     17       17
  SINCE SEP 1    425                       279    146      532
  SINCE JAN 1   1958                      1825    133     2285
..................................................................


WIND (MPH)
  HIGHEST WIND SPEED    17   HIGHEST WIND DIRECTION     E (70)
  HIGHEST GUST SPEED    22   HIGHEST GUST DIRECTION    NE (60)
  AVERAGE WIND SPEED     6.6


SKY COVER
  POSSIBLE SUNSHINE  MM
  AVERAGE SKY COVER 0.0


WEATHER CONDITIONS
 THE FOLLOWING WEATHER WAS RECORDED YESTERDAY.
  NO SIGNIFICANT WEATHER WAS OBSERVED.


RELATIVE HUMIDITY (PERCENT)
 HIGHEST    85          1100 PM
 LOWEST     45           100 PM
 AVERAGE    65

..........................................................


THE JONESBORO CLIMATE NORMALS FOR TODAY
                         NORMAL    RECORD    YEAR
 MAXIMUM TEMPERATURE (F)   56        80      1921
 MINIMUM TEMPERATURE (F)   37        20      1964
                                             1929


SUNRISE AND SUNSET
NOVEMBER 23 2017......SUNRISE   647 AM CST   SUNSET   451 PM CST
NOVEMBER 24 2017......SUNRISE   648 AM CST   SUNSET   451 PM CST


-  INDICATES NEGATIVE NUMBERS.
R  INDICATES RECORD WAS SET OR TIED.
MM INDICATES DATA IS MISSING.
T  INDICATES TRACE AMOUNT.




$$
