000
CDUS44 KMEG 292156
CLIJBR


CLIMATE REPORT
NATIONAL WEATHER SERVICE MEMPHIS TN
455 PM CDT WED JUL 29 2015


...................................

...THE JONESBORO CLIMATE SUMMARY FOR JULY 29 2015...
VALID TODAY AS OF 0400 PM LOCAL TIME.

CLIMATE NORMAL PERIOD 1981 TO 2010
CLIMATE RECORD PERIOD 1897 TO 2015


WEATHER ITEM   OBSERVED TIME   RECORD YEAR NORMAL DEPARTURE LAST
                VALUE   (LST)  VALUE       VALUE  FROM      YEAR
                                                  NORMAL
..................................................................
TEMPERATURE (F)
 TODAY
  MAXIMUM         95    353 PM 105    1930  91      4       80
  MINIMUM         78    134 AM  57    1994  71      7       61
                                      1897
  AVERAGE         87                        81      6       71

PRECIPITATION (IN)
  TODAY            0.00          1.20 1967   0.08  -0.08     0.00
  MONTH TO DATE    6.60                      3.39   3.21     1.75
  SINCE JUN 1      8.69                      7.14   1.55    10.59
  SINCE JAN 1     34.47                     28.42   6.05    31.87

SNOWFALL (IN)
  TODAY            0.0

DEGREE DAYS
 HEATING
  TODAY            0                         0      0        0
  MONTH TO DATE    0                         0      0        0
  SINCE JUN 1      0                         1     -1        0
  SINCE JUL 1      0                         0      0        0

 COOLING
  TODAY           22                        16      6        6
  MONTH TO DATE  503                       463     40      317
  SINCE JUN 1    933                       846     87      710
  SINCE JAN 1   1108                      1059     49      957
..................................................................


WIND (MPH)
  HIGHEST WIND SPEED    10   HIGHEST WIND DIRECTION     W (270)
  HIGHEST GUST SPEED    14   HIGHEST GUST DIRECTION     N (340)
  AVERAGE WIND SPEED     4.8


SKY COVER
  POSSIBLE SUNSHINE  MM
  AVERAGE SKY COVER 0.1


WEATHER CONDITIONS
 THE FOLLOWING WEATHER WAS RECORDED TODAY.
  NO SIGNIFICANT WEATHER WAS OBSERVED.


RELATIVE HUMIDITY (PERCENT)
 HIGHEST   100           100 AM
 LOWEST     56           300 PM
 AVERAGE    78

..........................................................


THE JONESBORO CLIMATE NORMALS FOR TOMORROW
                         NORMAL    RECORD    YEAR
 MAXIMUM TEMPERATURE (F)   91       104      2012
 MINIMUM TEMPERATURE (F)   71        58      1897


SUNRISE AND SUNSET
JULY 29 2015..........SUNRISE   608 AM CDT   SUNSET   810 PM CDT
JULY 30 2015..........SUNRISE   609 AM CDT   SUNSET   809 PM CDT


-  INDICATES NEGATIVE NUMBERS.
R  INDICATES RECORD WAS SET OR TIED.
MM INDICATES DATA IS MISSING.
T  INDICATES TRACE AMOUNT.




$$
