000
CDUS44 KMEG 210742
CLIJBR


CLIMATE REPORT
NATIONAL WEATHER SERVICE MEMPHIS TN
142 AM CST SAT JAN 21 2017


...................................

...THE JONESBORO CLIMATE SUMMARY FOR JANUARY 20 2017...

CLIMATE NORMAL PERIOD 1981 TO 2010
CLIMATE RECORD PERIOD 1897 TO 2017


WEATHER ITEM   OBSERVED TIME   RECORD YEAR NORMAL DEPARTURE LAST
                VALUE   (LST)  VALUE       VALUE  FROM      YEAR
                                                  NORMAL
..................................................................
TEMPERATURE (F)
 YESTERDAY
  MAXIMUM         64    347 PM  79    1906  46     18       30
  MINIMUM         50   1114 PM -11    1985  29     21       26
  AVERAGE         57                        37     20       28

PRECIPITATION (IN)
  YESTERDAY        0.00          1.46 1935   0.09  -0.09      T
  MONTH TO DATE    3.41                      2.17   1.24     1.61
  SINCE DEC 1      7.87                      6.94   0.93     7.98
  SINCE JAN 1      3.41                      2.17   1.24     1.61

DEGREE DAYS
 HEATING
  YESTERDAY        8                        28    -20       37
  MONTH TO DATE  455                       560   -105      581
  SINCE DEC 1   1190                      1352   -162     1085
  SINCE JUL 1   1539                      2002   -463     1594

 COOLING
  YESTERDAY        0                         0      0        0
  MONTH TO DATE    0                         0      0        0
  SINCE DEC 1      0                         0      0        3
  SINCE JAN 1      0                         0      0        0
..................................................................


WIND (MPH)
  HIGHEST WIND SPEED    24   HIGHEST WIND DIRECTION     S (190)
  HIGHEST GUST SPEED    29   HIGHEST GUST DIRECTION     S (200)
  AVERAGE WIND SPEED     9.2


SKY COVER
  POSSIBLE SUNSHINE  MM
  AVERAGE SKY COVER 0.6


WEATHER CONDITIONS
 THE FOLLOWING WEATHER WAS RECORDED YESTERDAY.
  FOG


RELATIVE HUMIDITY (PERCENT)
 HIGHEST   100          1100 PM
 LOWEST     67           200 PM
 AVERAGE    84

..........................................................


THE JONESBORO CLIMATE NORMALS FOR TODAY
                         NORMAL    RECORD    YEAR
 MAXIMUM TEMPERATURE (F)   46        82      1906
 MINIMUM TEMPERATURE (F)   29        -3      1985


SUNRISE AND SUNSET
JANUARY 21 2017.......SUNRISE   710 AM CST   SUNSET   519 PM CST
JANUARY 22 2017.......SUNRISE   709 AM CST   SUNSET   520 PM CST


-  INDICATES NEGATIVE NUMBERS.
R  INDICATES RECORD WAS SET OR TIED.
MM INDICATES DATA IS MISSING.
T  INDICATES TRACE AMOUNT.




$$
