000
CDUS45 KGGW 300740
CLIJDN


CLIMATE REPORT
NATIONAL WEATHER SERVICE GLASGOW MT
140 AM MDT WED JUL 30 2014


...................................

...THE JORDAN  ASOS MT CLIMATE SUMMARY FOR JULY 29 2014...

CLIMATE NORMAL PERIOD 1981 TO 2010
CLIMATE RECORD PERIOD 9999 TO 9999


WEATHER ITEM   OBSERVED TIME   RECORD YEAR NORMAL DEPARTURE LAST
                VALUE   (LST)  VALUE       VALUE  FROM      YEAR
                                                  NORMAL
..................................................................
TEMPERATURE (F)
 YESTERDAY
  MAXIMUM         93    147 PM  MM      MM  87      6       76
  MINIMUM         59   1159 PM  MM      MM  56      3       53
  AVERAGE         76                        72      4       65

PRECIPITATION (IN)
  YESTERDAY        0.01         MM      MM   0.04  -0.03     0.05
  MONTH TO DATE    0.40                      1.79  -1.39     1.82
  SINCE OCT 1      7.77                     10.19  -2.42    15.10
  SINCE JAN 1      5.36                      8.65  -3.29    12.84

SNOWFALL (IN)
  YESTERDAY        0.0          MM      MM  MM     MM        0.0
  MONTH TO DATE    0.0                      MM     MM        0.0
  SINCE JUN 1      0.0                      MM     MM        0.0
  SINCE JUL 1      0.0                      MM     MM        0.0
  SNOW DEPTH       0

DEGREE DAYS
 HEATING
  YESTERDAY        0                         0      0        0
  MONTH TO DATE    5                        27    -22        6
  SINCE JUN 1    135                       152    -17      101
  SINCE JUL 1      5                        27    -22        6

 COOLING
  YESTERDAY       11                         7      4        0
  MONTH TO DATE  198                       164     34      187
  SINCE JUN 1    223                       212     11      235
  SINCE JAN 1    248                       218     30      247
..................................................................


WIND (MPH)
  HIGHEST WIND SPEED    18   HIGHEST WIND DIRECTION    NE (60)
  HIGHEST GUST SPEED    23   HIGHEST GUST DIRECTION    NE (60)
  AVERAGE WIND SPEED     7.2


SKY COVER
  POSSIBLE SUNSHINE  MM
  AVERAGE SKY COVER 0.0


WEATHER CONDITIONS
 THE FOLLOWING WEATHER WAS RECORDED YESTERDAY.
  NO SIGNIFICANT WEATHER WAS OBSERVED.


RELATIVE HUMIDITY (PERCENT)
 HIGHEST    72           500 AM
 LOWEST     16           200 PM
 AVERAGE    44

..........................................................


THE JORDAN  ASOS MT CLIMATE NORMALS FOR TODAY
                         NORMAL    RECORD    YEAR
 MAXIMUM TEMPERATURE (F)   88        MM        MM
 MINIMUM TEMPERATURE (F)   56        MM        MM


SUNRISE AND SUNSET
JULY 30 2014..........SUNRISE   543 AM MDT   SUNSET   843 PM MDT
JULY 31 2014..........SUNRISE   545 AM MDT   SUNSET   842 PM MDT


-  INDICATES NEGATIVE NUMBERS.
R  INDICATES RECORD WAS SET OR TIED.
MM INDICATES DATA IS MISSING.
T  INDICATES TRACE AMOUNT.




$$
