000
CDUS45 KGGW 241230
CLIJDN


CLIMATE REPORT
NATIONAL WEATHER SERVICE GLASGOW MT
630 AM MDT SUN JUL 24 2016


...................................

...THE JORDAN  ASOS MT CLIMATE SUMMARY FOR JULY 24 2016...
VALID AS OF 0600 AM LOCAL TIME.

CLIMATE NORMAL PERIOD 1981 TO 2010
CLIMATE RECORD PERIOD 9999 TO 9999


WEATHER ITEM   OBSERVED TIME   RECORD YEAR NORMAL DEPARTURE LAST
                VALUE   (LST)  VALUE       VALUE  FROM      YEAR
                                                  NORMAL
..................................................................
TEMPERATURE (F)
 TODAY
  MAXIMUM         56   1200 AM  MM      MM  87    -31       91
  MINIMUM         50    500 AM  MM      MM  56     -6       53
  AVERAGE         53                        71    -18       72

PRECIPITATION (IN)
  TODAY            0.00         MM      MM   0.04  -0.04     0.00
  MONTH TO DATE    1.41                      1.59  -0.18     1.12
  SINCE OCT 1     12.33                      9.99   2.34     9.94
  SINCE JAN 1      8.64                      8.45   0.19     8.75

SNOWFALL (IN)
  TODAY            0.0          MM      MM  MM     MM        0.0
  MONTH TO DATE    0.0                      MM     MM        0.0
  SINCE JUN 1      0.0                      MM     MM        0.0
  SINCE JUL 1      0.0                      MM     MM        0.0
  SNOW DEPTH      MM

DEGREE DAYS
 HEATING
  TODAY           12                         1     11        0
  MONTH TO DATE   25                        25      0        1
  SINCE JUN 1     61                       150    -89       45
  SINCE JUL 1     25                        25      0        1

 COOLING
  TODAY            0                         7     -7        7
  MONTH TO DATE  135                       129      6      153
  SINCE JUN 1    213                       177     36      268
  SINCE JAN 1    216                       183     33      268
..................................................................


WIND (MPH)
  HIGHEST WIND SPEED     5   HIGHEST WIND DIRECTION     W (290)
  HIGHEST GUST SPEED    MM   HIGHEST GUST DIRECTION    MM
  AVERAGE WIND SPEED     1.3


SKY COVER
  POSSIBLE SUNSHINE  MM
  AVERAGE SKY COVER 0.0


WEATHER CONDITIONS
 THE FOLLOWING WEATHER WAS RECORDED TODAY.
  NO SIGNIFICANT WEATHER WAS OBSERVED.


RELATIVE HUMIDITY (PERCENT)
 HIGHEST    86           500 AM
 LOWEST     77          1200 AM
 AVERAGE    82

..........................................................


THE JORDAN  ASOS MT CLIMATE NORMALS FOR TOMORROW
                         NORMAL    RECORD    YEAR
 MAXIMUM TEMPERATURE (F)   87        MM        MM
 MINIMUM TEMPERATURE (F)   56        MM        MM


SUNRISE AND SUNSET
JULY 24 2016..........SUNRISE   537 AM MDT   SUNSET   850 PM MDT
JULY 25 2016..........SUNRISE   538 AM MDT   SUNSET   849 PM MDT


-  INDICATES NEGATIVE NUMBERS.
R  INDICATES RECORD WAS SET OR TIED.
MM INDICATES DATA IS MISSING.
T  INDICATES TRACE AMOUNT.




$$
