000
CDUS45 KGGW 260028
CLIJDN


CLIMATE REPORT
NATIONAL WEATHER SERVICE GLASGOW MT
627 PM MDT THU MAY 25 2017


...................................

...THE JORDAN  ASOS MT CLIMATE SUMMARY FOR MAY 25 2017...
VALID TODAY AS OF 0500 PM LOCAL TIME.

CLIMATE NORMAL PERIOD 1981 TO 2010
CLIMATE RECORD PERIOD 9999 TO 9999


WEATHER ITEM   OBSERVED TIME   RECORD YEAR NORMAL DEPARTURE LAST
                VALUE   (LST)  VALUE       VALUE  FROM      YEAR
                                                  NORMAL
..................................................................
TEMPERATURE (F)
 TODAY
  MAXIMUM         60        MM  MM      MM  69     -9       69
  MINIMUM         39   1200 AM  MM      MM  42     -3       41
  AVERAGE         50                        56     -6       55

PRECIPITATION (IN)
  TODAY            0.00         MM      MM   0.10  -0.10     0.01
  MONTH TO DATE    0.29                      1.58  -1.29     1.63
  SINCE OCT 1      5.72                      5.20   0.52     9.53
  SINCE JAN 1      2.51                      3.66  -1.15     5.84

SNOWFALL (IN)
  TODAY            0.0          MM      MM  MM     MM       MM
  MONTH TO DATE    0.0                      MM     MM        0.0
  SINCE MAR 1      0.0                      MM     MM        0.0
  SINCE JUL 1      0.0                      MM     MM        0.0
  SNOW DEPTH       0

DEGREE DAYS
 HEATING
  TODAY           15                        10      5       10
  MONTH TO DATE  267                       335    -68      283
  SINCE MAR 1   1712                      1951   -239     1639
  SINCE JUL 1   7458                      8069   -611     6988

 COOLING
  TODAY            0                         0      0        0
  MONTH TO DATE   12                         0     12        3
  SINCE MAR 1     12                         0     12        3
  SINCE JAN 1     12                         0     12        3
..................................................................


WIND (MPH)
  HIGHEST WIND SPEED    29   HIGHEST WIND DIRECTION    NW (310)
  HIGHEST GUST SPEED    43   HIGHEST GUST DIRECTION     W (290)
  AVERAGE WIND SPEED    21.1


SKY COVER
  POSSIBLE SUNSHINE  MM
  AVERAGE SKY COVER 0.0


WEATHER CONDITIONS
 THE FOLLOWING WEATHER WAS RECORDED TODAY.
  NO SIGNIFICANT WEATHER WAS OBSERVED.


RELATIVE HUMIDITY (PERCENT)
 HIGHEST    76           600 AM
 LOWEST     38           200 AM
 AVERAGE    57

..........................................................


THE JORDAN  ASOS MT CLIMATE NORMALS FOR TOMORROW
                         NORMAL    RECORD    YEAR
 MAXIMUM TEMPERATURE (F)   69        MM        MM
 MINIMUM TEMPERATURE (F)   42        MM        MM


SUNRISE AND SUNSET
MAY 25 2017...........SUNRISE   520 AM MDT   SUNSET   849 PM MDT
MAY 26 2017...........SUNRISE   519 AM MDT   SUNSET   850 PM MDT


-  INDICATES NEGATIVE NUMBERS.
R  INDICATES RECORD WAS SET OR TIED.
MM INDICATES DATA IS MISSING.
T  INDICATES TRACE AMOUNT.




$$
