000
CDUS45 KBOI 220938
CLIJER


CLIMATE REPORT
NATIONAL WEATHER SERVICE BOISE ID
338 AM MDT SAT APR 22 2017


...................................

...THE JEROME ID CLIMATE SUMMARY FOR APRIL 21 2017...

CLIMATE NORMAL PERIOD 1981 TO 2010
CLIMATE RECORD PERIOD 1915 TO 2017


WEATHER ITEM   OBSERVED TIME   RECORD YEAR NORMAL DEPARTURE LAST
                VALUE   (LST)  VALUE       VALUE  FROM      YEAR
                                                  NORMAL
..................................................................
TEMPERATURE (F)
 YESTERDAY
  MAXIMUM         55    441 PM  89    1994  60     -5       83
  MINIMUM         32    618 AM  18    2008  36     -4       48
  AVERAGE         44                        48     -4       66

PRECIPITATION (IN)
  YESTERDAY        0.00          1.63 1981   0.04  -0.04     0.00
  MONTH TO DATE    0.74                      0.92  -0.18     0.21
  SINCE OCT 1      9.28                      7.46   1.82     8.17
  SINCE JAN 1      4.76                      3.94   0.82     3.58

DEGREE DAYS
 HEATING
  YESTERDAY       21                        17      4        0
  MONTH TO DATE  409                       403      6      250
  SINCE MAR 1   1035                      1172   -137      928
  SINCE JUL 1   5458                      6059   -601     5467

 COOLING
  YESTERDAY        0                         0      0        1
  MONTH TO DATE    0                         0      0        1
  SINCE MAR 1      0                         0      0        1
  SINCE JAN 1      0                         0      0        1
..................................................................


WIND (MPH)
  HIGHEST WIND SPEED    21   HIGHEST WIND DIRECTION    SW (240)
  HIGHEST GUST SPEED    25   HIGHEST GUST DIRECTION     W (250)
  AVERAGE WIND SPEED    10.5


SKY COVER
  AVERAGE SKY COVER 0.1


WEATHER CONDITIONS
 THE FOLLOWING WEATHER WAS RECORDED YESTERDAY.
  NO SIGNIFICANT WEATHER WAS OBSERVED.


RELATIVE HUMIDITY (PERCENT)
 HIGHEST    96           400 AM
 LOWEST     28           600 PM
 AVERAGE    62

..........................................................


THE JEROME ID CLIMATE NORMALS FOR TODAY
                         NORMAL    RECORD    YEAR
 MAXIMUM TEMPERATURE (F)   60        89      1934
 MINIMUM TEMPERATURE (F)   36        21      1951


SUNRISE AND SUNSET
APRIL 22 2017.........SUNRISE   645 AM MDT   SUNSET   828 PM MDT
APRIL 23 2017.........SUNRISE   643 AM MDT   SUNSET   830 PM MDT


-  INDICATES NEGATIVE NUMBERS.
R  INDICATES RECORD WAS SET OR TIED.
MM INDICATES DATA IS MISSING.
T  INDICATES TRACE AMOUNT.




$$
