732
CDUS45 KBOI 140931
CLIJER


CLIMATE REPORT
NATIONAL WEATHER SERVICE BOISE ID
231 AM MST SUN FEB 14 2016


...................................

...THE JEROME ID CLIMATE SUMMARY FOR FEBRUARY 13 2016...

CLIMATE NORMAL PERIOD 1981 TO 2010
CLIMATE RECORD PERIOD 1919 TO 2016


WEATHER ITEM   OBSERVED TIME   RECORD YEAR NORMAL DEPARTURE LAST
                VALUE   (LST)  VALUE       VALUE  FROM      YEAR
                                                  NORMAL
..................................................................
TEMPERATURE (F)
 YESTERDAY
  MAXIMUM         45    346 PM  63    1967  38      7       59
  MINIMUM         28    757 AM  -3    1949  22      6       33
  AVERAGE         37                        30      7       46

PRECIPITATION (IN)
  YESTERDAY        0.00          0.78 1986   0.03  -0.03     0.00
  MONTH TO DATE    0.01                      0.39  -0.38     0.31
  SINCE OCT 1      5.81                      4.97   0.84     4.40
  SINCE JAN 1      1.22                      1.45  -0.23     1.50

DEGREE DAYS
 HEATING
  YESTERDAY       28                        35     -7       19
  MONTH TO DATE  498                       472     26      260
  SINCE DEC 1   2835                      2846    -11     2298
  SINCE JUL 1   4168                      4397   -229     3634

 COOLING
  YESTERDAY        0                         0      0        0
  MONTH TO DATE    0                         0      0        0
  SINCE DEC 1      0                         0      0        0
  SINCE JAN 1      0                         0      0        0
..................................................................


WIND (MPH)
  HIGHEST WIND SPEED    26   HIGHEST WIND DIRECTION     W (250)
  HIGHEST GUST SPEED    32   HIGHEST GUST DIRECTION    SW (230)
  AVERAGE WIND SPEED    11.4


SKY COVER
  AVERAGE SKY COVER 0.2


WEATHER CONDITIONS
 THE FOLLOWING WEATHER WAS RECORDED YESTERDAY.
  FOG
  FOG W/VISIBILITY <= 1/4 MILE


RELATIVE HUMIDITY (PERCENT)
 HIGHEST    92           900 AM
 LOWEST     49           400 PM
 AVERAGE    71

..........................................................


THE JEROME ID CLIMATE NORMALS FOR TODAY
                         NORMAL    RECORD    YEAR
 MAXIMUM TEMPERATURE (F)   39        55      1961
 MINIMUM TEMPERATURE (F)   22        -1      2004


SUNRISE AND SUNSET
FEBRUARY 14 2016......SUNRISE   737 AM MST   SUNSET   608 PM MST
FEBRUARY 15 2016......SUNRISE   735 AM MST   SUNSET   609 PM MST


-  INDICATES NEGATIVE NUMBERS.
R  INDICATES RECORD WAS SET OR TIED.
MM INDICATES DATA IS MISSING.
T  INDICATES TRACE AMOUNT.




$$
