000
CDUS45 KBOI 230933
CLIJER


CLIMATE REPORT
NATIONAL WEATHER SERVICE BOISE ID
232 AM MST FRI FEB 23 2018


...................................

...THE JEROME ID CLIMATE SUMMARY FOR FEBRUARY 22 2018...

CLIMATE NORMAL PERIOD 1981 TO 2010
CLIMATE RECORD PERIOD 1915 TO 2018


WEATHER ITEM   OBSERVED TIME   RECORD YEAR NORMAL DEPARTURE LAST
                VALUE   (LST)  VALUE       VALUE  FROM      YEAR
                                                  NORMAL
..................................................................
TEMPERATURE (F)
 YESTERDAY
  MAXIMUM         30   1223 PM  67    1958  42    -12       MM
  MINIMUM         17   1115 PM  -6    1952  24     -7       MM
  AVERAGE         24                        33     -9       MM

PRECIPITATION (IN)
  YESTERDAY        T             0.62 1917   0.03  -0.03    MM
  MONTH TO DATE    0.12                      0.67  -0.55     1.37
  SINCE OCT 1      3.97                      5.25  -1.28     7.18
  SINCE JAN 1      1.42                      1.73  -0.31     2.66

DEGREE DAYS
 HEATING
  YESTERDAY       41                        32      9       MM
  MONTH TO DATE  644                       775   -131      555
  SINCE DEC 1   2710                      3149   -439     3119
  SINCE JUL 1   4166                      4700   -534     4345

 COOLING
  YESTERDAY        0                         0      0       MM
  MONTH TO DATE    0                         0      0        0
  SINCE DEC 1      0                         0      0        0
  SINCE JAN 1      0                         0      0        0
..................................................................


WIND (MPH)
  HIGHEST WIND SPEED    18   HIGHEST WIND DIRECTION    SW (240)
  HIGHEST GUST SPEED    22   HIGHEST GUST DIRECTION    SW (240)
  AVERAGE WIND SPEED     9.2


SKY COVER
  AVERAGE SKY COVER 0.6


WEATHER CONDITIONS
 THE FOLLOWING WEATHER WAS RECORDED YESTERDAY.
  HEAVY SNOW
  SNOW
  LIGHT SNOW
  FOG
  HAZE


RELATIVE HUMIDITY (PERCENT)
 HIGHEST    81           300 PM
 LOWEST     55          1200 AM
 AVERAGE    68

..........................................................


THE JEROME ID CLIMATE NORMALS FOR TODAY
                         NORMAL    RECORD    YEAR
 MAXIMUM TEMPERATURE (F)   42        64      1954
 MINIMUM TEMPERATURE (F)   24         7      1922


SUNRISE AND SUNSET
FEBRUARY 23 2018......SUNRISE   723 AM MST   SUNSET   620 PM MST
FEBRUARY 24 2018......SUNRISE   721 AM MST   SUNSET   621 PM MST


-  INDICATES NEGATIVE NUMBERS.
R  INDICATES RECORD WAS SET OR TIED.
MM INDICATES DATA IS MISSING.
T  INDICATES TRACE AMOUNT.




$$
