000
CDUS45 KBOI 250931
CLIJER


CLIMATE REPORT
NATIONAL WEATHER SERVICE BOISE ID
231 AM MST SAT NOV 25 2017


...................................

...THE JEROME ID CLIMATE SUMMARY FOR NOVEMBER 24 2017...

CLIMATE NORMAL PERIOD 1981 TO 2010
CLIMATE RECORD PERIOD 1915 TO 2017


WEATHER ITEM   OBSERVED TIME   RECORD YEAR NORMAL DEPARTURE LAST
                VALUE   (LST)  VALUE       VALUE  FROM      YEAR
                                                  NORMAL
..................................................................
TEMPERATURE (F)
 YESTERDAY
  MAXIMUM         53    116 AM  61    1959  41     12       42
  MINIMUM         37   1146 PM   1    2010  25     12       26
  AVERAGE         45                        33     12       34

PRECIPITATION (IN)
  YESTERDAY        0.22          0.65 1981   0.05   0.17     0.00
  MONTH TO DATE    1.41                      0.88   0.53     0.12
  SINCE OCT 1      2.01                      1.69   0.32     2.78
  SINCE JAN 1      9.54                      8.98   0.56     9.79

DEGREE DAYS
 HEATING
  YESTERDAY       20                        32    -12       31
  MONTH TO DATE  552                       649    -97      451
  SINCE SEP 1   1305                      1315    -10     1024
  SINCE JUL 1   1306                      1348    -42     1046

 COOLING
  YESTERDAY        0                         0      0        0
  MONTH TO DATE    0                         0      0        0
  SINCE SEP 1    121                        45     76       30
  SINCE JAN 1    929                       510    419      612
..................................................................


WIND (MPH)
  HIGHEST WIND SPEED    22   HIGHEST WIND DIRECTION    SW (240)
  HIGHEST GUST SPEED    27   HIGHEST GUST DIRECTION    SW (230)
  AVERAGE WIND SPEED    10.5


SKY COVER
  AVERAGE SKY COVER 0.6


WEATHER CONDITIONS
 THE FOLLOWING WEATHER WAS RECORDED YESTERDAY.
  RAIN
  LIGHT RAIN
  FOG


RELATIVE HUMIDITY (PERCENT)
 HIGHEST    93           700 AM
 LOWEST     61           300 PM
 AVERAGE    77

..........................................................


THE JEROME ID CLIMATE NORMALS FOR TODAY
                         NORMAL    RECORD    YEAR
 MAXIMUM TEMPERATURE (F)   40        66      1995
 MINIMUM TEMPERATURE (F)   24        -4      2010
                                             1993


SUNRISE AND SUNSET
NOVEMBER 25 2017......SUNRISE   742 AM MST   SUNSET   507 PM MST
NOVEMBER 26 2017......SUNRISE   743 AM MST   SUNSET   507 PM MST


-  INDICATES NEGATIVE NUMBERS.
R  INDICATES RECORD WAS SET OR TIED.
MM INDICATES DATA IS MISSING.
T  INDICATES TRACE AMOUNT.




$$
