000
CDUS45 KBOI 210932
CLIJER


CLIMATE REPORT
NATIONAL WEATHER SERVICE BOISE ID
332 AM MDT SUN SEP 21 2014


...................................

...THE JEROME ID CLIMATE SUMMARY FOR SEPTEMBER 20 2014...

CLIMATE NORMAL PERIOD 1981 TO 2010
CLIMATE RECORD PERIOD 1919 TO 2014


WEATHER ITEM   OBSERVED TIME   RECORD YEAR NORMAL DEPARTURE LAST
                VALUE   (LST)  VALUE       VALUE  FROM      YEAR
                                                  NORMAL
..................................................................
TEMPERATURE (F)
 YESTERDAY
  MAXIMUM         84    452 PM  94    1984  73     11       83
  MINIMUM         50    620 AM  30    1978  45      5       47
  AVERAGE         67                        59      8       65

PRECIPITATION (IN)
  YESTERDAY        0.00          0.44 1988   0.01  -0.01     0.00
  MONTH TO DATE    T                         0.21  -0.21     0.23
  SINCE OCT 1      9.17                     10.59  -1.42     6.05
  SINCE JAN 1      8.57                      7.07   1.50     2.75

DEGREE DAYS
 HEATING
  YESTERDAY        0                         7     -7        0
  MONTH TO DATE   57                        85    -28       28
  SINCE SEP 1     57                        85    -28       28
  SINCE JUL 1     84                       118    -34       28

 COOLING
  YESTERDAY        2                         1      1        0
  MONTH TO DATE   37                        40     -3       86
  SINCE SEP 1     37                        40     -3       86
  SINCE JAN 1    629                       505    124      904
..................................................................


WIND (MPH)
  HIGHEST WIND SPEED    10   HIGHEST WIND DIRECTION    NE (40)
  HIGHEST GUST SPEED    12   HIGHEST GUST DIRECTION    NE (40)
  AVERAGE WIND SPEED     4.5


SKY COVER
  AVERAGE SKY COVER 0.0


WEATHER CONDITIONS
 THE FOLLOWING WEATHER WAS RECORDED YESTERDAY.
  NO SIGNIFICANT WEATHER WAS OBSERVED.


RELATIVE HUMIDITY (PERCENT)
 HIGHEST    74           600 AM
 LOWEST     23           400 PM
 AVERAGE    49

..........................................................


THE JEROME ID CLIMATE NORMALS FOR TODAY
                         NORMAL    RECORD    YEAR
 MAXIMUM TEMPERATURE (F)   73        94      1966
 MINIMUM TEMPERATURE (F)   45        30      1978


SUNRISE AND SUNSET
SEPTEMBER 21 2014.....SUNRISE   724 AM MDT   SUNSET   737 PM MDT
SEPTEMBER 22 2014.....SUNRISE   725 AM MDT   SUNSET   735 PM MDT


-  INDICATES NEGATIVE NUMBERS.
R  INDICATES RECORD WAS SET OR TIED.
MM INDICATES DATA IS MISSING.
T  INDICATES TRACE AMOUNT.




$$
