156
CDUS45 KBOI 250931
CLIJER


CLIMATE REPORT
NATIONAL WEATHER SERVICE BOISE ID
231 AM MST SAT FEB 25 2017


...................................

...THE JEROME ID CLIMATE SUMMARY FOR FEBRUARY 24 2017...

CLIMATE NORMAL PERIOD 1981 TO 2010
CLIMATE RECORD PERIOD 1915 TO 2017


WEATHER ITEM   OBSERVED TIME   RECORD YEAR NORMAL DEPARTURE LAST
                VALUE   (LST)  VALUE       VALUE  FROM      YEAR
                                                  NORMAL
..................................................................
TEMPERATURE (F)
 YESTERDAY
  MAXIMUM         MM        MM  62    1995  43     MM       49
  MINIMUM         MM        MM  12    2003  24     MM       25
                                      1974
                                      1960
  AVERAGE         MM                        34     MM       37

PRECIPITATION (IN)
  YESTERDAY        0.00          0.54 1934   0.04  -0.04     0.00
  MONTH TO DATE    1.37                      0.74   0.63     0.20
  SINCE OCT 1      7.18                      5.32   1.86     6.00
  SINCE JAN 1      2.66                      1.80   0.86     1.41

DEGREE DAYS
 HEATING
  YESTERDAY       MM                        32     MM       28
  MONTH TO DATE  555                       839   -284      759
  SINCE DEC 1   3119                      3213    -94     3096
  SINCE JUL 1   4345                      4764   -419     4429

 COOLING
  YESTERDAY       MM                         0     MM        0
  MONTH TO DATE    0                         0      0        0
  SINCE DEC 1      0                         0      0        0
  SINCE JAN 1      0                         0      0        0
..................................................................


WIND (MPH)
  HIGHEST WIND SPEED    MM   HIGHEST WIND DIRECTION    MM
  HIGHEST GUST SPEED    MM   HIGHEST GUST DIRECTION    MM
  AVERAGE WIND SPEED    MM


SKY COVER
  AVERAGE SKY COVER 0.0


WEATHER CONDITIONS
 THE FOLLOWING WEATHER WAS RECORDED YESTERDAY.
  NO SIGNIFICANT WEATHER WAS OBSERVED.


RELATIVE HUMIDITY (PERCENT)
 HIGHEST    MM
 LOWEST     MM
 AVERAGE    MM

..........................................................


THE JEROME ID CLIMATE NORMALS FOR TODAY
                         NORMAL    RECORD    YEAR
 MAXIMUM TEMPERATURE (F)   43        69      1986
 MINIMUM TEMPERATURE (F)   25         4      1933


SUNRISE AND SUNSET
FEBRUARY 25 2017......SUNRISE   719 AM MST   SUNSET   623 PM MST
FEBRUARY 26 2017......SUNRISE   718 AM MST   SUNSET   624 PM MST


-  INDICATES NEGATIVE NUMBERS.
R  INDICATES RECORD WAS SET OR TIED.
MM INDICATES DATA IS MISSING.
T  INDICATES TRACE AMOUNT.




$$
