000
CDUS45 KBOI 240932
CLIJER


CLIMATE REPORT
NATIONAL WEATHER SERVICE BOISE ID
231 AM MST SAT JAN 24 2015


...................................

...THE JEROME ID CLIMATE SUMMARY FOR JANUARY 23 2015...

CLIMATE NORMAL PERIOD 1981 TO 2010
CLIMATE RECORD PERIOD 1919 TO 2015


WEATHER ITEM   OBSERVED TIME   RECORD YEAR NORMAL DEPARTURE LAST
                VALUE   (LST)  VALUE       VALUE  FROM      YEAR
                                                  NORMAL
..................................................................
TEMPERATURE (F)
 YESTERDAY
  MAXIMUM         29    459 PM  57    1959  34     -5       40
  MINIMUM         18    712 AM -17    1962  20     -2       18
  AVERAGE         24                        27     -3       29

PRECIPITATION (IN)
  YESTERDAY        0.00          0.64 1999   0.02  -0.02     0.00
  MONTH TO DATE    1.09                      0.88   0.21     0.26
  SINCE OCT 1      3.99                      4.40  -0.41     0.86
  SINCE JAN 1      1.09                      0.88   0.21     0.26

DEGREE DAYS
 HEATING
  YESTERDAY       41                        38      3       36
  MONTH TO DATE  856                       892    -36      757
  SINCE DEC 1   1805                      2071   -266     2058
  SINCE JUL 1   3141                      3622   -481     3541

 COOLING
  YESTERDAY        0                         0      0        0
  MONTH TO DATE    0                         0      0        0
  SINCE DEC 1      0                         0      0        0
  SINCE JAN 1      0                         0      0        0
..................................................................


WIND (MPH)
  HIGHEST WIND SPEED    15   HIGHEST WIND DIRECTION    NE (30)
  HIGHEST GUST SPEED    17   HIGHEST GUST DIRECTION    NE (30)
  AVERAGE WIND SPEED     4.4


SKY COVER
  AVERAGE SKY COVER 0.8


WEATHER CONDITIONS
 THE FOLLOWING WEATHER WAS RECORDED YESTERDAY.
  FOG
  FOG W/VISIBILITY <= 1/4 MILE


RELATIVE HUMIDITY (PERCENT)
 HIGHEST   100          1100 PM
 LOWEST     75          1200 AM
 AVERAGE    88

..........................................................


THE JEROME ID CLIMATE NORMALS FOR TODAY
                         NORMAL    RECORD    YEAR
 MAXIMUM TEMPERATURE (F)   34        53      2003
 MINIMUM TEMPERATURE (F)   20       -10      1962


SUNRISE AND SUNSET
JANUARY 24 2015.......SUNRISE   800 AM MST   SUNSET   540 PM MST
JANUARY 25 2015.......SUNRISE   759 AM MST   SUNSET   542 PM MST


-  INDICATES NEGATIVE NUMBERS.
R  INDICATES RECORD WAS SET OR TIED.
MM INDICATES DATA IS MISSING.
T  INDICATES TRACE AMOUNT.




$$
