000
CDUS41 KOKX 200706
CLIJFK


CLIMATE REPORT
NATIONAL WEATHER SERVICE NEW YORK NY
306 AM EDT FRI OCT 20 2017


...................................

...THE KENNEDY NY CLIMATE SUMMARY FOR OCTOBER 19 2017...

CLIMATE NORMAL PERIOD 1981 TO 2010
CLIMATE RECORD PERIOD 1948 TO 2017


WEATHER ITEM   OBSERVED TIME   RECORD YEAR NORMAL DEPARTURE LAST
                VALUE   (LST)  VALUE       VALUE  FROM      YEAR
                                                  NORMAL
..................................................................
TEMPERATURE (F)
 YESTERDAY
  MAXIMUM         70    111 PM  86    2016  63      7       86
  MINIMUM         51    610 AM  31    1976  48      3       61
  AVERAGE         61                        56      5       74

PRECIPITATION (IN)
  YESTERDAY        0.00          3.21 1966   0.11  -0.11     0.00
  MONTH TO DATE    0.50                      2.29  -1.79     1.35
  SINCE SEP 1      2.70                      5.79  -3.09     4.22
  SINCE JAN 1     35.95                     34.75   1.20    27.49

SNOWFALL (IN)
  YESTERDAY        0.0          MM      MM   0.0    0.0      0.0
  MONTH TO DATE    0.0                       0.0    0.0      0.0
  SINCE OCT 1      0.0                       0.0    0.0      0.0
  SINCE JUL 1      0.0                       0.0    0.0      0.0
  SNOW DEPTH       0

DEGREE DAYS
 HEATING
  YESTERDAY        4                         9     -5        0
  MONTH TO DATE   51                       126    -75       82
  SINCE SEP 1     63                       164   -101       95
  SINCE JUL 1     63                       165   -102       95

 COOLING
  YESTERDAY        0                         0      0        9
  MONTH TO DATE   60                        12     48       17
  SINCE SEP 1    244                       142    102      222
  SINCE JAN 1   1167                      1003    164     1359
..................................................................


WIND (MPH)
  HIGHEST WIND SPEED    17   HIGHEST WIND DIRECTION    SW (220)
  HIGHEST GUST SPEED    21   HIGHEST GUST DIRECTION     S (190)
  AVERAGE WIND SPEED    10.8


SKY COVER
  POSSIBLE SUNSHINE  MM
  AVERAGE SKY COVER 0.2


WEATHER CONDITIONS
 THE FOLLOWING WEATHER WAS RECORDED YESTERDAY.
  NO SIGNIFICANT WEATHER WAS OBSERVED.


RELATIVE HUMIDITY (PERCENT)
 HIGHEST    93           200 AM
 LOWEST     44           100 PM
 AVERAGE    69

..........................................................


THE KENNEDY NY CLIMATE NORMALS FOR TODAY
                         NORMAL    RECORD    YEAR
 MAXIMUM TEMPERATURE (F)   63        81      1969
 MINIMUM TEMPERATURE (F)   48        33      1974


SUNRISE AND SUNSET
OCTOBER 20 2017.......SUNRISE   712 AM EDT   SUNSET   607 PM EDT
OCTOBER 21 2017.......SUNRISE   713 AM EDT   SUNSET   606 PM EDT


-  INDICATES NEGATIVE NUMBERS.
R  INDICATES RECORD WAS SET OR TIED.
MM INDICATES DATA IS MISSING.
T  INDICATES TRACE AMOUNT.




$$
