000
CDUS41 KOKX 010617
CLIJFK


CLIMATE REPORT
NATIONAL WEATHER SERVICE NEW YORK NY
117 AM EST SUN MAR 1 2015


...................................

...THE KENNEDY NY CLIMATE SUMMARY FOR FEBRUARY 28 2015...

CLIMATE NORMAL PERIOD 1981 TO 2010
CLIMATE RECORD PERIOD 1949 TO 2015


WEATHER ITEM   OBSERVED TIME   RECORD YEAR NORMAL DEPARTURE LAST
                VALUE   (LST)  VALUE       VALUE  FROM      YEAR
                                                  NORMAL
..................................................................
TEMPERATURE (F)
 YESTERDAY
  MAXIMUM         31    420 PM  66    1976  45    -14       26
  MINIMUM         15    640 AM  11    2014  30    -15       11
  AVERAGE         23                        37    -14       19

PRECIPITATION (IN)
  YESTERDAY        0.00          1.62 1984   0.11  -0.11     0.00
  MONTH TO DATE    2.35                      2.59  -0.24     4.59
  SINCE DEC 1     14.70                      9.14   5.56    12.10
  SINCE JAN 1      7.66                      5.75   1.91     7.60

SNOWFALL (IN)
  YESTERDAY        0.0          10.1  1949   0.2   -0.2      0.0
  MONTH TO DATE   13.6                       8.3    5.3     21.0
  SINCE OCT 1     31.1                      19.5   11.6     44.9
  SINCE JUL 1     31.1                      19.5   11.6     44.9
  SNOW DEPTH       1

DEGREE DAYS
 HEATING
  YESTERDAY       42                        28     14       46
  MONTH TO DATE 1128                       842    286      941
  SINCE DEC 1   2908                      2687    221     2893
  SINCE JUL 1   3692                      3511    181     3707

 COOLING
  YESTERDAY        0                         0      0        0
  MONTH TO DATE    0                         0      0        0
  SINCE DEC 1      0                         0      0        0
  SINCE JAN 1      0                         0      0        0
..................................................................


WIND (MPH)
  HIGHEST WIND SPEED    20   HIGHEST WIND DIRECTION    NW (330)
  HIGHEST GUST SPEED    23   HIGHEST GUST DIRECTION    NW (330)
  AVERAGE WIND SPEED     8.2


SKY COVER
  POSSIBLE SUNSHINE  MM
  AVERAGE SKY COVER 0.2


WEATHER CONDITIONS
 THE FOLLOWING WEATHER WAS RECORDED YESTERDAY.
  NO SIGNIFICANT WEATHER WAS OBSERVED.


RELATIVE HUMIDITY (PERCENT)
 HIGHEST    53           700 AM
 LOWEST     27           500 PM
 AVERAGE    40

..........................................................


THE KENNEDY NY CLIMATE NORMALS FOR TODAY
                         NORMAL    RECORD    YEAR
 MAXIMUM TEMPERATURE (F)   45        58      2004
                                             1976
                                             1972
 MINIMUM TEMPERATURE (F)   30         8      1980


SUNRISE AND SUNSET
MARCH  1 2015.........SUNRISE   629 AM EST   SUNSET   546 PM EST
MARCH  2 2015.........SUNRISE   628 AM EST   SUNSET   547 PM EST


-  INDICATES NEGATIVE NUMBERS.
R  INDICATES RECORD WAS SET OR TIED.
MM INDICATES DATA IS MISSING.
T  INDICATES TRACE AMOUNT.




$$
