000
CDUS43 KJKL 290537
CLIJKL

CLIMATE REPORT
NATIONAL WEATHER SERVICE JACKSON KY
137 AM EDT MON MAY 29 2017

...................................

...THE JACKSON KY CLIMATE SUMMARY FOR MAY 28 2017...

CLIMATE NORMAL PERIOD 1981 TO 2010
CLIMATE RECORD PERIOD 1981 TO 2017


WEATHER ITEM   OBSERVED TIME   RECORD YEAR NORMAL DEPARTURE LAST
                VALUE   (LST)  VALUE       VALUE  FROM      YEAR
                                                  NORMAL
..................................................................
TEMPERATURE (F)
 YESTERDAY
  MAXIMUM         75    500 PM  89    2012  77     -2       84
                                      1987
  MINIMUM         62    649 AM  37    1994  58      4       65
  AVERAGE         69                        67      2       75

PRECIPITATION (IN)
  YESTERDAY        T             1.00 1990   0.17  -0.17     0.00
  MONTH TO DATE    7.25                      4.67   2.58     6.91
  SINCE MAR 1     15.69                     12.62   3.07    13.11
  SINCE JAN 1     23.26                     19.98   3.28    22.67

SNOWFALL (IN)
  YESTERDAY        0.0                       0.0    0.0      0.0
  MONTH TO DATE    0.0                       0.0    0.0      0.0
  SINCE MAR 1      0.2                       3.9   -3.7      2.9
  SINCE JUL 1      4.8                      23.5  -18.7     32.5
  SNOW DEPTH       0

DEGREE DAYS
 HEATING
  YESTERDAY        0                         2     -2        0
  MONTH TO DATE   88                        96     -8      137
  SINCE MAR 1    717                       917   -200      700
  SINCE JUL 1   3209                      4217  -1008     3454

 COOLING
  YESTERDAY        4                         4      0       10
  MONTH TO DATE   85                        79      6       59
  SINCE MAR 1    181                       125     56      113
  SINCE JAN 1    183                       125     58      113
..................................................................


WIND (MPH)
  HIGHEST WIND SPEED     8   HIGHEST WIND DIRECTION    SW (220)
  HIGHEST GUST SPEED    14   HIGHEST GUST DIRECTION     W (260)
  AVERAGE WIND SPEED     1.6


SKY COVER
  POSSIBLE SUNSHINE  MM
  AVERAGE SKY COVER 0.7


WEATHER CONDITIONS
 THE FOLLOWING WEATHER WAS RECORDED YESTERDAY.
  LIGHT RAIN
  FOG
  FOG W/VISIBILITY <= 1/4 MILE


RELATIVE HUMIDITY (PERCENT)
 HIGHEST   100           200 AM
 LOWEST     64           500 PM
 AVERAGE    82

..........................................................


THE JACKSON KY CLIMATE NORMALS FOR TODAY
                         NORMAL    RECORD    YEAR
 MAXIMUM TEMPERATURE (F)   77        89      2011
                                             2006
                                             1987
 MINIMUM TEMPERATURE (F)   58        44      1984


SUNRISE AND SUNSET
MAY 29 2017...........SUNRISE   615 AM EDT   SUNSET   847 PM EDT
MAY 30 2017...........SUNRISE   614 AM EDT   SUNSET   848 PM EDT


-  INDICATES NEGATIVE NUMBERS.
R  INDICATES RECORD WAS SET OR TIED.
MM INDICATES DATA IS MISSING.
T  INDICATES TRACE AMOUNT.




$$
