000
CDUS43 KJKL 280540
CLIJKL

CLIMATE REPORT
NATIONAL WEATHER SERVICE JACKSON KY
140 AM EDT THU AUG 28 2014

...................................

...THE JACKSON KY CLIMATE SUMMARY FOR AUGUST 27 2014...

CLIMATE NORMAL PERIOD 1981 TO 2010
CLIMATE RECORD PERIOD 1981 TO 2014

WEATHER ITEM   OBSERVED TIME   RECORD YEAR NORMAL DEPARTURE LAST
                VALUE   (LST)  VALUE       VALUE  FROM      YEAR
                                                  NORMAL
..................................................................
TEMPERATURE (F)
 YESTERDAY
  MAXIMUM         86    434 PM  92    1988  83      3       86
  MINIMUM         63    629 AM  59    2010  64     -1       66
  AVERAGE         75                        74      1       76

PRECIPITATION (IN)
  YESTERDAY        0.00          0.70 1987   0.09  -0.09     0.00
  MONTH TO DATE    6.28                      3.29   2.99     9.11
  SINCE JUN 1     15.17                     12.64   2.53    22.09
  SINCE JAN 1     36.03                     33.15   2.88    42.29

SNOWFALL (IN)
  YESTERDAY        0.0                       0.0    0.0      0.0
  MONTH TO DATE    0.0                       0.0    0.0      0.0
  SINCE JUN 1      0.0                       0.0    0.0      0.0
  SINCE JUL 1      0.0                       0.0    0.0      0.0
  SNOW DEPTH       0

DEGREE DAYS
 HEATING
  YESTERDAY        0                         0      0        0
  MONTH TO DATE    0                         0      0        2
  SINCE JUN 1      3                        12     -9        2
  SINCE JUL 1      3                         0      3        2

 COOLING
  YESTERDAY       10                         9      1       11
  MONTH TO DATE  227                       264    -37      198
  SINCE JUN 1    763                       808    -45      695
  SINCE JAN 1    954                       944     10      843
..................................................................

WIND (MPH)
  HIGHEST WIND SPEED     6   HIGHEST WIND DIRECTION    SE (120)
  HIGHEST GUST SPEED     7   HIGHEST GUST DIRECTION    SE (120)
  AVERAGE WIND SPEED     0.8

SKY COVER
  POSSIBLE SUNSHINE  MM
  AVERAGE SKY COVER 0.1

WEATHER CONDITIONS
 THE FOLLOWING WEATHER WAS RECORDED YESTERDAY.
  NO SIGNIFICANT WEATHER WAS OBSERVED.

RELATIVE HUMIDITY (PERCENT)
 HIGHEST    93           600 AM
 LOWEST     55           300 PM
 AVERAGE    74

..........................................................

THE JACKSON KY CLIMATE NORMALS FOR TODAY
                         NORMAL    RECORD    YEAR
 MAXIMUM TEMPERATURE (F)   83        93      2007
                                             1995
 MINIMUM TEMPERATURE (F)   64        50      1986

SUNRISE AND SUNSET
AUGUST 28 2014........SUNRISE   700 AM EDT   SUNSET   808 PM EDT
AUGUST 29 2014........SUNRISE   701 AM EDT   SUNSET   807 PM EDT

-  INDICATES NEGATIVE NUMBERS.
R  INDICATES RECORD WAS SET OR TIED.
MM INDICATES DATA IS MISSING.
T  INDICATES TRACE AMOUNT.

$$
