000
CDUS43 KSGF 202234
CLIJLN


CLIMATE REPORT
NATIONAL WEATHER SERVICE SPRINGFIELD MO
534 PM CDT THU JUL 20 2017


...................................

...THE JOPLIN MO CLIMATE SUMMARY FOR JULY 20 2017...
VALID TODAY AS OF 0500 PM LOCAL TIME.

CLIMATE NORMAL PERIOD 1981 TO 2010
CLIMATE RECORD PERIOD 1902 TO 2017


WEATHER ITEM   OBSERVED TIME   RECORD YEAR NORMAL DEPARTURE LAST
                VALUE   (LST)  VALUE       VALUE  FROM      YEAR
                                                  NORMAL
..................................................................
TEMPERATURE (F)
 TODAY
  MAXIMUM         98    355 PM 104    2006  91      7       94
  MINIMUM         77    546 AM  56    1971  70      7       77
  AVERAGE         88                        81      7       86

PRECIPITATION (IN)
  TODAY            0.00          2.42 1969   0.11  -0.11     0.00
  MONTH TO DATE    2.06                      2.64  -0.58     4.77
  SINCE JUN 1      6.24                      8.50  -2.26    10.89
  SINCE JAN 1     32.17                     26.45   5.72    24.99

DEGREE DAYS
 HEATING
  TODAY            0                         0      0        0
  MONTH TO DATE    0                         0      0        0
  SINCE JUN 1      0                         5     -5        0
  SINCE JUL 1      0                         0      0        0

 COOLING
  TODAY           23                        16      7       21
  MONTH TO DATE  333                       299     34      303
  SINCE JUN 1    662                       617     45      726
  SINCE JAN 1    869                       797     72      840
..................................................................


WIND (MPH)
  HIGHEST WIND SPEED    20   HIGHEST WIND DIRECTION    SW (210)
  HIGHEST GUST SPEED    25   HIGHEST GUST DIRECTION    SW (210)


SKY COVER
  AVERAGE SKY COVER 0.0


WEATHER CONDITIONS
 THE FOLLOWING WEATHER WAS RECORDED TODAY.
  NO SIGNIFICANT WEATHER WAS OBSERVED.


RELATIVE HUMIDITY (PERCENT)
 HIGHEST    88           500 AM
 LOWEST     45           400 PM
 AVERAGE    67

..........................................................


THE JOPLIN MO CLIMATE NORMALS FOR TOMORROW
                         NORMAL    RECORD    YEAR
 MAXIMUM TEMPERATURE (F)   91       102      2011
                                             1974
 MINIMUM TEMPERATURE (F)   70        52      1970


SUNRISE AND SUNSET
JULY 20 2017..........SUNRISE   614 AM CDT   SUNSET   835 PM CDT
JULY 21 2017..........SUNRISE   614 AM CDT   SUNSET   834 PM CDT


-  INDICATES NEGATIVE NUMBERS.
R  INDICATES RECORD WAS SET OR TIED.
MM INDICATES DATA IS MISSING.
T  INDICATES TRACE AMOUNT.




$$
