000
CDUS43 KBIS 230025
CLIJMS


CLIMATE REPORT
NATIONAL WEATHER SERVICE BISMARCK ND
725 PM CDT SUN OCT 22 2017


...................................

...THE JAMESTOWN ND CLIMATE SUMMARY FOR OCTOBER 22 2017...
VALID TODAY AS OF 0700 PM LOCAL TIME.

CLIMATE NORMAL PERIOD 1981 TO 2010
CLIMATE RECORD PERIOD 1891 TO 2017


WEATHER ITEM   OBSERVED TIME   RECORD YEAR NORMAL DEPARTURE LAST
                VALUE   (LST)  VALUE       VALUE  FROM      YEAR
                                                  NORMAL
..................................................................
TEMPERATURE (F)
 TODAY
  MAXIMUM         63    246 PM  85    1915  53     10       64
  MINIMUM         36    655 AM   2    1936  30      6       29
  AVERAGE         50                        42      8       47

PRECIPITATION (IN)
  TODAY            T             1.38 1931   0.04  -0.04     0.00
  MONTH TO DATE    0.07                      1.18  -1.11     0.43
  SINCE SEP 1      2.91                      3.18  -0.27     4.34
  SINCE JAN 1     12.22                     17.37  -5.15    23.09

DEGREE DAYS
 HEATING
  TODAY           15                        24     -9       18
  MONTH TO DATE  336                       415    -79      391
  SINCE SEP 1    540                       667   -127      580
  SINCE JUL 1    574                       733   -159      613

 COOLING
  TODAY            0                         0      0        0
  MONTH TO DATE    0                         0      0        4
  SINCE SEP 1     35                        30      5       26
  SINCE JAN 1    397                       445    -48      419
..................................................................


WIND (MPH)
  RESULTANT WIND SPEED  14   RESULTANT WIND DIRECTION  SW (230)
  HIGHEST WIND SPEED    26   HIGHEST WIND DIRECTION    SW (230)
  HIGHEST GUST SPEED    32   HIGHEST GUST DIRECTION    SW (220)
  AVERAGE WIND SPEED    14.1


SKY COVER
  POSSIBLE SUNSHINE  MM
  AVERAGE SKY COVER 0.2


WEATHER CONDITIONS
 THE FOLLOWING WEATHER WAS RECORDED TODAY.
  NO SIGNIFICANT WEATHER WAS OBSERVED.


RELATIVE HUMIDITY (PERCENT)
 HIGHEST    70          1200 AM
 LOWEST     21           300 PM
 AVERAGE    46

..........................................................


THE JAMESTOWN ND CLIMATE NORMALS FOR TOMORROW
                         NORMAL    RECORD    YEAR
 MAXIMUM TEMPERATURE (F)   52        83      1918
                                             1901
 MINIMUM TEMPERATURE (F)   30         2      1936


SUNRISE AND SUNSET
OCTOBER 22 2017.......SUNRISE   803 AM CDT   SUNSET   634 PM CDT
OCTOBER 23 2017.......SUNRISE   804 AM CDT   SUNSET   633 PM CDT


-  INDICATES NEGATIVE NUMBERS.
R  INDICATES RECORD WAS SET OR TIED.
MM INDICATES DATA IS MISSING.
T  INDICATES TRACE AMOUNT.




$$
