000
CDUS43 KBIS 290908
CLIJMS


CLIMATE REPORT
NATIONAL WEATHER SERVICE BISMARCK ND
408 AM CDT FRI MAY 29 2015


...................................

...THE JAMESTOWN ND CLIMATE SUMMARY FOR MAY 28 2015...

CLIMATE NORMAL PERIOD 1981 TO 2010
CLIMATE RECORD PERIOD 1891 TO 2015


WEATHER ITEM   OBSERVED TIME   RECORD YEAR NORMAL DEPARTURE LAST
                VALUE   (LST)  VALUE       VALUE  FROM      YEAR
                                                  NORMAL
..................................................................
TEMPERATURE (F)
 YESTERDAY
  MAXIMUM         78    452 PM  96    1900  71      7       86
  MINIMUM         59    531 AM  23    1947  47     12       59
  AVERAGE         69                        59     10       73

PRECIPITATION (IN)
  YESTERDAY        0.11          0.89 1956   0.09   0.02     0.00
  MONTH TO DATE    8.75                      2.36   6.39     4.29
  SINCE MAR 1      9.74                      4.40   5.34     6.96
  SINCE JAN 1     10.16                      5.25   4.91     7.35

DEGREE DAYS
 HEATING
  YESTERDAY        0                         7     -7        0
  MONTH TO DATE  326                       304     22      354
  SINCE MAR 1   1913                      2139   -226     2406
  SINCE JUL 1   8650                      8898   -248     9674

 COOLING
  YESTERDAY        4                         1      3        8
  MONTH TO DATE    8                        17     -9       35
  SINCE MAR 1      8                        19    -11       35
  SINCE JAN 1      8                        19    -11       35
..................................................................


WIND (MPH)
  HIGHEST WIND SPEED    17   HIGHEST WIND DIRECTION     N (10)
  HIGHEST GUST SPEED    22   HIGHEST GUST DIRECTION     S (190)
  AVERAGE WIND SPEED    10.5


SKY COVER
  POSSIBLE SUNSHINE  MM
  AVERAGE SKY COVER 0.6


WEATHER CONDITIONS
 THE FOLLOWING WEATHER WAS RECORDED YESTERDAY.
  THUNDERSTORM
  LIGHT RAIN
  FOG


RELATIVE HUMIDITY (PERCENT)
 HIGHEST    90           700 AM
 LOWEST     54           600 PM
 AVERAGE    72

..........................................................


THE JAMESTOWN ND CLIMATE NORMALS FOR TODAY
                         NORMAL    RECORD    YEAR
 MAXIMUM TEMPERATURE (F)   72       107      1934
 MINIMUM TEMPERATURE (F)   47        28      1947


SUNRISE AND SUNSET
MAY 29 2015...........SUNRISE   546 AM CDT   SUNSET   919 PM CDT
MAY 30 2015...........SUNRISE   545 AM CDT   SUNSET   920 PM CDT


-  INDICATES NEGATIVE NUMBERS.
R  INDICATES RECORD WAS SET OR TIED.
MM INDICATES DATA IS MISSING.
T  INDICATES TRACE AMOUNT.




$$
