000
CDUS43 KBIS 290806
CLIJMS


CLIMATE REPORT
NATIONAL WEATHER SERVICE BISMARCK ND
306 AM CDT FRI AUG 29 2014


...................................

...THE JAMESTOWN ND CLIMATE SUMMARY FOR AUGUST 28 2014...

CLIMATE NORMAL PERIOD 1981 TO 2010
CLIMATE RECORD PERIOD 1891 TO 2014


WEATHER ITEM   OBSERVED TIME   RECORD YEAR NORMAL DEPARTURE LAST
                VALUE   (LST)  VALUE       VALUE  FROM      YEAR
                                                  NORMAL
..................................................................
TEMPERATURE (F)
 YESTERDAY
  MAXIMUM         72    243 PM 101    1905  79     -7       92
  MINIMUM         63    631 AM  32    1935  52     11       69
  AVERAGE         68                        65      3       81

PRECIPITATION (IN)
  YESTERDAY        0.01          0.63 1999   0.08  -0.07     0.00
  MONTH TO DATE    2.72                      1.88   0.84     0.95
  SINCE JUN 1      9.90                      8.42   1.48     3.35
  SINCE JAN 1     18.34                     13.97   4.37     8.94

DEGREE DAYS
 HEATING
  YESTERDAY        0                         3     -3        0
  MONTH TO DATE   22                        37    -15       21
  SINCE JUN 1    109                       156    -47      129
  SINCE JUL 1     50                        59     -9       44

 COOLING
  YESTERDAY        3                         3      0       16
  MONTH TO DATE  109                       136    -27      143
  SINCE JUN 1    282                       388   -106      425
  SINCE JAN 1    336                       408    -72      436
..................................................................


WIND (MPH)
  HIGHEST WIND SPEED    13   HIGHEST WIND DIRECTION    SE (150)
  HIGHEST GUST SPEED    16   HIGHEST GUST DIRECTION    SE (150)
  AVERAGE WIND SPEED     7.6


SKY COVER
  POSSIBLE SUNSHINE  MM
  AVERAGE SKY COVER 1.0


WEATHER CONDITIONS
 THE FOLLOWING WEATHER WAS RECORDED YESTERDAY.
  LIGHT RAIN
  FOG


RELATIVE HUMIDITY (PERCENT)
 HIGHEST    93           600 AM
 LOWEST     79           300 PM
 AVERAGE    86

..........................................................


THE JAMESTOWN ND CLIMATE NORMALS FOR TODAY
                         NORMAL    RECORD    YEAR
 MAXIMUM TEMPERATURE (F)   78        98      1961
 MINIMUM TEMPERATURE (F)   52        34      1909


SUNRISE AND SUNSET
AUGUST 29 2014........SUNRISE   650 AM CDT   SUNSET   820 PM CDT
AUGUST 30 2014........SUNRISE   652 AM CDT   SUNSET   818 PM CDT


-  INDICATES NEGATIVE NUMBERS.
R  INDICATES RECORD WAS SET OR TIED.
MM INDICATES DATA IS MISSING.
T  INDICATES TRACE AMOUNT.




$$
