000
CDUS43 KBIS 220730
CLIJMS


CLIMATE REPORT
NATIONAL WEATHER SERVICE BISMARCK ND
129 AM CST SAT NOV 22 2014


...................................

...THE JAMESTOWN ND CLIMATE SUMMARY FOR NOVEMBER 21 2014...

CLIMATE NORMAL PERIOD 1981 TO 2010
CLIMATE RECORD PERIOD 1891 TO 2014


WEATHER ITEM   OBSERVED TIME   RECORD YEAR NORMAL DEPARTURE LAST
                VALUE   (LST)  VALUE       VALUE  FROM      YEAR
                                                  NORMAL
..................................................................
TEMPERATURE (F)
 YESTERDAY
  MAXIMUM         39    412 PM  64    2006  34      5       16
  MINIMUM         11   1208 AM -10    1978  15     -4        4
  AVERAGE         25                        24      1       10

PRECIPITATION (IN)
  YESTERDAY        0.00          0.23 1989   0.02  -0.02      T
  MONTH TO DATE    0.13                      0.49  -0.36     0.01
  SINCE SEP 1      2.15                      4.04  -1.89     6.67
  SINCE JAN 1     20.83                     18.23   2.60    15.87

DEGREE DAYS
 HEATING
  YESTERDAY       40                        41     -1       55
  MONTH TO DATE  840                       727    113      713
  SINCE SEP 1   1624                      1628     -4     1537
  SINCE JUL 1   1679                      1694    -15     1581

 COOLING
  YESTERDAY        0                         0      0        0
  MONTH TO DATE    0                         0      0        0
  SINCE SEP 1     29                        31     -2       55
  SINCE JAN 1    367                       446    -79      521
..................................................................


WIND (MPH)
  HIGHEST WIND SPEED    22   HIGHEST WIND DIRECTION     W (250)
  HIGHEST GUST SPEED    28   HIGHEST GUST DIRECTION    SW (240)
  AVERAGE WIND SPEED    12.7


SKY COVER
  POSSIBLE SUNSHINE  MM
  AVERAGE SKY COVER 0.2


WEATHER CONDITIONS
 THE FOLLOWING WEATHER WAS RECORDED YESTERDAY.
  NO SIGNIFICANT WEATHER WAS OBSERVED.


RELATIVE HUMIDITY (PERCENT)
 HIGHEST    88           600 AM
 LOWEST     59           200 PM
 AVERAGE    74

..........................................................


THE JAMESTOWN ND CLIMATE NORMALS FOR TODAY
                         NORMAL    RECORD    YEAR
 MAXIMUM TEMPERATURE (F)   33        64      1939
 MINIMUM TEMPERATURE (F)   15       -14      1896


SUNRISE AND SUNSET
NOVEMBER 22 2014......SUNRISE   748 AM CST   SUNSET   454 PM CST
NOVEMBER 23 2014......SUNRISE   749 AM CST   SUNSET   453 PM CST


-  INDICATES NEGATIVE NUMBERS.
R  INDICATES RECORD WAS SET OR TIED.
MM INDICATES DATA IS MISSING.
T  INDICATES TRACE AMOUNT.




$$
