000
CDUS43 KBIS 260724
CLIJMS


CLIMATE REPORT
NATIONAL WEATHER SERVICE BISMARCK ND
223 AM CDT SAT JUL 26 2014


...................................

...THE JAMESTOWN ND CLIMATE SUMMARY FOR JULY 25 2014...

CLIMATE NORMAL PERIOD 1981 TO 2010
CLIMATE RECORD PERIOD 1891 TO 2014


WEATHER ITEM   OBSERVED TIME   RECORD YEAR NORMAL DEPARTURE LAST
                VALUE   (LST)  VALUE       VALUE  FROM      YEAR
                                                  NORMAL
..................................................................
TEMPERATURE (F)
 YESTERDAY
  MAXIMUM         80    432 PM 102    1941  83     -3       80
  MINIMUM         60   1129 PM  41    1924  58      2       56
  AVERAGE         70                        71     -1       68

PRECIPITATION (IN)
  YESTERDAY        T             1.04 1993   0.09  -0.09     0.04
  MONTH TO DATE    0.82                      2.85  -2.03     0.39
  SINCE JUN 1      7.18                      6.04   1.14     2.12
  SINCE JAN 1     15.62                     11.59   4.03     7.71

DEGREE DAYS
 HEATING
  YESTERDAY        0                         0      0        0
  MONTH TO DATE   24                        19      5        7
  SINCE JUN 1     83                       116    -33       92
  SINCE JUL 1     24                        19      5        7

 COOLING
  YESTERDAY        5                         6     -1        3
  MONTH TO DATE  110                       139    -29      179
  SINCE JUN 1    166                       219    -53      279
  SINCE JAN 1    220                       239    -19      290
..................................................................


WIND (MPH)
  HIGHEST WIND SPEED    23   HIGHEST WIND DIRECTION    NW (330)
  HIGHEST GUST SPEED    30   HIGHEST GUST DIRECTION    NW (330)
  AVERAGE WIND SPEED     8.5


SKY COVER
  POSSIBLE SUNSHINE  MM
  AVERAGE SKY COVER 0.3


WEATHER CONDITIONS
 THE FOLLOWING WEATHER WAS RECORDED YESTERDAY.
  FOG


RELATIVE HUMIDITY (PERCENT)
 HIGHEST    93           300 AM
 LOWEST     35           100 PM
 AVERAGE    64

..........................................................


THE JAMESTOWN ND CLIMATE NORMALS FOR TODAY
                         NORMAL    RECORD    YEAR
 MAXIMUM TEMPERATURE (F)   84       106      1931
 MINIMUM TEMPERATURE (F)   58        40      1924


SUNRISE AND SUNSET
JULY 26 2014..........SUNRISE   607 AM CDT   SUNSET   915 PM CDT
JULY 27 2014..........SUNRISE   608 AM CDT   SUNSET   913 PM CDT


-  INDICATES NEGATIVE NUMBERS.
R  INDICATES RECORD WAS SET OR TIED.
MM INDICATES DATA IS MISSING.
T  INDICATES TRACE AMOUNT.




$$
