000
CDUS43 KBIS 301245
CLIJMS


CLIMATE REPORT
NATIONAL WEATHER SERVICE BISMARCK ND
745 AM CDT SUN AUG 30 2015


...................................

...THE JAMESTOWN ND CLIMATE SUMMARY FOR AUGUST 29 2015...

CLIMATE NORMAL PERIOD 1981 TO 2010
CLIMATE RECORD PERIOD 1891 TO 2015


WEATHER ITEM   OBSERVED TIME   RECORD YEAR NORMAL DEPARTURE LAST
                VALUE   (LST)  VALUE       VALUE  FROM      YEAR
                                                  NORMAL
..................................................................
TEMPERATURE (F)
 YESTERDAY
  MAXIMUM         84    418 PM  98    1961  78      6       74
  MINIMUM         60    629 AM  34    1909  52      8       60
  AVERAGE         72                        65      7       67

PRECIPITATION (IN)
  YESTERDAY        0.00          1.98 1980   0.07  -0.07     0.00
  MONTH TO DATE    1.21                      1.95  -0.74     2.72
  SINCE JUN 1      9.83                      8.49   1.34     9.90
  SINCE JAN 1     19.99                     14.04   5.95    18.34

DEGREE DAYS
 HEATING
  YESTERDAY        0                         3     -3        0
  MONTH TO DATE   47                        40      7       22
  SINCE JUN 1     98                       159    -61      109
  SINCE JUL 1     56                        62     -6       50

 COOLING
  YESTERDAY        7                         3      4        2
  MONTH TO DATE  114                       139    -25      111
  SINCE JUN 1    410                       391     19      284
  SINCE JAN 1    418                       411      7      338
..................................................................


WIND (MPH)
  HIGHEST WIND SPEED    14   HIGHEST WIND DIRECTION     S (180)
  HIGHEST GUST SPEED    18   HIGHEST GUST DIRECTION     S (180)
  AVERAGE WIND SPEED     7.3


SKY COVER
  POSSIBLE SUNSHINE  MM
  AVERAGE SKY COVER 0.0


WEATHER CONDITIONS
 THE FOLLOWING WEATHER WAS RECORDED YESTERDAY.
  FOG


RELATIVE HUMIDITY (PERCENT)
 HIGHEST    97           600 AM
 LOWEST     61           300 PM
 AVERAGE    79

..........................................................


THE JAMESTOWN ND CLIMATE NORMALS FOR TODAY
                         NORMAL    RECORD    YEAR
 MAXIMUM TEMPERATURE (F)   78        97      1929
 MINIMUM TEMPERATURE (F)   52        34      1931


SUNRISE AND SUNSET
AUGUST 30 2015........SUNRISE   651 AM CDT   SUNSET   818 PM CDT
AUGUST 31 2015........SUNRISE   653 AM CDT   SUNSET   817 PM CDT


-  INDICATES NEGATIVE NUMBERS.
R  INDICATES RECORD WAS SET OR TIED.
MM INDICATES DATA IS MISSING.
T  INDICATES TRACE AMOUNT.




$$
