000
CDUS43 KBIS 300805
CLIJMS


CLIMATE REPORT
NATIONAL WEATHER SERVICE BISMARCK ND
304 AM CDT THU OCT 30 2014


...................................

...THE JAMESTOWN ND CLIMATE SUMMARY FOR OCTOBER 29 2014...

CLIMATE NORMAL PERIOD 1981 TO 2010
CLIMATE RECORD PERIOD 1891 TO 2014


WEATHER ITEM   OBSERVED TIME   RECORD YEAR NORMAL DEPARTURE LAST
                VALUE   (LST)  VALUE       VALUE  FROM      YEAR
                                                  NORMAL
..................................................................
TEMPERATURE (F)
 YESTERDAY
  MAXIMUM         48    358 PM  80    1950  49     -1       33
  MINIMUM         33    528 AM  -6    1895  27      6       21
  AVERAGE         41                        38      3       27

PRECIPITATION (IN)
  YESTERDAY        T             1.40 2004   0.04  -0.04     0.00
  MONTH TO DATE    0.43                      1.48  -1.05     4.49
  SINCE SEP 1      2.02                      3.48  -1.46     6.66
  SINCE JAN 1     20.70                     17.67   3.03    15.86

DEGREE DAYS
 HEATING
  YESTERDAY       24                        27     -3       38
  MONTH TO DATE  489                       595   -106      650
  SINCE SEP 1    708                       847   -139      769
  SINCE JUL 1    763                       913   -150      813

 COOLING
  YESTERDAY        0                         0      0        0
  MONTH TO DATE    0                         0      0        0
  SINCE SEP 1     29                        30     -1       55
  SINCE JAN 1    367                       445    -78      521
..................................................................


WIND (MPH)
  HIGHEST WIND SPEED    17   HIGHEST WIND DIRECTION     S (190)
  HIGHEST GUST SPEED    22   HIGHEST GUST DIRECTION     S (190)
  AVERAGE WIND SPEED     7.6


SKY COVER
  POSSIBLE SUNSHINE  MM
  AVERAGE SKY COVER 0.9


WEATHER CONDITIONS
 THE FOLLOWING WEATHER WAS RECORDED YESTERDAY.
  LIGHT RAIN


RELATIVE HUMIDITY (PERCENT)
 HIGHEST    89          1100 PM
 LOWEST     50           400 PM
 AVERAGE    70

..........................................................


THE JAMESTOWN ND CLIMATE NORMALS FOR TODAY
                         NORMAL    RECORD    YEAR
 MAXIMUM TEMPERATURE (F)   48        81      1950
 MINIMUM TEMPERATURE (F)   27        -3      1925


SUNRISE AND SUNSET
OCTOBER 30 2014.......SUNRISE   814 AM CDT   SUNSET   622 PM CDT
OCTOBER 31 2014.......SUNRISE   816 AM CDT   SUNSET   620 PM CDT


-  INDICATES NEGATIVE NUMBERS.
R  INDICATES RECORD WAS SET OR TIED.
MM INDICATES DATA IS MISSING.
T  INDICATES TRACE AMOUNT.




$$
