000
CDUS43 KBIS 170733
CLIJMS


CLIMATE REPORT
NATIONAL WEATHER SERVICE BISMARCK ND
232 AM CDT THU AUG 17 2017


...................................

...THE JAMESTOWN ND CLIMATE SUMMARY FOR AUGUST 16 2017...

CLIMATE NORMAL PERIOD 1981 TO 2010
CLIMATE RECORD PERIOD 1891 TO 2017


WEATHER ITEM   OBSERVED TIME   RECORD YEAR NORMAL DEPARTURE LAST
                VALUE   (LST)  VALUE       VALUE  FROM      YEAR
                                                  NORMAL
..................................................................
TEMPERATURE (F)
 YESTERDAY
  MAXIMUM         75    216 PM 101    1988  82     -7       82
                                      1934
  MINIMUM         57   1159 PM  34    1924  55      2       62
  AVERAGE         66                        69     -3       72

PRECIPITATION (IN)
  YESTERDAY        0.24          2.06 1985   0.06   0.18     0.00
  MONTH TO DATE    3.35                      1.01   2.34     3.58
  SINCE JUN 1      6.02                      7.55  -1.53    11.91
  SINCE JAN 1      8.81                     13.10  -4.29    17.74

DEGREE DAYS
 HEATING
  YESTERDAY        0                         1     -1        0
  MONTH TO DATE   18                        15      3        0
  SINCE JUN 1     71                       134    -63       56
  SINCE JUL 1     21                        37    -16        7

 COOLING
  YESTERDAY        1                         5     -4        7
  MONTH TO DATE   19                        89    -70       77
  SINCE JUN 1    335                       341     -6      347
  SINCE JAN 1    335                       361    -26      361
..................................................................


WIND (MPH)
  HIGHEST WIND SPEED    18   HIGHEST WIND DIRECTION     N (360)
  HIGHEST GUST SPEED    23   HIGHEST GUST DIRECTION     N (360)
  AVERAGE WIND SPEED     7.7


SKY COVER
  POSSIBLE SUNSHINE  MM
  AVERAGE SKY COVER 0.6


WEATHER CONDITIONS
 THE FOLLOWING WEATHER WAS RECORDED YESTERDAY.
  RAIN
  LIGHT RAIN
  FOG


RELATIVE HUMIDITY (PERCENT)
 HIGHEST   100          1000 PM
 LOWEST     68           200 PM
 AVERAGE    84

..........................................................


THE JAMESTOWN ND CLIMATE NORMALS FOR TODAY
                         NORMAL    RECORD    YEAR
 MAXIMUM TEMPERATURE (F)   82       101      1973
 MINIMUM TEMPERATURE (F)   55        37      1924


SUNRISE AND SUNSET
AUGUST 17 2017........SUNRISE   635 AM CDT   SUNSET   841 PM CDT
AUGUST 18 2017........SUNRISE   636 AM CDT   SUNSET   840 PM CDT


-  INDICATES NEGATIVE NUMBERS.
R  INDICATES RECORD WAS SET OR TIED.
MM INDICATES DATA IS MISSING.
T  INDICATES TRACE AMOUNT.




$$
