000
CDUS43 KBIS 280723
CLIJMS


CLIMATE REPORT
NATIONAL WEATHER SERVICE BISMARCK ND
222 AM CDT WED JUN 28 2017


...................................

...THE JAMESTOWN ND CLIMATE SUMMARY FOR JUNE 27 2017...

CLIMATE NORMAL PERIOD 1981 TO 2010
CLIMATE RECORD PERIOD 1891 TO 2017


WEATHER ITEM   OBSERVED TIME   RECORD YEAR NORMAL DEPARTURE LAST
                VALUE   (LST)  VALUE       VALUE  FROM      YEAR
                                                  NORMAL
..................................................................
TEMPERATURE (F)
 YESTERDAY
  MAXIMUM         83    509 PM 105    1961  79      4       71
  MINIMUM         49    319 AM  39    1911  55     -6       54
  AVERAGE         66                        67     -1       63

PRECIPITATION (IN)
  YESTERDAY        T             3.55 1894   0.11  -0.11     0.00
  MONTH TO DATE    2.08                      2.87  -0.79     2.45
  SINCE JUN 1      2.08                      2.87  -0.79     2.45
  SINCE JAN 1      4.87                      8.42  -3.55     8.28

DEGREE DAYS
 HEATING
  YESTERDAY        0                         2     -2        2
  MONTH TO DATE   46                        93    -47       40
  SINCE JUN 1     46                        93    -47       40
  SINCE JUL 1   8165                      9009   -844     7579

 COOLING
  YESTERDAY        1                         4     -3        0
  MONTH TO DATE   80                        67     13      101
  SINCE JUN 1     80                        67     13      101
  SINCE JAN 1     80                        87     -7      115
..................................................................


WIND (MPH)
  HIGHEST WIND SPEED    29   HIGHEST WIND DIRECTION     S (170)
  HIGHEST GUST SPEED    37   HIGHEST GUST DIRECTION     S (180)
  AVERAGE WIND SPEED    16.2


SKY COVER
  POSSIBLE SUNSHINE  MM
  AVERAGE SKY COVER 0.2


WEATHER CONDITIONS
 THE FOLLOWING WEATHER WAS RECORDED YESTERDAY.
  THUNDERSTORM
  LIGHT RAIN


RELATIVE HUMIDITY (PERCENT)
 HIGHEST    71           300 AM
 LOWEST     30           300 PM
 AVERAGE    51

..........................................................


THE JAMESTOWN ND CLIMATE NORMALS FOR TODAY
                         NORMAL    RECORD    YEAR
 MAXIMUM TEMPERATURE (F)   80       103      1931
 MINIMUM TEMPERATURE (F)   56        40      1923


SUNRISE AND SUNSET
JUNE 28 2017..........SUNRISE   543 AM CDT   SUNSET   933 PM CDT
JUNE 29 2017..........SUNRISE   543 AM CDT   SUNSET   933 PM CDT


-  INDICATES NEGATIVE NUMBERS.
R  INDICATES RECORD WAS SET OR TIED.
MM INDICATES DATA IS MISSING.
T  INDICATES TRACE AMOUNT.




$$
