000
CDAK47 PAJK 291134
CLIJNU
AKZ025-292300-
CLIMATE REPORT
NATIONAL WEATHER SERVICE JUNEAU, AK
333 AM AKDT FRI MAY 29 2015


...................................

...THE JUNEAU CLIMATE SUMMARY FOR MAY 28 2015...

CLIMATE NORMAL PERIOD 1981 TO 2010
CLIMATE RECORD PERIOD 1943 TO 2015


WEATHER ITEM   OBSERVED TIME   RECORD YEAR NORMAL DEPARTURE LAST
                VALUE   (LST)  VALUE       VALUE  FROM      YEAR
                                                  NORMAL
..................................................................
TEMPERATURE (F)
 YESTERDAY
  MAXIMUM         72    535 PM  80    1947  60     12       56
  MINIMUM         46   1210 AM  34    1994  44      2       45
  AVERAGE         59                        52      7       51

PRECIPITATION (IN)
  YESTERDAY        T             0.76 1999   0.11  -0.11      T
  MONTH TO DATE    0.52                      3.07  -2.55     1.20
  SINCE MAR 1     12.22                      9.79   2.43     7.32
  SINCE JAN 1     27.82                     19.27   8.55    19.45

DEGREE DAYS
 HEATING
  YESTERDAY        6                        13     -7       14
  MONTH TO DATE  319                       470   -151      348
  SINCE MAR 1   1863                      2161   -298     2091
  SINCE JUL 1   7084                      7998   -914     7732

 COOLING
  YESTERDAY        0                         0      0        0
  MONTH TO DATE    0                         0      0        0
  SINCE MAR 1      0                         0      0        0
  SINCE JAN 1      0                         0      0        0
..................................................................


WIND (MPH)
  HIGHEST WIND SPEED    18   HIGHEST WIND DIRECTION     E (100)
  HIGHEST GUST SPEED    23   HIGHEST GUST DIRECTION     E (100)
  AVERAGE WIND SPEED     5.5


SKY COVER
  POSSIBLE SUNSHINE  MM
  AVERAGE SKY COVER 0.4


WEATHER CONDITIONS
 THE FOLLOWING WEATHER WAS RECORDED YESTERDAY.
  FOG


RELATIVE HUMIDITY (PERCENT)
 HIGHEST   100           100 AM
 LOWEST     29           200 PM
 AVERAGE    65

..........................................................


THE JUNEAU CLIMATE NORMALS FOR TODAY
                         NORMAL    RECORD    YEAR
 MAXIMUM TEMPERATURE (F)   60        79      1964
 MINIMUM TEMPERATURE (F)   44        33      1957


SUNRISE AND SUNSET
MAY 29 2015...........SUNRISE   407 AM AKDT  SUNSET   946 PM AKDT
MAY 30 2015...........SUNRISE   405 AM AKDT  SUNSET   948 PM AKDT


-  INDICATES NEGATIVE NUMBERS.
R  INDICATES RECORD WAS SET OR TIED.
MM INDICATES DATA IS MISSING.
T  INDICATES TRACE AMOUNT.




$$


&&
----------------------------
AMOUNT OF DAYLIGHT TODAY  (HOUR:MIN)........17:40
GAIN/LOSS SINCE YESTERDAY (HOUR:MIN:SEC)....+0:03:11
