000
CDAK47 PAJK 221152
CLIJNU
CLIMATE REPORT
NATIONAL WEATHER SERVICE JUNEAU, AK
351 AM AKDT SUN OCT 22 2017


...................................

...THE JUNEAU CLIMATE SUMMARY FOR OCTOBER 21 2017...

CLIMATE NORMAL PERIOD 1981 TO 2010
CLIMATE RECORD PERIOD 1936 TO 2017


WEATHER ITEM   OBSERVED RECORD YEAR NORMAL DEPARTURE LAST
                VALUE   VALUE       VALUE  FROM      YEAR
                                           NORMAL
...........................................................
TEMPERATURE (F)
 YESTERDAY
  MAXIMUM         43     54    1957  45     -2       47
  MINIMUM         37     26    1991  36      1       38
  AVERAGE         40                 41     -1       43

PRECIPITATION (IN)
  YESTERDAY        0.01   1.95 2002   0.27  -0.26     0.06
  MONTH TO DATE    3.52               6.16  -2.64     2.17
  SINCE JAN 1     53.35              47.97   5.38    50.33

SNOWFALL (IN)
  YESTERDAY        0.0    0.6  1958   0.0    0.0      0.0
  MONTH TO DATE    0.0                0.2   -0.2      5.7
  SINCE JUL 1      0.0                0.2   -0.2      5.7
  SNOW DEPTH       0

DEGREE DAYS
 HEATING
  YESTERDAY       25                 24      1       22
  MONTH TO DATE  351                438    -87      489
...........................................................


WIND (MPH)
  HIGHEST WIND SPEED    18   HIGHEST WIND DIRECTION     E (90)
  HIGHEST GUST SPEED    25   HIGHEST GUST DIRECTION     E (90)
  AVERAGE WIND SPEED     6.1


SKY COVER
  AVERAGE SKY COVER 0.9


WEATHER CONDITIONS
 THE FOLLOWING WEATHER WAS RECORDED YESTERDAY.
  LIGHT RAIN


..........................................................


THE JUNEAU CLIMATE NORMALS FOR TODAY
                         NORMAL    RECORD    YEAR
 MAXIMUM TEMPERATURE (F)   45        56      1965
 MINIMUM TEMPERATURE (F)   36        22      1951


SUNRISE AND SUNSET
OCTOBER 22 2017.......SUNRISE   751 AM AKDT  SUNSET   533 PM AKDT
OCTOBER 23 2017.......SUNRISE   754 AM AKDT  SUNSET   530 PM AKDT


-  INDICATES NEGATIVE NUMBERS.
R  INDICATES RECORD WAS SET OR TIED.
MM INDICATES DATA IS MISSING.
T  INDICATES TRACE AMOUNT.




$$
--------------------------------------------------------------

AMOUNT OF DAYLIGHT TODAY (HOUR:MIN)......... 9 HOURS 42 MINUTES
GAIN/LOSS SINCE YESTERDAY (HOUR:MIN:SEC).... -0:04:56

$$
