000
CDAK47 PAJK 241137
CLIJNU
AKZ025-242300-
CLIMATE REPORT
NATIONAL WEATHER SERVICE JUNEAU, AK
335 AM AKDT THU APR 24 2014

...................................

...THE JUNEAU CLIMATE SUMMARY FOR APRIL 23 2014...

CLIMATE NORMAL PERIOD 1981 TO 2010
CLIMATE RECORD PERIOD 1943 TO 2014


WEATHER ITEM   OBSERVED TIME   RECORD YEAR NORMAL DEPARTURE LAST
                VALUE   (LST)  VALUE       VALUE  FROM      YEAR
                                                  NORMAL
..................................................................
TEMPERATURE (F)
 YESTERDAY
  MAXIMUM         48    426 PM  65    2005  51     -3       46
                                      1994
  MINIMUM         39   1159 PM  25    1954  35      4       30
  AVERAGE         44                        43      1       38

PRECIPITATION (IN)
  YESTERDAY        0.13          0.95 1984   0.10   0.03     0.01
  MONTH TO DATE    2.38                      2.26   0.12     2.74
  SINCE MAR 1      5.83                      6.04  -0.21     5.10
  SINCE JAN 1     17.96                     15.52   2.44    19.41

SNOWFALL (IN)
  YESTERDAY        0.0           1.3  1955   0.0    0.0      0.0
  MONTH TO DATE    0.3                       1.0   -0.7      6.0
  SINCE MAR 1      6.3                      12.6   -6.3     15.4
  SINCE JUL 1     97.1                      86.6   10.5     78.8
  SNOW DEPTH       0

DEGREE DAYS
 HEATING
  YESTERDAY       21                        22     -1       27
  MONTH TO DATE  570                       578     -8      651
  SINCE MAR 1   1602                      1545     57     1737
  SINCE JUL 1   7243                      7382   -139     7808

 COOLING
  YESTERDAY        0                         0      0        0
  MONTH TO DATE    0                         0      0        0
  SINCE MAR 1      0                         0      0        0
  SINCE JAN 1      0                         0      0        0
..................................................................

WIND (MPH)
  HIGHEST WIND SPEED    17   HIGHEST WIND DIRECTION    SE (130)
  HIGHEST GUST SPEED    22   HIGHEST GUST DIRECTION    SE (140)
  AVERAGE WIND SPEED     7.8

SKY COVER
  POSSIBLE SUNSHINE  MM
  AVERAGE SKY COVER 0.9

WEATHER CONDITIONS
 THE FOLLOWING WEATHER WAS RECORDED YESTERDAY.
  LIGHT RAIN
  FOG

RELATIVE HUMIDITY (PERCENT)
 HIGHEST    92          1100 PM
 LOWEST     71           200 PM
 AVERAGE    82

..........................................................

THE JUNEAU CLIMATE NORMALS FOR TODAY
                         NORMAL    RECORD    YEAR
 MAXIMUM TEMPERATURE (F)   51        70      2003
 MINIMUM TEMPERATURE (F)   35        23      1954


SUNRISE AND SUNSET
APRIL 24 2014.........SUNRISE   522 AM AKDT  SUNSET   833 PM AKDT
APRIL 25 2014.........SUNRISE   519 AM AKDT  SUNSET   835 PM AKDT


-  INDICATES NEGATIVE NUMBERS.
R  INDICATES RECORD WAS SET OR TIED.
MM INDICATES DATA IS MISSING.
T  INDICATES TRACE AMOUNT.


$$


&&
----------------------------
AMOUNT OF DAYLIGHT TODAY  (HOUR:MIN)........15:11
GAIN/LOSS SINCE YESTERDAY (HOUR:MIN:SEC)....+0:04:55
