000
CDAK47 PAJK 221138
CLIJNU
AKZ025-222300-
CLIMATE REPORT
NATIONAL WEATHER SERVICE JUNEAU, AK
235 AM AKST MON DEC 22 2014


...................................

...THE JUNEAU CLIMATE SUMMARY FOR DECEMBER 21 2014...

CLIMATE NORMAL PERIOD 1981 TO 2010
CLIMATE RECORD PERIOD 1943 TO 2014


WEATHER ITEM   OBSERVED TIME   RECORD YEAR NORMAL DEPARTURE LAST
                VALUE   (LST)  VALUE       VALUE  FROM      YEAR
                                                  NORMAL
..................................................................
TEMPERATURE (F)
 YESTERDAY
  MAXIMUM         39    951 PM  47    1999  34      5       26
  MINIMUM         34    256 AM  -6    1955  25      9       13
  AVERAGE         37                        29      8       20

PRECIPITATION (IN)
  YESTERDAY        0.15          0.86 1960   0.17  -0.02     0.10
  MONTH TO DATE    2.33                      4.11  -1.78     4.35
  SINCE DEC 1      2.33                      4.11  -1.78     4.35
  SINCE JAN 1     67.73                     60.54   7.19    69.67

SNOWFALL (IN)
  YESTERDAY        0.0           6.0  2001   0.5   -0.5      0.8
  MONTH TO DATE    3.4                      10.3   -6.9     25.0
  SINCE DEC 1      3.4                      10.3   -6.9     25.0
  SINCE JUL 1     13.2                      24.2  -11.0     44.2
  SNOW DEPTH       0

DEGREE DAYS
 HEATING
  YESTERDAY       28                        36     -8       45
  MONTH TO DATE  638                       728    -90      844
  SINCE DEC 1    638                       728    -90      844
  SINCE JUL 1   3047                      3359   -312     3317
..................................................................


WIND (MPH)
  HIGHEST WIND SPEED    20   HIGHEST WIND DIRECTION     E (90)
  HIGHEST GUST SPEED    22   HIGHEST GUST DIRECTION     E (90)
  AVERAGE WIND SPEED     3.2


SKY COVER
  POSSIBLE SUNSHINE  MM
  AVERAGE SKY COVER 1.0


WEATHER CONDITIONS
 THE FOLLOWING WEATHER WAS RECORDED YESTERDAY.
  LIGHT RAIN
  FOG


RELATIVE HUMIDITY (PERCENT)
 HIGHEST   100           200 AM
 LOWEST     92          1200 AM
 AVERAGE    96

..........................................................


THE JUNEAU CLIMATE NORMALS FOR TODAY
                         NORMAL    RECORD    YEAR
 MAXIMUM TEMPERATURE (F)   34        48      1999
 MINIMUM TEMPERATURE (F)   25        -3      1972


SUNRISE AND SUNSET
DECEMBER 22 2014......SUNRISE   846 AM AKST  SUNSET   308 PM AKST
DECEMBER 23 2014......SUNRISE   847 AM AKST  SUNSET   308 PM AKST


-  INDICATES NEGATIVE NUMBERS.
R  INDICATES RECORD WAS SET OR TIED.
MM INDICATES DATA IS MISSING.
T  INDICATES TRACE AMOUNT.




$$


&&
----------------------------
AMOUNT OF DAYLIGHT TODAY  (HOUR:MIN)........ 6:22
GAIN/LOSS SINCE YESTERDAY (HOUR:MIN:SEC)....+0:00:04
