000
CDAK47 PAJK 181233
CLIJNU
CLIMATE REPORT
NATIONAL WEATHER SERVICE JUNEAU, AK
332 AM AKST SUN FEB 18 2018


...................................

...THE JUNEAU CLIMATE SUMMARY FOR FEBRUARY 17 2018...

CLIMATE NORMAL PERIOD 1981 TO 2010
CLIMATE RECORD PERIOD 1936 TO 2018


WEATHER ITEM   OBSERVED RECORD YEAR NORMAL DEPARTURE LAST
                VALUE   VALUE       VALUE  FROM      YEAR
                                           NORMAL
...........................................................
TEMPERATURE (F)
 YESTERDAY
  MAXIMUM         32     46    1963  36     -4       38
  MINIMUM          8     -7    1979  25    -17       30
  AVERAGE         20                 30    -10       34

PRECIPITATION (IN)
  YESTERDAY        0.00   0.75 1996   0.15  -0.15     0.02
  MONTH TO DATE    1.01               2.54  -1.53     4.15
  SINCE JAN 1      6.71               7.89  -1.18    10.42

SNOWFALL (IN)
  YESTERDAY        0.0    7.1  1996   0.5   -0.5      0.1
  MONTH TO DATE    4.8               11.3   -6.5      2.2
  SINCE JUL 1     46.5               68.5  -22.0     31.1
  SNOW DEPTH       6

DEGREE DAYS
 HEATING
  YESTERDAY       45                 35     10       31
  MONTH TO DATE  740                602    138      570
...........................................................


WIND (MPH)
  HIGHEST WIND SPEED    16   HIGHEST WIND DIRECTION     E (70)
  HIGHEST GUST SPEED    23   HIGHEST GUST DIRECTION    NE (50)
  AVERAGE WIND SPEED     3.3


SKY COVER
  AVERAGE SKY COVER 0.1


WEATHER CONDITIONS
 THE FOLLOWING WEATHER WAS RECORDED YESTERDAY.
  FOG


..........................................................


THE JUNEAU CLIMATE NORMALS FOR TODAY
                         NORMAL    RECORD    YEAR
 MAXIMUM TEMPERATURE (F)   36        50      1977
 MINIMUM TEMPERATURE (F)   25        -8      1949


SUNRISE AND SUNSET
FEBRUARY 18 2018......SUNRISE   722 AM AKST  SUNSET   503 PM AKST
FEBRUARY 19 2018......SUNRISE   720 AM AKST  SUNSET   505 PM AKST


-  INDICATES NEGATIVE NUMBERS.
R  INDICATES RECORD WAS SET OR TIED.
MM INDICATES DATA IS MISSING.
T  INDICATES TRACE AMOUNT.




$$
--------------------------------------------------------------

AMOUNT OF DAYLIGHT TODAY (HOUR:MIN)......... 9 HOURS 41 MINUTES
GAIN/LOSS SINCE YESTERDAY (HOUR:MIN:SEC).... +0:05:00

$$
