000
CDAK47 PAJK 070047
CLIJNU
AKZ025-071200-
NATIONAL WEATHER SERVICE JUNEAU, AK
345 PM AKST SAT FEB 6 2016


...................................

...THE JUNEAU CLIMATE SUMMARY FOR FEBRUARY 6 2016...
VALID TODAY AS OF 0300 PM LOCAL TIME.

CLIMATE NORMAL PERIOD 1981 TO 2010
CLIMATE RECORD PERIOD 1936 TO 2016


WEATHER ITEM   OBSERVED TIME   RECORD YEAR NORMAL DEPARTURE LAST
                VALUE   (LST)  VALUE       VALUE  FROM      YEAR
                                                  NORMAL
..................................................................
TEMPERATURE (F)
 TODAY
  MAXIMUM         39    157 PM  47    1977  34      5       17
  MINIMUM         34   1253 AM  -8    1966  25      9        8
  AVERAGE         37                        29      8       13

PRECIPITATION (IN)
  TODAY            0.07          1.22 1968   0.15  -0.08      T
  MONTH TO DATE    0.61                      0.91  -0.30      T
  SINCE DEC 1      9.56                     12.10  -2.54    15.27
  SINCE JAN 1      7.14                      6.26   0.88    11.98

SNOWFALL (IN)
  TODAY            T             7.5  1972   0.7   -0.7       T
  MONTH TO DATE    T                         4.5   -4.5       T
  SINCE DEC 1     16.3                      47.8  -31.5     18.6
  SINCE JUL 1     32.9                      61.7  -28.8     28.4

DEGREE DAYS
 HEATING
  TODAY           28                        36     -8       52
  MONTH TO DATE  176                       216    -40      252
  SINCE DEC 1   2119                      2445   -326     2144
  SINCE JUL 1   4550                      5076   -526     4553
..................................................................


WIND (MPH)
  HIGHEST WIND SPEED    14   HIGHEST WIND DIRECTION     E (90)
  HIGHEST GUST SPEED    16   HIGHEST GUST DIRECTION    NE (50)
  AVERAGE WIND SPEED     8.4


SKY COVER
  AVERAGE SKY COVER 0.8


WEATHER CONDITIONS
 THE FOLLOWING WEATHER WAS RECORDED TODAY.
  RAIN
  LIGHT RAIN
  SNOW
  FOG


RELATIVE HUMIDITY (PERCENT)
 HIGHEST    92           300 AM
 LOWEST     85           400 AM
 AVERAGE    89

..........................................................


THE JUNEAU CLIMATE NORMALS FOR TOMORROW
                         NORMAL    RECORD    YEAR
 MAXIMUM TEMPERATURE (F)   34        49      1963
 MINIMUM TEMPERATURE (F)   25        -8      1979


SUNRISE AND SUNSET
FEBRUARY  6 2016......SUNRISE   753 AM AKST  SUNSET   432 PM AKST
FEBRUARY  7 2016......SUNRISE   751 AM AKST  SUNSET   435 PM AKST


-  INDICATES NEGATIVE NUMBERS.
R  INDICATES RECORD WAS SET OR TIED.
MM INDICATES DATA IS MISSING.
T  INDICATES TRACE AMOUNT.




$$

&&
----------------------------
AMOUNT OF DAYLIGHT TODAY  (HOUR:MIN)........ 8:39
GAIN/LOSS SINCE YESTERDAY (HOUR:MIN:SEC)....+0:04:43
