000
CDUS41 KCTP 040633
CLIJST


CLIMATE REPORT
NATIONAL WEATHER SERVICE STATE COLLEGE PA
233 AM EDT TUE AUG 4 2015


...................................

...THE JOHNSTOWN CLIMATE SUMMARY FOR AUGUST 3 2015...

CLIMATE NORMAL PERIOD 1981 TO 2010
CLIMATE RECORD PERIOD 2000 TO 2015


WEATHER ITEM   OBSERVED TIME   RECORD YEAR NORMAL DEPARTURE LAST
                VALUE   (LST)  VALUE       VALUE  FROM      YEAR
                                                  NORMAL
..................................................................
TEMPERATURE (F)
 YESTERDAY
  MAXIMUM         78    318 PM 100    1930  78      0       72
  MINIMUM         62   1121 PM  45    1976  60      2       59
  AVERAGE         70                        69      1       66

PRECIPITATION (IN)
  YESTERDAY        0.96          1.72 1935   0.12   0.84     0.04
  MONTH TO DATE    0.96                      0.36   0.60     0.08
  SINCE JUN 1     17.51                      4.21  13.30     8.41
  SINCE JAN 1     31.91                     20.85  11.06    21.97

DEGREE DAYS
 HEATING
  YESTERDAY        0                         0      0        0
  MONTH TO DATE    0                         0      0        0
  SINCE JUN 1     68                        87    -19       89
  SINCE JUL 1      7                        13     -6       49

 COOLING
  YESTERDAY        5                         5      0        1
  MONTH TO DATE   16                        15      1        5
  SINCE JUN 1    262                       240     22      197
  SINCE JAN 1    346                       258     88      223
..................................................................


WIND (MPH)
  HIGHEST WIND SPEED    21   HIGHEST WIND DIRECTION    SW (220)
  HIGHEST GUST SPEED    26   HIGHEST GUST DIRECTION    SW (240)
  AVERAGE WIND SPEED     9.7


SKY COVER
  POSSIBLE SUNSHINE  MM
  AVERAGE SKY COVER 0.3


WEATHER CONDITIONS
 THE FOLLOWING WEATHER WAS RECORDED YESTERDAY.
  THUNDERSTORM
  HEAVY RAIN
  LIGHT RAIN
  FOG


RELATIVE HUMIDITY (PERCENT)
 HIGHEST    87          1000 PM
 LOWEST     40          1200 PM
 AVERAGE    64

..........................................................


THE JOHNSTOWN CLIMATE NORMALS FOR TODAY
                         NORMAL    RECORD    YEAR
 MAXIMUM TEMPERATURE (F)   78       102      1930
 MINIMUM TEMPERATURE (F)   60        48      1894


SUNRISE AND SUNSET
AUGUST  4 2015........SUNRISE   616 AM EDT   SUNSET   827 PM EDT
AUGUST  5 2015........SUNRISE   616 AM EDT   SUNSET   826 PM EDT


-  INDICATES NEGATIVE NUMBERS.
R  INDICATES RECORD WAS SET OR TIED.
MM INDICATES DATA IS MISSING.
T  INDICATES TRACE AMOUNT.




$$
