000
CDUS41 KCTP 080631
CLIJST


CLIMATE REPORT
NATIONAL WEATHER SERVICE STATE COLLEGE PA
131 AM EST THU DEC 8 2016


...................................

...THE JOHNSTOWN CLIMATE SUMMARY FOR DECEMBER 7 2016...

CLIMATE NORMAL PERIOD 1981 TO 2010
CLIMATE RECORD PERIOD 1892 TO 2016


WEATHER ITEM   OBSERVED TIME   RECORD YEAR NORMAL DEPARTURE LAST
                VALUE   (LST)  VALUE       VALUE  FROM      YEAR
                                                  NORMAL
..................................................................
TEMPERATURE (F)
 YESTERDAY
  MAXIMUM         38    222 PM  68    1951  37      1       48
  MINIMUM         31   1159 PM   4    1926  25      6       33
  AVERAGE         35                        31      4       41

PRECIPITATION (IN)
  YESTERDAY        0.04          1.14 1976   0.09  -0.05     0.00
  MONTH TO DATE    1.03                      0.64   0.39     1.17
  SINCE DEC 1      1.03                      0.64   0.39     1.17
  SINCE JAN 1     33.85                     31.69   2.16    42.56

DEGREE DAYS
 HEATING
  YESTERDAY       30                        34     -4       24
  MONTH TO DATE  215                       232    -17      177
  SINCE DEC 1    215                       232    -17      177
  SINCE JUL 1   1284                      1689   -405     1295

 COOLING
  YESTERDAY        0                         0      0        0
  MONTH TO DATE    0                         0      0        0
  SINCE DEC 1      0                         0      0        0
  SINCE JAN 1    705                       382    323      556
..................................................................


WIND (MPH)
  HIGHEST WIND SPEED    23   HIGHEST WIND DIRECTION     W (280)
  HIGHEST GUST SPEED    32   HIGHEST GUST DIRECTION     W (290)
  AVERAGE WIND SPEED    11.5


SKY COVER
  POSSIBLE SUNSHINE  MM
  AVERAGE SKY COVER 0.6


WEATHER CONDITIONS
 THE FOLLOWING WEATHER WAS RECORDED YESTERDAY.
  LIGHT RAIN
  FOG
  FOG W/VISIBILITY <= 1/4 MILE


RELATIVE HUMIDITY (PERCENT)
 HIGHEST   100          1200 AM
 LOWEST     40           300 PM
 AVERAGE    70

..........................................................


THE JOHNSTOWN CLIMATE NORMALS FOR TODAY
                         NORMAL    RECORD    YEAR
 MAXIMUM TEMPERATURE (F)   37        76      1951
 MINIMUM TEMPERATURE (F)   24         7      2005


SUNRISE AND SUNSET
DECEMBER  8 2016......SUNRISE   726 AM EST   SUNSET   449 PM EST
DECEMBER  9 2016......SUNRISE   727 AM EST   SUNSET   449 PM EST


-  INDICATES NEGATIVE NUMBERS.
R  INDICATES RECORD WAS SET OR TIED.
MM INDICATES DATA IS MISSING.
T  INDICATES TRACE AMOUNT.




$$
