045
CDUS41 KCTP 240620
CLIJST


CLIMATE REPORT
NATIONAL WEATHER SERVICE STATE COLLEGE PA
120 AM EST FRI FEB 24 2017


...................................

...THE JOHNSTOWN CLIMATE SUMMARY FOR FEBRUARY 23 2017...

CLIMATE NORMAL PERIOD 1981 TO 2010
CLIMATE RECORD PERIOD 1892 TO 2017


WEATHER ITEM   OBSERVED TIME   RECORD YEAR NORMAL DEPARTURE LAST
                VALUE   (LST)  VALUE       VALUE  FROM      YEAR
                                                  NORMAL
..................................................................
TEMPERATURE (F)
 YESTERDAY
  MAXIMUM         65    145 PM  72    1922  36     29       38
  MINIMUM         50    425 AM  -3    2015  22     28       33
  AVERAGE         58                        29     29       36

PRECIPITATION (IN)
  YESTERDAY        0.00          1.54 1909   0.09  -0.09     0.00
  MONTH TO DATE    1.90                      1.93  -0.03     1.31
  SINCE DEC 1      9.27                      7.38   1.89     5.91
  SINCE JAN 1      5.09                      4.81   0.28     2.18

DEGREE DAYS
 HEATING
  YESTERDAY        7                        36    -29       29
  MONTH TO DATE  655                       884   -229      835
  SINCE DEC 1   2741                      3243   -502     2769
  SINCE JUL 1   3810                      4701   -891     3887

 COOLING
  YESTERDAY        0                         0      0        0
  MONTH TO DATE    0                         0      0        0
  SINCE DEC 1      0                         0      0        0
  SINCE JAN 1      0                         0      0        0
..................................................................


WIND (MPH)
  HIGHEST WIND SPEED    20   HIGHEST WIND DIRECTION    SW (230)
  HIGHEST GUST SPEED    27   HIGHEST GUST DIRECTION    SW (230)
  AVERAGE WIND SPEED     9.4


SKY COVER
  POSSIBLE SUNSHINE  MM
  AVERAGE SKY COVER 0.8


WEATHER CONDITIONS
 THE FOLLOWING WEATHER WAS RECORDED YESTERDAY.
  NO SIGNIFICANT WEATHER WAS OBSERVED.


RELATIVE HUMIDITY (PERCENT)
 HIGHEST   100           600 AM
 LOWEST     63           200 PM
 AVERAGE    82

..........................................................


THE JOHNSTOWN CLIMATE NORMALS FOR TODAY
                         NORMAL    RECORD    YEAR
 MAXIMUM TEMPERATURE (F)   36        72      1906
 MINIMUM TEMPERATURE (F)   22        -8      2015


SUNRISE AND SUNSET
FEBRUARY 24 2017......SUNRISE   656 AM EST   SUNSET   602 PM EST
FEBRUARY 25 2017......SUNRISE   654 AM EST   SUNSET   603 PM EST


-  INDICATES NEGATIVE NUMBERS.
R  INDICATES RECORD WAS SET OR TIED.
MM INDICATES DATA IS MISSING.
T  INDICATES TRACE AMOUNT.




$$
