000
CDUS41 KCTP 270649
CLIJST


CLIMATE REPORT
NATIONAL WEATHER SERVICE STATE COLLEGE PA
149 AM EST FRI FEB 27 2015


...................................

...THE JOHNSTOWN CLIMATE SUMMARY FOR FEBRUARY 26 2015...

CLIMATE NORMAL PERIOD 1981 TO 2010
CLIMATE RECORD PERIOD 2000 TO 2015


WEATHER ITEM   OBSERVED TIME   RECORD YEAR NORMAL DEPARTURE LAST
                VALUE   (LST)  VALUE       VALUE  FROM      YEAR
                                                  NORMAL
..................................................................
TEMPERATURE (F)
 YESTERDAY
  MAXIMUM         26    253 PM  67    1917  37    -11       18
  MINIMUM         12   1159 PM  -7    1900  22    -10        8
  AVERAGE         19                        30    -11       13

PRECIPITATION (IN)
  YESTERDAY        T             1.39 1912   0.08  -0.08      T
  MONTH TO DATE    1.48                      2.17  -0.69     3.16
  SINCE DEC 1      5.73                      7.62  -1.89     7.21
  SINCE JAN 1      3.40                      5.05  -1.65     4.04

DEGREE DAYS
 HEATING
  YESTERDAY       46                        36     10       52
  MONTH TO DATE 1251                       992    259     1095
  SINCE DEC 1   3570                      3351    219     3583
  SINCE JUL 1   5081                      4809    272     5214

 COOLING
  YESTERDAY        0                         0      0        0
  MONTH TO DATE    0                         0      0        0
  SINCE DEC 1      0                         0      0        0
  SINCE JAN 1      0                         0      0        0
..................................................................


WIND (MPH)
  HIGHEST WIND SPEED    17   HIGHEST WIND DIRECTION    NW (300)
  HIGHEST GUST SPEED    21   HIGHEST GUST DIRECTION    NW (300)
  AVERAGE WIND SPEED     7.6


SKY COVER
  POSSIBLE SUNSHINE  MM
  AVERAGE SKY COVER 0.9


WEATHER CONDITIONS
 THE FOLLOWING WEATHER WAS RECORDED YESTERDAY.
  LIGHT SNOW
  FOG
  HAZE


RELATIVE HUMIDITY (PERCENT)
 HIGHEST    92           900 PM
 LOWEST     56          1200 AM
 AVERAGE    74

..........................................................


THE JOHNSTOWN CLIMATE NORMALS FOR TODAY
                         NORMAL    RECORD    YEAR
 MAXIMUM TEMPERATURE (F)   37        72      1951
 MINIMUM TEMPERATURE (F)   22        -8      1963


SUNRISE AND SUNSET
FEBRUARY 27 2015......SUNRISE   652 AM EST   SUNSET   604 PM EST
FEBRUARY 28 2015......SUNRISE   651 AM EST   SUNSET   606 PM EST


-  INDICATES NEGATIVE NUMBERS.
R  INDICATES RECORD WAS SET OR TIED.
MM INDICATES DATA IS MISSING.
T  INDICATES TRACE AMOUNT.




$$
