000
CDUS41 KCTP 290621
CLIJST


CLIMATE REPORT
NATIONAL WEATHER SERVICE STATE COLLEGE PA
221 AM EDT SAT AUG 29 2015


...................................

...THE JOHNSTOWN CLIMATE SUMMARY FOR AUGUST 28 2015...

CLIMATE NORMAL PERIOD 1981 TO 2010
CLIMATE RECORD PERIOD 2000 TO 2015


WEATHER ITEM   OBSERVED TIME   RECORD YEAR NORMAL DEPARTURE LAST
                VALUE   (LST)  VALUE       VALUE  FROM      YEAR
                                                  NORMAL
..................................................................
TEMPERATURE (F)
 YESTERDAY
  MAXIMUM         76    409 PM 100    1948  74      2       69
  MINIMUM         49    548 AM  41    1941  58     -9       55
  AVERAGE         63                        66     -3       62

PRECIPITATION (IN)
  YESTERDAY        0.00          2.21 1903   0.12  -0.12     0.00
  MONTH TO DATE    2.70                      3.48  -0.78     3.40
  SINCE JUN 1     19.25                      7.33  11.92    11.73
  SINCE JAN 1     33.65                     23.97   9.68    25.29

DEGREE DAYS
 HEATING
  YESTERDAY        2                         1      1        3
  MONTH TO DATE   23                        24     -1       30
  SINCE JUN 1     91                       111    -20      119
  SINCE JUL 1     30                        37     -7       79

 COOLING
  YESTERDAY        0                         3     -3        0
  MONTH TO DATE  101                       111    -10       67
  SINCE JUN 1    347                       336     11      259
  SINCE JAN 1    431                       354     77      285
..................................................................


WIND (MPH)
  HIGHEST WIND SPEED     9   HIGHEST WIND DIRECTION     W (290)
  HIGHEST GUST SPEED    12   HIGHEST GUST DIRECTION    NW (330)
  AVERAGE WIND SPEED     2.9


SKY COVER
  POSSIBLE SUNSHINE  MM
  AVERAGE SKY COVER 0.1


WEATHER CONDITIONS
 THE FOLLOWING WEATHER WAS RECORDED YESTERDAY.
  FOG
  FOG W/VISIBILITY <= 1/4 MILE
  HAZE


RELATIVE HUMIDITY (PERCENT)
 HIGHEST    93           400 AM
 LOWEST     38           400 PM
 AVERAGE    66

..........................................................


THE JOHNSTOWN CLIMATE NORMALS FOR TODAY
                         NORMAL    RECORD    YEAR
 MAXIMUM TEMPERATURE (F)   74        99      1948
 MINIMUM TEMPERATURE (F)   58        35      1982


SUNRISE AND SUNSET
AUGUST 29 2015........SUNRISE   640 AM EDT   SUNSET   752 PM EDT
AUGUST 30 2015........SUNRISE   641 AM EDT   SUNSET   751 PM EDT


-  INDICATES NEGATIVE NUMBERS.
R  INDICATES RECORD WAS SET OR TIED.
MM INDICATES DATA IS MISSING.
T  INDICATES TRACE AMOUNT.




$$
