000
CDUS41 KCTP 180723
CLIJST


CLIMATE REPORT
NATIONAL WEATHER SERVICE STATE COLLEGE PA
223 AM EST THU JAN 18 2018


...................................

...THE JOHNSTOWN CLIMATE SUMMARY FOR JANUARY 17 2018...

CLIMATE NORMAL PERIOD 1981 TO 2010
CLIMATE RECORD PERIOD 1892 TO 2018


WEATHER ITEM   OBSERVED TIME   RECORD YEAR NORMAL DEPARTURE LAST
                VALUE   (LST)  VALUE       VALUE  FROM      YEAR
                                                  NORMAL
..................................................................
TEMPERATURE (F)
 YESTERDAY
  MAXIMUM         11   1240 AM  66    1990  32    -21       55
  MINIMUM          3    952 AM -15    1982  18    -15       36
  AVERAGE          7                        25    -18       46

PRECIPITATION (IN)
  YESTERDAY        T             1.40 1985   0.11  -0.11     0.11
  MONTH TO DATE    1.58                      1.80  -0.22     1.97
  SINCE DEC 1      2.68                      4.37  -1.69     6.15
  SINCE JAN 1      1.58                      1.80  -0.22     1.97

DEGREE DAYS
 HEATING
  YESTERDAY       58                        40     18       19
  MONTH TO DATE  812                       673    139      607
  SINCE DEC 1   1989                      1800    189     1680
  SINCE JUL 1   3202                      3263    -61     2749

 COOLING
  YESTERDAY        0                         0      0        0
  MONTH TO DATE    0                         0      0        0
  SINCE DEC 1      0                         0      0        0
  SINCE JAN 1      0                         0      0        0
..................................................................


WIND (MPH)
  HIGHEST WIND SPEED    18   HIGHEST WIND DIRECTION     W (280)
  HIGHEST GUST SPEED    24   HIGHEST GUST DIRECTION     W (280)
  AVERAGE WIND SPEED    11.5


SKY COVER
  POSSIBLE SUNSHINE  MM
  AVERAGE SKY COVER 1.0


WEATHER CONDITIONS
 THE FOLLOWING WEATHER WAS RECORDED YESTERDAY.
  LIGHT SNOW
  FOG
  HAZE


RELATIVE HUMIDITY (PERCENT)
 HIGHEST    92          1200 AM
 LOWEST     80          1200 PM
 AVERAGE    86

..........................................................


THE JOHNSTOWN CLIMATE NORMALS FOR TODAY
                         NORMAL    RECORD    YEAR
 MAXIMUM TEMPERATURE (F)   32        62      1952
 MINIMUM TEMPERATURE (F)   18       -12      1977


SUNRISE AND SUNSET
JANUARY 18 2018.......SUNRISE   735 AM EST   SUNSET   517 PM EST
JANUARY 19 2018.......SUNRISE   734 AM EST   SUNSET   518 PM EST


-  INDICATES NEGATIVE NUMBERS.
R  INDICATES RECORD WAS SET OR TIED.
MM INDICATES DATA IS MISSING.
T  INDICATES TRACE AMOUNT.




$$
