000
CDUS41 KCTP 210626
CLIJST


CLIMATE REPORT
NATIONAL WEATHER SERVICE STATE COLLEGE PA
126 AM EST SAT JAN 21 2017


...................................

...THE JOHNSTOWN CLIMATE SUMMARY FOR JANUARY 20 2017...

CLIMATE NORMAL PERIOD 1981 TO 2010
CLIMATE RECORD PERIOD 1892 TO 2017


WEATHER ITEM   OBSERVED TIME   RECORD YEAR NORMAL DEPARTURE LAST
                VALUE   (LST)  VALUE       VALUE  FROM      YEAR
                                                  NORMAL
..................................................................
TEMPERATURE (F)
 YESTERDAY
  MAXIMUM         51   1035 PM  67    1965  32     19       21
  MINIMUM         32   1234 AM -12    1985  18     14        5
  AVERAGE         42                        25     17       13

PRECIPITATION (IN)
  YESTERDAY        0.14          1.52 1937   0.07   0.07      T
  MONTH TO DATE    2.25                      2.03   0.22     0.72
  SINCE DEC 1      6.43                      4.60   1.83     4.45
  SINCE JAN 1      2.25                      2.03   0.22     0.72

DEGREE DAYS
 HEATING
  YESTERDAY       23                        40    -17       52
  MONTH TO DATE  680                       793   -113      831
  SINCE DEC 1   1753                      1920   -167     1505
  SINCE JUL 1   2822                      3377   -555     2623

 COOLING
  YESTERDAY        0                         0      0        0
  MONTH TO DATE    0                         0      0        0
  SINCE DEC 1      0                         0      0        0
  SINCE JAN 1      0                         0      0        0
..................................................................


WIND (MPH)
  HIGHEST WIND SPEED    16   HIGHEST WIND DIRECTION     S (160)
  HIGHEST GUST SPEED    22   HIGHEST GUST DIRECTION     S (160)
  AVERAGE WIND SPEED     7.6


SKY COVER
  POSSIBLE SUNSHINE  MM
  AVERAGE SKY COVER 0.7


WEATHER CONDITIONS
 THE FOLLOWING WEATHER WAS RECORDED YESTERDAY.
  LIGHT RAIN
  FOG


RELATIVE HUMIDITY (PERCENT)
 HIGHEST   100           200 PM
 LOWEST     85           300 AM
 AVERAGE    93

..........................................................


THE JOHNSTOWN CLIMATE NORMALS FOR TODAY
                         NORMAL    RECORD    YEAR
 MAXIMUM TEMPERATURE (F)   32        78      1906
 MINIMUM TEMPERATURE (F)   18       -16      1985


SUNRISE AND SUNSET
JANUARY 21 2017.......SUNRISE   733 AM EST   SUNSET   521 PM EST
JANUARY 22 2017.......SUNRISE   732 AM EST   SUNSET   522 PM EST


-  INDICATES NEGATIVE NUMBERS.
R  INDICATES RECORD WAS SET OR TIED.
MM INDICATES DATA IS MISSING.
T  INDICATES TRACE AMOUNT.




$$
