000
CDUS41 KCTP 242214
CLIJST


CLIMATE REPORT
NATIONAL WEATHER SERVICE STATE COLLEGE PA
614 PM EDT FRI MAR 24 2017


...................................

...THE JOHNSTOWN CLIMATE SUMMARY FOR MARCH 24 2017...
VALID TODAY AS OF 0500 PM LOCAL TIME.

CLIMATE NORMAL PERIOD 1981 TO 2010
CLIMATE RECORD PERIOD 1892 TO 2017


WEATHER ITEM   OBSERVED TIME   RECORD YEAR NORMAL DEPARTURE LAST
                VALUE   (LST)  VALUE       VALUE  FROM      YEAR
                                                  NORMAL
..................................................................
TEMPERATURE (F)
 TODAY
  MAXIMUM         68    353 PM  83    1966  47     21       72
  MINIMUM         34    529 AM  10    2014  30      4       46
  AVERAGE         51                        39     12       59

PRECIPITATION (IN)
  TODAY            0.14          1.46 1953   0.12   0.02      T
  MONTH TO DATE    2.50                      2.35   0.15     1.20
  SINCE MAR 1      2.50                      2.35   0.15     1.20
  SINCE JAN 1      8.16                      7.58   0.58     4.05

DEGREE DAYS
 HEATING
  TODAY           14                        27    -13        6
  MONTH TO DATE  821                       738     83      494
  SINCE MAR 1    821                       738     83      494
  SINCE JUL 1   4741                      5617   -876     4557

 COOLING
  TODAY            0                         0      0        0
  MONTH TO DATE    0                         0      0        0
  SINCE MAR 1      0                         0      0        0
  SINCE JAN 1      0                         0      0        0
..................................................................


WIND (MPH)
  HIGHEST WIND SPEED    22   HIGHEST WIND DIRECTION    SW (240)
  HIGHEST GUST SPEED    27   HIGHEST GUST DIRECTION    SW (240)
  AVERAGE WIND SPEED    12.0


SKY COVER
  POSSIBLE SUNSHINE  MM
  AVERAGE SKY COVER 0.5


WEATHER CONDITIONS
 THE FOLLOWING WEATHER WAS RECORDED TODAY.
  RAIN
  LIGHT RAIN
  FOG


RELATIVE HUMIDITY (PERCENT)
 HIGHEST    93           800 AM
 LOWEST     38           100 AM
 AVERAGE    66

..........................................................


THE JOHNSTOWN CLIMATE NORMALS FOR TOMORROW
                         NORMAL    RECORD    YEAR
 MAXIMUM TEMPERATURE (F)   47        80      1904
 MINIMUM TEMPERATURE (F)   31        12      1940


SUNRISE AND SUNSET
MARCH 24 2017.........SUNRISE   712 AM EDT   SUNSET   732 PM EDT
MARCH 25 2017.........SUNRISE   710 AM EDT   SUNSET   733 PM EDT


-  INDICATES NEGATIVE NUMBERS.
R  INDICATES RECORD WAS SET OR TIED.
MM INDICATES DATA IS MISSING.
T  INDICATES TRACE AMOUNT.




$$
