000
CDUS41 KCTP 040649
CLIJST


CLIMATE REPORT
NATIONAL WEATHER SERVICE STATE COLLEGE PA
249 AM EDT SAT JUL 4 2015


...................................

...THE JOHNSTOWN CLIMATE SUMMARY FOR JULY 3 2015...

CLIMATE NORMAL PERIOD 1981 TO 2010
CLIMATE RECORD PERIOD 2000 TO 2015


WEATHER ITEM   OBSERVED TIME   RECORD YEAR NORMAL DEPARTURE LAST
                VALUE   (LST)  VALUE       VALUE  FROM      YEAR
                                                  NORMAL
..................................................................
TEMPERATURE (F)
 YESTERDAY
  MAXIMUM         72    151 PM 100    1898  78     -6       80
  MINIMUM         54    607 AM  46    1957  59     -5       59
  AVERAGE         63                        69     -6       70

PRECIPITATION (IN)
  YESTERDAY        0.46          2.12 1941   0.12   0.34     0.01
  MONTH TO DATE    0.46                      0.36   0.10     0.01
  SINCE JUN 1     12.42                      0.36  12.06     4.85
  SINCE JAN 1     26.82                     17.00   9.82    18.41

DEGREE DAYS
 HEATING
  YESTERDAY        2                         1      1        0
  MONTH TO DATE    3                         3      0        0
  SINCE JUN 1     64                        82    -18       40
  SINCE JUL 1      3                         3      0        0

 COOLING
  YESTERDAY        0                         4     -4        5
  MONTH TO DATE    0                        12    -12       25
  SINCE JUN 1     90                        87      3      109
  SINCE JAN 1    174                       105     69      135
..................................................................


WIND (MPH)
  HIGHEST WIND SPEED    15   HIGHEST WIND DIRECTION     S (170)
  HIGHEST GUST SPEED    19   HIGHEST GUST DIRECTION     S (170)
  AVERAGE WIND SPEED     6.3


SKY COVER
  POSSIBLE SUNSHINE  MM
  AVERAGE SKY COVER 0.5


WEATHER CONDITIONS
 THE FOLLOWING WEATHER WAS RECORDED YESTERDAY.
  HEAVY RAIN
  RAIN
  LIGHT RAIN
  FOG
  FOG W/VISIBILITY <= 1/4 MILE
  HAZE


RELATIVE HUMIDITY (PERCENT)
 HIGHEST   100           600 AM
 LOWEST     61           200 PM
 AVERAGE    81

..........................................................


THE JOHNSTOWN CLIMATE NORMALS FOR TODAY
                         NORMAL    RECORD    YEAR
 MAXIMUM TEMPERATURE (F)   78       100      1911
 MINIMUM TEMPERATURE (F)   60        47      1986


SUNRISE AND SUNSET
JULY  4 2015..........SUNRISE   551 AM EDT   SUNSET   849 PM EDT
JULY  5 2015..........SUNRISE   551 AM EDT   SUNSET   848 PM EDT


-  INDICATES NEGATIVE NUMBERS.
R  INDICATES RECORD WAS SET OR TIED.
MM INDICATES DATA IS MISSING.
T  INDICATES TRACE AMOUNT.




$$
