000
CDUS43 KGRR 310536
CLIJXN


CLIMATE REPORT
NATIONAL WEATHER SERVICE GRAND RAPIDS, MI
133 AM EDT THU JUL 31 2014


...................................

...THE JACKSON MI CLIMATE SUMMARY FOR JULY 30 2014...

CLIMATE NORMAL PERIOD 1981 TO 2010
CLIMATE RECORD PERIOD 9999 TO 9999


WEATHER ITEM   OBSERVED TIME   NORMAL DEPARTURE LAST
                VALUE   (LST)  VALUE  FROM      YEAR
                                      NORMAL
......................................................
TEMPERATURE (F)
 YESTERDAY
  MAXIMUM         75        MM  81     -6       77
  MINIMUM         53        MM  60     -7       47
  AVERAGE         64            71     -7       62

PRECIPITATION (IN)
  YESTERDAY        T             0.13  -0.13     0.00
  MONTH TO DATE    3.14          3.46  -0.32     1.85
  SINCE JUN 1      7.90          6.73   1.17     6.47
  SINCE JAN 1     20.23         17.33   2.90    19.09

DEGREE DAYS
 HEATING
  YESTERDAY        1             0      1        3
  MONTH TO DATE   30             1     29       21
  SINCE JUN 1     61            56      5       78
  SINCE JUL 1     30             1     29       21

 COOLING
  YESTERDAY        0             6     -6        0
  MONTH TO DATE   98           198   -100      212
  SINCE JUN 1    239           324    -85      329
  SINCE JAN 1    273           361    -88      396
......................................................


WIND (MPH)
  RESULTANT WIND SPEED   2   RESULTANT WIND DIRECTION   W (260)
  HIGHEST WIND SPEED     9   HIGHEST WIND DIRECTION     W (260)
  HIGHEST GUST SPEED    17   HIGHEST GUST DIRECTION     N (10)
  AVERAGE WIND SPEED     3.9


SKY COVER
  AVERAGE SKY COVER 0.3


WEATHER CONDITIONS
 THE FOLLOWING WEATHER WAS RECORDED YESTERDAY.
  THUNDERSTORM
  FOG


RELATIVE HUMIDITY (PERCENT)
 HIGHEST   100           700 AM
 LOWEST     57           100 PM
 AVERAGE    79

..........................................................


THE JACKSON MI CLIMATE NORMALS FOR TODAY
                         NORMAL
 MAXIMUM TEMPERATURE (F)   81
 MINIMUM TEMPERATURE (F)   60


SUNRISE AND SUNSET
JULY 31 2014..........SUNRISE   630 AM EDT   SUNSET   858 PM EDT
AUGUST  1 2014........SUNRISE   631 AM EDT   SUNSET   857 PM EDT


-  INDICATES NEGATIVE NUMBERS.
R  INDICATES RECORD WAS SET OR TIED.
MM INDICATES DATA IS MISSING.
T  INDICATES TRACE AMOUNT.




$$
