000
CDUS43 KGRR 100521
CLIJXN


CLIMATE REPORT
NATIONAL WEATHER SERVICE GRAND RAPIDS, MI
1219 AM EST WED FEB 10 2016


...................................

...THE JACKSON MI CLIMATE SUMMARY FOR FEBRUARY 9 2016...

CLIMATE NORMAL PERIOD 1981 TO 2010
CLIMATE RECORD PERIOD 1944 TO 9999


WEATHER ITEM   OBSERVED TIME   NORMAL DEPARTURE LAST
                VALUE   (LST)  VALUE  FROM      YEAR
                                      NORMAL
......................................................
TEMPERATURE (F)
 YESTERDAY
  MAXIMUM         31   1234 AM  33     -2       23
  MINIMUM         22   1159 PM  17      5       11
  AVERAGE         27            25      2       17

PRECIPITATION (IN)
  YESTERDAY        0.07          0.04   0.03     0.00
  MONTH TO DATE    0.26          0.36  -0.10     0.96
  SINCE DEC 1      3.29          3.72  -0.43     3.43
  SINCE JAN 1      0.98          1.85  -0.87     2.03

DEGREE DAYS
 HEATING
  YESTERDAY       38            40     -2       48
  MONTH TO DATE  289           365    -76      415
  SINCE DEC 1   2261          2792   -531     2806
  SINCE JUL 1   3382          4196   -814     4417

 COOLING
  YESTERDAY        0             0      0        0
  MONTH TO DATE    0             0      0        0
  SINCE DEC 1      0             0      0        0
  SINCE JAN 1      0             0      0        0
......................................................


WIND (MPH)
  RESULTANT WIND SPEED  13   RESULTANT WIND DIRECTION  NW (300)
  HIGHEST WIND SPEED    22   HIGHEST WIND DIRECTION    NW (300)
  HIGHEST GUST SPEED    29   HIGHEST GUST DIRECTION    NW (310)
  AVERAGE WIND SPEED    13.3


SKY COVER
  AVERAGE SKY COVER 1.0


WEATHER CONDITIONS
 THE FOLLOWING WEATHER WAS RECORDED YESTERDAY.
  SNOW
  LIGHT SNOW
  FOG
  HAZE


RELATIVE HUMIDITY (PERCENT)
 HIGHEST    92           500 AM
 LOWEST     62           700 PM
 AVERAGE    77

..........................................................


THE JACKSON MI CLIMATE NORMALS FOR TODAY
                         NORMAL
 MAXIMUM TEMPERATURE (F)   33
 MINIMUM TEMPERATURE (F)   17


SUNRISE AND SUNSET
FEBRUARY 10 2016......SUNRISE   741 AM EST   SUNSET   603 PM EST
FEBRUARY 11 2016......SUNRISE   740 AM EST   SUNSET   605 PM EST


-  INDICATES NEGATIVE NUMBERS.
R  INDICATES RECORD WAS SET OR TIED.
MM INDICATES DATA IS MISSING.
T  INDICATES TRACE AMOUNT.




$$

63
