479
CDUS43 KGRR 281333
CLIJXN


CLIMATE REPORT
NATIONAL WEATHER SERVICE GRAND RAPIDS, MI
932 AM EDT TUE MAR 28 2017


...................................

...THE JACKSON MI CLIMATE SUMMARY FOR MARCH 28 2017...
VALID AS OF 0900 AM LOCAL TIME.

CLIMATE NORMAL PERIOD 1981 TO 2010
CLIMATE RECORD PERIOD 1944 TO 9999


WEATHER ITEM   OBSERVED TIME   NORMAL DEPARTURE LAST
                VALUE   (LST)  VALUE  FROM      YEAR
                                      NORMAL
......................................................
TEMPERATURE (F)
 TODAY
  MAXIMUM         50   1204 AM  51     -1       47
  MINIMUM         43    759 AM  30     13       33
  AVERAGE         47            40      7       40

PRECIPITATION (IN)
  TODAY            T             0.07  -0.07     0.27
  MONTH TO DATE    2.85          1.68   1.17     2.09
  SINCE MAR 1      2.85          1.68   1.17     2.09
  SINCE JAN 1      7.79          4.46   3.33     3.96

DEGREE DAYS
 HEATING
  TODAY           18            25     -7       25
  MONTH TO DATE  837           839     -2      659
  SINCE MAR 1    837           839     -2      659
  SINCE JUL 1   4845          5753   -908     4781

 COOLING
  TODAY            0             0      0        0
  MONTH TO DATE    0             0      0        0
  SINCE MAR 1      0             0      0        0
  SINCE JAN 1      0             0      0        0
......................................................


WIND (MPH)
  RESULTANT WIND SPEED   8   RESULTANT WIND DIRECTION   N (10)
  HIGHEST WIND SPEED    12   HIGHEST WIND DIRECTION     N (20)
  HIGHEST GUST SPEED    14   HIGHEST GUST DIRECTION    NE (30)
  AVERAGE WIND SPEED     7.7


SKY COVER
  AVERAGE SKY COVER 1.0


WEATHER CONDITIONS
 THE FOLLOWING WEATHER WAS RECORDED TODAY.
  FOG


RELATIVE HUMIDITY (PERCENT)
 HIGHEST    89           500 AM
 LOWEST     80          1200 AM
 AVERAGE    85

..........................................................


THE JACKSON MI CLIMATE NORMALS FOR TOMORROW
                         NORMAL
 MAXIMUM TEMPERATURE (F)   51
 MINIMUM TEMPERATURE (F)   31


SUNRISE AND SUNSET
MARCH 28 2017.........SUNRISE   727 AM EDT   SUNSET   759 PM EDT
MARCH 29 2017.........SUNRISE   725 AM EDT   SUNSET   801 PM EDT


-  INDICATES NEGATIVE NUMBERS.
R  INDICATES RECORD WAS SET OR TIED.
MM INDICATES DATA IS MISSING.
T  INDICATES TRACE AMOUNT.




$$
