000
CDUS43 KGRR 161342
CLIJXN


CLIMATE REPORT
NATIONAL WEATHER SERVICE GRAND RAPIDS, MI
937 AM EDT WED APR 16 2014


...................................

...THE JACKSON MI CLIMATE SUMMARY FOR APRIL 16 2014...
VALID AS OF 0900 AM LOCAL TIME.

CLIMATE NORMAL PERIOD 1981 TO 2010
CLIMATE RECORD PERIOD 9999 TO 9999


WEATHER ITEM   OBSERVED TIME   RECORD YEAR NORMAL DEPARTURE LAST
                VALUE   (LST)  VALUE       VALUE  FROM      YEAR
                                                  NORMAL
..................................................................
TEMPERATURE (F)
 TODAY
  MAXIMUM         29    759 AM  MM      MM  59    -30       60
  MINIMUM         18    522 AM  MM      MM  37    -19       44
  AVERAGE         24                        48    -24       52

PRECIPITATION (IN)
  TODAY            0.00         MM      MM   0.09  -0.09     0.05
  MONTH TO DATE    1.46                      1.37   0.09     2.18
  SINCE MAR 1      3.37                      3.27   0.10     2.82
  SINCE JAN 1      7.65                      6.05   1.60     7.17

DEGREE DAYS
 HEATING
  TODAY           41                        17     24       13
  MONTH TO DATE  336                       318     18      370
  SINCE MAR 1   1511                      1228    283     1405

 COOLING
  TODAY            0                         0      0        0
  MONTH TO DATE    0                         0      0        0
  SINCE MAR 1      0                         0      0        0
..................................................................


WIND (MPH)
  HIGHEST WIND SPEED     8   HIGHEST WIND DIRECTION     S (170)
  HIGHEST GUST SPEED    10   HIGHEST GUST DIRECTION     S (170)



WEATHER CONDITIONS
 THE FOLLOWING WEATHER WAS RECORDED TODAY.
  NO SIGNIFICANT WEATHER WAS OBSERVED.


..........................................................




SUNRISE AND SUNSET
APRIL 16 2014.........SUNRISE   656 AM EDT   SUNSET   820 PM EDT
APRIL 17 2014.........SUNRISE   654 AM EDT   SUNSET   822 PM EDT


-  INDICATES NEGATIVE NUMBERS.
R  INDICATES RECORD WAS SET OR TIED.
MM INDICATES DATA IS MISSING.
T  INDICATES TRACE AMOUNT.




$$

JAM
