000
CDUS43 KGRR 230521
CLIJXN


CLIMATE REPORT
NATIONAL WEATHER SERVICE GRAND RAPIDS, MI
120 AM EDT FRI JUN 23 2017


...................................

...THE JACKSON MI CLIMATE SUMMARY FOR JUNE 22 2017...

CLIMATE NORMAL PERIOD 1981 TO 2010
CLIMATE RECORD PERIOD 1944 TO 9999


WEATHER ITEM   OBSERVED TIME   NORMAL DEPARTURE LAST
                VALUE   (LST)  VALUE  FROM      YEAR
                                      NORMAL
......................................................
TEMPERATURE (F)
 YESTERDAY
  MAXIMUM         87    256 PM  81      6       84
  MINIMUM         64    316 AM  58      6       56
  AVERAGE         76            69      7       70

PRECIPITATION (IN)
  YESTERDAY        0.41          0.11   0.30     0.03
  MONTH TO DATE    0.88          2.40  -1.52     1.03
  SINCE JUN 1      0.88          2.40  -1.52     1.03
  SINCE JAN 1     18.85         13.00   5.85    10.53

DEGREE DAYS
 HEATING
  YESTERDAY        0             1     -1        0
  MONTH TO DATE   19            48    -29       23
  SINCE JUN 1     19            48    -29       23
  SINCE JUL 1   5547          6650  -1103     5663

 COOLING
  YESTERDAY       11             5      6        5
  MONTH TO DATE  135            79     56      109
  SINCE JUN 1    135            79     56      109
  SINCE JAN 1    171           116     55      162
......................................................


WIND (MPH)
  RESULTANT WIND SPEED   9   RESULTANT WIND DIRECTION  SW (210)
  HIGHEST WIND SPEED    22   HIGHEST WIND DIRECTION    SW (240)
  HIGHEST GUST SPEED    28   HIGHEST GUST DIRECTION    SW (230)
  AVERAGE WIND SPEED     9.8


SKY COVER
  AVERAGE SKY COVER 0.3


WEATHER CONDITIONS
 THE FOLLOWING WEATHER WAS RECORDED YESTERDAY.
  THUNDERSTORM
  HEAVY RAIN
  LIGHT RAIN


RELATIVE HUMIDITY (PERCENT)
 HIGHEST    87          1000 PM
 LOWEST     48           200 PM
 AVERAGE    68

..........................................................


THE JACKSON MI CLIMATE NORMALS FOR TODAY
                         NORMAL
 MAXIMUM TEMPERATURE (F)   81
 MINIMUM TEMPERATURE (F)   58


SUNRISE AND SUNSET
JUNE 23 2017..........SUNRISE   602 AM EDT   SUNSET   918 PM EDT
JUNE 24 2017..........SUNRISE   602 AM EDT   SUNSET   918 PM EDT


-  INDICATES NEGATIVE NUMBERS.
R  INDICATES RECORD WAS SET OR TIED.
MM INDICATES DATA IS MISSING.
T  INDICATES TRACE AMOUNT.




$$

jam
