000
CDUS43 KIND 270533
CLILAF


CLIMATE REPORT
NATIONAL WEATHER SERVICE INDIANAPOLIS IN
1233 AM EST TUE JAN 27 2015


...................................

...THE LAFAYETTE IN CLIMATE SUMMARY FOR JANUARY 26 2015...

CLIMATE NORMAL PERIOD 1981 TO 2010
CLIMATE RECORD PERIOD 9999 TO 9999


WEATHER ITEM   OBSERVED TIME   NORMAL DEPARTURE LAST
                VALUE   (LST)  VALUE  FROM      YEAR
                                      NORMAL
......................................................
TEMPERATURE (F)
 YESTERDAY
  MAXIMUM         28    901 PM  34     -6       40
  MINIMUM         15    856 AM  19     -4        6
  AVERAGE         22            27     -5       23

PRECIPITATION (IN)
  YESTERDAY        T             0.05  -0.05     0.05
  MONTH TO DATE    1.25          1.58  -0.33     0.83
  SINCE DEC 1      3.04          4.09  -1.05     3.41
  SINCE JAN 1      1.25          1.58  -0.33     0.83

DEGREE DAYS
 HEATING
  YESTERDAY       43            38      5       42
  MONTH TO DATE 1106          1007     99     1074
  SINCE DEC 1   2117          2081     36     2236
  SINCE JUL 1   3569          3182    387     3412

 COOLING
  YESTERDAY        0             0      0        0
  MONTH TO DATE    0             0      0        0
  SINCE DEC 1      0             0      0        0
  SINCE JAN 1      0             0      0        0
......................................................


WIND (MPH)
  HIGHEST WIND SPEED    15   HIGHEST WIND DIRECTION    NE (40)
  HIGHEST GUST SPEED    20   HIGHEST GUST DIRECTION     N (20)
  AVERAGE WIND SPEED     3.4


SKY COVER
  AVERAGE SKY COVER 0.7


WEATHER CONDITIONS
 THE FOLLOWING WEATHER WAS RECORDED YESTERDAY.
  LIGHT SNOW
  FOG


RELATIVE HUMIDITY (PERCENT)
 HIGHEST    88           700 AM
 LOWEST     68          1100 AM
 AVERAGE    78

..........................................................


THE LAFAYETTE IN CLIMATE NORMALS FOR TODAY
                         NORMAL
 MAXIMUM TEMPERATURE (F)   35
 MINIMUM TEMPERATURE (F)   19


SUNRISE AND SUNSET
JANUARY 27 2015.......SUNRISE   802 AM EST   SUNSET   600 PM EST
JANUARY 28 2015.......SUNRISE   801 AM EST   SUNSET   601 PM EST


-  INDICATES NEGATIVE NUMBERS.
R  INDICATES RECORD WAS SET OR TIED.
MM INDICATES DATA IS MISSING.
T  INDICATES TRACE AMOUNT.




$$
