000
CDUS43 KIND 170533
CLILAF


CLIMATE REPORT
NATIONAL WEATHER SERVICE INDIANAPOLIS IN
133 AM EDT THU AUG 17 2017


...................................

...THE LAFAYETTE IN CLIMATE SUMMARY FOR AUGUST 16 2017...

CLIMATE NORMAL PERIOD 1981 TO 2010
CLIMATE RECORD PERIOD 9999 TO 9999


WEATHER ITEM   OBSERVED TIME   NORMAL DEPARTURE LAST
                VALUE   (LST)  VALUE  FROM      YEAR
                                      NORMAL
......................................................
TEMPERATURE (F)
 YESTERDAY
  MAXIMUM         87    246 PM  84      3       81
  MINIMUM         64    439 AM  63      1       71
  AVERAGE         76            74      2       76

PRECIPITATION (IN)
  YESTERDAY        0.00          0.12  -0.12     0.15
  MONTH TO DATE    0.79          1.73  -0.94     2.17
  SINCE JUN 1     13.42          9.80   3.62    12.20
  SINCE JAN 1     33.83         23.82  10.01    24.31

DEGREE DAYS
 HEATING
  YESTERDAY        0             0      0        0
  MONTH TO DATE    4             0      4        0
  SINCE JUN 1     23            23      0       20
  SINCE JUL 1      4             1      3       10

 COOLING
  YESTERDAY       11             9      2       11
  MONTH TO DATE   69           144    -75      189
  SINCE JUN 1    546           658   -112      701
  SINCE JAN 1    603           735   -132      769
......................................................


WIND (MPH)
  HIGHEST WIND SPEED    13   HIGHEST WIND DIRECTION     S (180)
  HIGHEST GUST SPEED    17   HIGHEST GUST DIRECTION    SE (150)
  AVERAGE WIND SPEED     4.0


SKY COVER
  AVERAGE SKY COVER 0.2


WEATHER CONDITIONS
 THE FOLLOWING WEATHER WAS RECORDED YESTERDAY.
  FOG


RELATIVE HUMIDITY (PERCENT)
 HIGHEST   100          1200 AM
 LOWEST     61           300 PM
 AVERAGE    81

..........................................................


THE LAFAYETTE IN CLIMATE NORMALS FOR TODAY
                         NORMAL
 MAXIMUM TEMPERATURE (F)   84
 MINIMUM TEMPERATURE (F)   63


SUNRISE AND SUNSET
AUGUST 17 2017........SUNRISE   701 AM EDT   SUNSET   842 PM EDT
AUGUST 18 2017........SUNRISE   702 AM EDT   SUNSET   841 PM EDT


-  INDICATES NEGATIVE NUMBERS.
R  INDICATES RECORD WAS SET OR TIED.
MM INDICATES DATA IS MISSING.
T  INDICATES TRACE AMOUNT.




$$
