000
CDUS43 KIND 180534
CLILAF


CLIMATE REPORT
NATIONAL WEATHER SERVICE INDIANAPOLIS IN
134 AM EDT FRI APR 18 2014


...................................

...THE LAFAYETTE IN CLIMATE SUMMARY FOR APRIL 17 2014...

CLIMATE NORMAL PERIOD 1981 TO 2010
CLIMATE RECORD PERIOD 9999 TO 9999


WEATHER ITEM   OBSERVED TIME   NORMAL DEPARTURE LAST
                VALUE   (LST)  VALUE  FROM      YEAR
                                      NORMAL
......................................................
TEMPERATURE (F)
 YESTERDAY
  MAXIMUM         66    400 PM  64      2       71
  MINIMUM         33    125 AM  41     -8       45
  AVERAGE         50            52     -2       58

PRECIPITATION (IN)
  YESTERDAY        0.00          0.13  -0.13     0.68
  MONTH TO DATE    3.53          1.89   1.64     4.02
  SINCE MAR 1      5.03          4.56   0.47     5.27
  SINCE JAN 1      8.37          8.18   0.19    11.22

DEGREE DAYS
 HEATING
  YESTERDAY       15            13      2        7
  MONTH TO DATE  292           266     26      256
  SINCE MAR 1   1280          1017    263     1224
  SINCE JUL 1   6242          5351    891     5559

 COOLING
  YESTERDAY        0             0      0        0
  MONTH TO DATE    1             0      1        1
  SINCE MAR 1      1             1      0        1
  SINCE JAN 1      1             1      0        1
......................................................


WIND (MPH)
  HIGHEST WIND SPEED    18   HIGHEST WIND DIRECTION    SW (240)
  HIGHEST GUST SPEED    24   HIGHEST GUST DIRECTION     S (200)
  AVERAGE WIND SPEED     7.7


SKY COVER
  AVERAGE SKY COVER 0.0


WEATHER CONDITIONS
 THE FOLLOWING WEATHER WAS RECORDED YESTERDAY.
  NO SIGNIFICANT WEATHER WAS OBSERVED.


RELATIVE HUMIDITY (PERCENT)
 HIGHEST    69           100 AM
 LOWEST     31           200 PM
 AVERAGE    50

..........................................................


THE LAFAYETTE IN CLIMATE NORMALS FOR TODAY
                         NORMAL
 MAXIMUM TEMPERATURE (F)   64
 MINIMUM TEMPERATURE (F)   42


SUNRISE AND SUNSET
APRIL 18 2014.........SUNRISE   705 AM EDT   SUNSET   830 PM EDT
APRIL 19 2014.........SUNRISE   703 AM EDT   SUNSET   831 PM EDT


-  INDICATES NEGATIVE NUMBERS.
R  INDICATES RECORD WAS SET OR TIED.
MM INDICATES DATA IS MISSING.
T  INDICATES TRACE AMOUNT.




$$
