000
CDUS43 KIND 220536
CLILAF


CLIMATE REPORT
NATIONAL WEATHER SERVICE INDIANAPOLIS IN
136 AM EDT MON MAY 22 2017


...................................

...THE LAFAYETTE IN CLIMATE SUMMARY FOR MAY 21 2017...

CLIMATE NORMAL PERIOD 1981 TO 2010
CLIMATE RECORD PERIOD 9999 TO 9999


WEATHER ITEM   OBSERVED TIME   NORMAL DEPARTURE LAST
                VALUE   (LST)  VALUE  FROM      YEAR
                                      NORMAL
......................................................
TEMPERATURE (F)
 YESTERDAY
  MAXIMUM         69   1223 AM  75     -6       75
  MINIMUM         49   1103 PM  52     -3       49
  AVERAGE         59            64     -5       62

PRECIPITATION (IN)
  YESTERDAY        T             0.14  -0.14     0.08
  MONTH TO DATE    6.61          2.79   3.82     1.76
  SINCE MAR 1     14.88          9.00   5.88     9.19
  SINCE JAN 1     19.78         12.62   7.16    11.92

DEGREE DAYS
 HEATING
  YESTERDAY        6             4      2        3
  MONTH TO DATE  180           130     50      202
  SINCE MAR 1   1185          1286   -101     1205
  SINCE JUL 1   4873          5620   -747     5013

 COOLING
  YESTERDAY        0             3     -3        0
  MONTH TO DATE   36            32      4        4
  SINCE MAR 1     50            45      5        6
  SINCE JAN 1     50            45      5        6
......................................................


WIND (MPH)
  HIGHEST WIND SPEED    23   HIGHEST WIND DIRECTION     W (290)
  HIGHEST GUST SPEED    28   HIGHEST GUST DIRECTION     W (280)
  AVERAGE WIND SPEED    11.0


SKY COVER
  AVERAGE SKY COVER 0.7


WEATHER CONDITIONS
 THE FOLLOWING WEATHER WAS RECORDED YESTERDAY.
  LIGHT RAIN
  FOG


RELATIVE HUMIDITY (PERCENT)
 HIGHEST   100          1200 AM
 LOWEST     58           200 PM
 AVERAGE    79

..........................................................


THE LAFAYETTE IN CLIMATE NORMALS FOR TODAY
                         NORMAL
 MAXIMUM TEMPERATURE (F)   75
 MINIMUM TEMPERATURE (F)   53


SUNRISE AND SUNSET
MAY 22 2017...........SUNRISE   625 AM EDT   SUNSET   904 PM EDT
MAY 23 2017...........SUNRISE   625 AM EDT   SUNSET   905 PM EDT


-  INDICATES NEGATIVE NUMBERS.
R  INDICATES RECORD WAS SET OR TIED.
MM INDICATES DATA IS MISSING.
T  INDICATES TRACE AMOUNT.




$$
