000
CDUS43 KIND 230636
CLILAF


CLIMATE REPORT
NATIONAL WEATHER SERVICE INDIANAPOLIS IN
135 AM EST FRI FEB 23 2018


...................................

...THE LAFAYETTE IN CLIMATE SUMMARY FOR FEBRUARY 22 2018...

CLIMATE NORMAL PERIOD 1981 TO 2010
CLIMATE RECORD PERIOD 9999 TO 9999


WEATHER ITEM   OBSERVED TIME   NORMAL DEPARTURE LAST
                VALUE   (LST)  VALUE  FROM      YEAR
                                      NORMAL
......................................................
TEMPERATURE (F)
 YESTERDAY
  MAXIMUM         45    805 PM  41      4       66
  MINIMUM         33   1215 AM  24      9       46
  AVERAGE         39            32      7       56

PRECIPITATION (IN)
  YESTERDAY        0.07          0.07   0.00     0.00
  MONTH TO DATE    4.62          1.31   3.31     0.71
  SINCE DEC 1      6.54          5.68   0.86     6.27
  SINCE JAN 1      5.83          3.17   2.66     4.71

DEGREE DAYS
 HEATING
  YESTERDAY       26            32     -6        9
  MONTH TO DATE  783           777      6      571
  SINCE DEC 1   3263          3044    219     2722
  SINCE JUL 1   4308          4145    163     3568

 COOLING
  YESTERDAY        0             0      0        0
  MONTH TO DATE    0             0      0        0
  SINCE DEC 1      0             0      0        0
  SINCE JAN 1      0             0      0        0
......................................................


WIND (MPH)
  HIGHEST WIND SPEED    24   HIGHEST WIND DIRECTION     E (80)
  HIGHEST GUST SPEED    30   HIGHEST GUST DIRECTION     E (80)
  AVERAGE WIND SPEED    13.8


SKY COVER
  AVERAGE SKY COVER 1.0


WEATHER CONDITIONS
 THE FOLLOWING WEATHER WAS RECORDED YESTERDAY.
  LIGHT RAIN
  FOG


RELATIVE HUMIDITY (PERCENT)
 HIGHEST   100           500 AM
 LOWEST     82           100 PM
 AVERAGE    91

..........................................................


THE LAFAYETTE IN CLIMATE NORMALS FOR TODAY
                         NORMAL
 MAXIMUM TEMPERATURE (F)   41
 MINIMUM TEMPERATURE (F)   25


SUNRISE AND SUNSET
FEBRUARY 23 2018......SUNRISE   730 AM EST   SUNSET   632 PM EST
FEBRUARY 24 2018......SUNRISE   729 AM EST   SUNSET   634 PM EST


-  INDICATES NEGATIVE NUMBERS.
R  INDICATES RECORD WAS SET OR TIED.
MM INDICATES DATA IS MISSING.
T  INDICATES TRACE AMOUNT.




$$
