309
CDUS43 KGRR 010524
CLILAN


CLIMATE REPORT
NATIONAL WEATHER SERVICE GRAND RAPIDS, MI
124 AM EDT SAT OCT 1 2016


...................................

...THE LANSING MI CLIMATE SUMMARY FOR SEPTEMBER 30 2016...

CLIMATE NORMAL PERIOD 1981 TO 2010
CLIMATE RECORD PERIOD 1864 TO 2016


WEATHER ITEM   OBSERVED TIME   RECORD YEAR NORMAL DEPARTURE LAST
                VALUE   (LST)  VALUE       VALUE  FROM      YEAR
                                                  NORMAL
..................................................................
TEMPERATURE (F)
 YESTERDAY
  MAXIMUM         61    217 PM  89    1897  67     -6       62
  MINIMUM         58    531 PM  21    1899  46     12       44
  AVERAGE         60                        56      4       53

PRECIPITATION (IN)
  YESTERDAY        0.45          3.43 1981   0.11   0.34     0.00
  MONTH TO DATE    3.35                      3.50  -0.15     1.34
  SINCE SEP 1      3.35                      3.50  -0.15     1.34
  SINCE JAN 1     26.83                     24.59   2.24    27.67

SNOWFALL (IN)
  YESTERDAY        0.0           0.0    MM   0.0    0.0      0.0
  MONTH TO DATE    0.0                       0.0    0.0      0.0
  SINCE SEP 1      0.0                       0.0    0.0      0.0
  SINCE JUL 1      0.0                       0.0    0.0      0.0
  SNOW DEPTH       0

DEGREE DAYS
 HEATING
  YESTERDAY        5                        10     -5       12
  MONTH TO DATE   50                       153   -103       69
  SINCE SEP 1     50                       153   -103       69
  SINCE JUL 1     53                       188   -135      100

 COOLING
  YESTERDAY        0                         1     -1        0
  MONTH TO DATE   89                        61     28      122
  SINCE SEP 1     89                        61     28      122
  SINCE JAN 1    855                       618    237      615
..................................................................


WIND (MPH)
  RESULTANT WIND SPEED  10   RESULTANT WIND DIRECTION  NE (50)
  HIGHEST WIND SPEED    17   HIGHEST WIND DIRECTION     N (20)
  HIGHEST GUST SPEED    22   HIGHEST GUST DIRECTION    NE (40)
  AVERAGE WIND SPEED    10.3


SKY COVER
  AVERAGE SKY COVER 1.0


WEATHER CONDITIONS
 THE FOLLOWING WEATHER WAS RECORDED YESTERDAY.
  THUNDERSTORM
  HEAVY RAIN
  RAIN
  LIGHT RAIN
  FOG


RELATIVE HUMIDITY (PERCENT)
 HIGHEST    93           100 AM
 LOWEST     84           400 PM
 AVERAGE    89

..........................................................


THE LANSING MI CLIMATE NORMALS FOR TODAY
                         NORMAL    RECORD    YEAR
 MAXIMUM TEMPERATURE (F)   66        89      1897
 MINIMUM TEMPERATURE (F)   45        27      1960


SUNRISE AND SUNSET
OCTOBER  1 2016.......SUNRISE   736 AM EDT   SUNSET   719 PM EDT
OCTOBER  2 2016.......SUNRISE   737 AM EDT   SUNSET   717 PM EDT


-  INDICATES NEGATIVE NUMBERS.
R  INDICATES RECORD WAS SET OR TIED.
MM INDICATES DATA IS MISSING.
T  INDICATES TRACE AMOUNT.




$$
