830
CDUS43 KGRR 030517
CLILAN


CLIMATE REPORT
NATIONAL WEATHER SERVICE GRAND RAPIDS, MI
117 AM EDT TUE MAY 3 2016


...................................

...THE LANSING MI CLIMATE SUMMARY FOR MAY 2 2016...

CLIMATE NORMAL PERIOD 1981 TO 2010
CLIMATE RECORD PERIOD 1864 TO 2016


WEATHER ITEM   OBSERVED TIME   RECORD YEAR NORMAL DEPARTURE LAST
                VALUE   (LST)  VALUE       VALUE  FROM      YEAR
                                                  NORMAL
..................................................................
TEMPERATURE (F)
 YESTERDAY
  MAXIMUM         55    523 PM  86    1959  64     -9       75
  MINIMUM         42    740 AM  20    1867  42      0       42
  AVERAGE         49                        53     -4       59

PRECIPITATION (IN)
  YESTERDAY        0.37          1.25 1910   0.10   0.27     0.00
  MONTH TO DATE    0.43                      0.20   0.23     0.00
  SINCE MAR 1      7.19                      5.29   1.90     2.03
  SINCE JAN 1     10.35                      8.41   1.94     4.28

SNOWFALL (IN)
  YESTERDAY        0.0           2.4  1929   0.0    0.0      0.0
  MONTH TO DATE    0.0                       0.0    0.0      0.0
  SINCE MAR 1     16.4                       8.9    7.5      1.9
  SINCE JUL 1     50.0                      51.1   -1.1     35.6
  SNOW DEPTH       0

DEGREE DAYS
 HEATING
  YESTERDAY       16                        12      4        6
  MONTH TO DATE   34                        24     10       15
  SINCE MAR 1   1399                      1487    -88     1527
  SINCE JUL 1   5559                      6422   -863     7021

 COOLING
  YESTERDAY        0                         0      0        0
  MONTH TO DATE    0                         0      0        0
  SINCE MAR 1      1                         7     -6        0
  SINCE JAN 1      1                         7     -6        0
..................................................................


WIND (MPH)
  RESULTANT WIND SPEED   5   RESULTANT WIND DIRECTION  NE (40)
  HIGHEST WIND SPEED    16   HIGHEST WIND DIRECTION     N (20)
  HIGHEST GUST SPEED    21   HIGHEST GUST DIRECTION    NE (30)
  AVERAGE WIND SPEED     6.1


SKY COVER
  AVERAGE SKY COVER 1.0


WEATHER CONDITIONS
 THE FOLLOWING WEATHER WAS RECORDED YESTERDAY.
  RAIN
  LIGHT RAIN
  FOG


RELATIVE HUMIDITY (PERCENT)
 HIGHEST    96           100 AM
 LOWEST     59           500 PM
 AVERAGE    78

..........................................................


THE LANSING MI CLIMATE NORMALS FOR TODAY
                         NORMAL    RECORD    YEAR
 MAXIMUM TEMPERATURE (F)   65        88      1959
 MINIMUM TEMPERATURE (F)   43        27      2004
                                             1911
                                             1873


SUNRISE AND SUNSET
MAY  3 2016...........SUNRISE   629 AM EDT   SUNSET   842 PM EDT
MAY  4 2016...........SUNRISE   628 AM EDT   SUNSET   843 PM EDT


-  INDICATES NEGATIVE NUMBERS.
R  INDICATES RECORD WAS SET OR TIED.
MM INDICATES DATA IS MISSING.
T  INDICATES TRACE AMOUNT.




$$
