000
CDUS43 KGRR 302128
CLILAN


CLIMATE REPORT
NATIONAL WEATHER SERVICE GRAND RAPIDS, MI
528 PM EDT SAT MAY 30 2015


...................................

...THE LANSING MI CLIMATE SUMMARY FOR MAY 30 2015...
VALID TODAY AS OF 0500 PM LOCAL TIME.

CLIMATE NORMAL PERIOD 1981 TO 2010
CLIMATE RECORD PERIOD 1864 TO 2015


WEATHER ITEM   OBSERVED TIME   RECORD YEAR NORMAL DEPARTURE LAST
                VALUE   (LST)  VALUE       VALUE  FROM      YEAR
                                                  NORMAL
..................................................................
TEMPERATURE (F)
 TODAY
  MAXIMUM         74    135 PM  95    1895  73      1       83
  MINIMUM         63    359 PM  31    1996  52     11       52
                                      1965
                                      1873
  AVERAGE         69                        62      7       68

PRECIPITATION (IN)
  TODAY            0.10          1.91 1943   0.12  -0.02     0.00
  MONTH TO DATE    2.95                      3.25  -0.30     4.24
  SINCE MAR 1      4.98                      8.34  -3.36     7.29
  SINCE JAN 1      7.23                     11.46  -4.23    11.21

SNOWFALL (IN)
  TODAY            0.0           0.0    MM   0.0    0.0      0.0
  MONTH TO DATE    0.0                       0.0    0.0      0.0
  SINCE MAR 1      1.9                       8.9   -7.0     11.1
  SINCE JUL 1     35.6                      51.1  -15.5     69.1
  SNOW DEPTH       0

DEGREE DAYS
 HEATING
  TODAY            0                         5     -5        0
  MONTH TO DATE  150                       254   -104      234
  SINCE MAR 1   1662                      1717    -55     1978
  SINCE JUL 1   7156                      6652    504     7519

 COOLING
  TODAY            4                         2      2        3
  MONTH TO DATE   63                        32     31       33
  SINCE MAR 1     63                        39     24       33
  SINCE JAN 1     63                        39     24       33
..................................................................


WIND (MPH)
  RESULTANT WIND SPEED   8   RESULTANT WIND DIRECTION  SW (240)
  HIGHEST WIND SPEED    17   HIGHEST WIND DIRECTION    SW (210)
  HIGHEST GUST SPEED    23   HIGHEST GUST DIRECTION    SW (220)
  AVERAGE WIND SPEED    10.0


SKY COVER
  AVERAGE SKY COVER 0.7


WEATHER CONDITIONS
 THE FOLLOWING WEATHER WAS RECORDED TODAY.
  RAIN
  LIGHT RAIN
  FOG


RELATIVE HUMIDITY (PERCENT)
 HIGHEST    90           200 AM
 LOWEST     79          1200 PM
 AVERAGE    85

..........................................................


THE LANSING MI CLIMATE NORMALS FOR TOMORROW
                         NORMAL    RECORD    YEAR
 MAXIMUM TEMPERATURE (F)   74        95      1895
 MINIMUM TEMPERATURE (F)   52        32      1966


SUNRISE AND SUNSET
MAY 30 2015...........SUNRISE   604 AM EDT   SUNSET   908 PM EDT
MAY 31 2015...........SUNRISE   603 AM EDT   SUNSET   909 PM EDT


-  INDICATES NEGATIVE NUMBERS.
R  INDICATES RECORD WAS SET OR TIED.
MM INDICATES DATA IS MISSING.
T  INDICATES TRACE AMOUNT.




$$
