000
CDUS43 KGRR 230516
CLILAN


CLIMATE REPORT
NATIONAL WEATHER SERVICE GRAND RAPIDS, MI
116 AM EDT WED AUG 23 2017


...................................

...THE LANSING MI CLIMATE SUMMARY FOR AUGUST 22 2017...

CLIMATE NORMAL PERIOD 1981 TO 2010
CLIMATE RECORD PERIOD 1864 TO 2017


WEATHER ITEM   OBSERVED TIME   RECORD YEAR NORMAL DEPARTURE LAST
                VALUE   (LST)  VALUE       VALUE  FROM      YEAR
                                                  NORMAL
..................................................................
TEMPERATURE (F)
 YESTERDAY
  MAXIMUM         78    335 PM  94    1936  80     -2       78
  MINIMUM         59   1044 PM  35    1875  59      0       53
  AVERAGE         69                        69      0       66

PRECIPITATION (IN)
  YESTERDAY        0.07          1.85 1987   0.09  -0.02     0.00
  MONTH TO DATE    1.66                      2.31  -0.65     5.93
  SINCE JUN 1      8.11                      8.60  -0.49     9.87
  SINCE JAN 1     25.17                     20.17   5.00    22.78

SNOWFALL (IN)
  YESTERDAY        0.0           0.0    MM   0.0    0.0      0.0
  MONTH TO DATE    0.0                       0.0    0.0      0.0
  SINCE JUN 1      0.0                       0.0    0.0      0.0
  SINCE JUL 1      0.0                       0.0    0.0      0.0
  SNOW DEPTH       0

DEGREE DAYS
 HEATING
  YESTERDAY        0                         1     -1        0
  MONTH TO DATE    2                        18    -16        0
  SINCE JUN 1     15                        84    -69       37
  SINCE JUL 1      2                        29    -27        3

 COOLING
  YESTERDAY        4                         5     -1        1
  MONTH TO DATE  125                       127     -2      216
  SINCE JUN 1    592                       472    120      638
  SINCE JAN 1    627                       513    114      700
..................................................................


WIND (MPH)
  RESULTANT WIND SPEED  11   RESULTANT WIND DIRECTION   W (250)
  HIGHEST WIND SPEED    24   HIGHEST WIND DIRECTION     W (260)
  HIGHEST GUST SPEED    34   HIGHEST GUST DIRECTION    SW (220)
  AVERAGE WIND SPEED    13.6


SKY COVER
  AVERAGE SKY COVER 0.4


WEATHER CONDITIONS
 THE FOLLOWING WEATHER WAS RECORDED YESTERDAY.
  LIGHT RAIN
  FOG


RELATIVE HUMIDITY (PERCENT)
 HIGHEST    90           100 AM
 LOWEST     46           600 PM
 AVERAGE    68

..........................................................


THE LANSING MI CLIMATE NORMALS FOR TODAY
                         NORMAL    RECORD    YEAR
 MAXIMUM TEMPERATURE (F)   79        96      1876
 MINIMUM TEMPERATURE (F)   59        35      1865


SUNRISE AND SUNSET
AUGUST 23 2017........SUNRISE   654 AM EDT   SUNSET   827 PM EDT
AUGUST 24 2017........SUNRISE   655 AM EDT   SUNSET   826 PM EDT


-  INDICATES NEGATIVE NUMBERS.
R  INDICATES RECORD WAS SET OR TIED.
MM INDICATES DATA IS MISSING.
T  INDICATES TRACE AMOUNT.




$$
