000
CDUS43 KGRR 200528
CLILAN


CLIMATE REPORT
NATIONAL WEATHER SERVICE GRAND RAPIDS, MI
126 AM EDT SUN APR 20 2014


...................................

...THE LANSING MI CLIMATE SUMMARY FOR APRIL 19 2014...

CLIMATE NORMAL PERIOD 1981 TO 2010
CLIMATE RECORD PERIOD 1864 TO 2014


WEATHER ITEM   OBSERVED TIME   RECORD YEAR NORMAL DEPARTURE LAST
                VALUE   (LST)  VALUE       VALUE  FROM      YEAR
                                                  NORMAL
..................................................................
TEMPERATURE (F)
 YESTERDAY
  MAXIMUM         60    439 PM  81    2005  59      1       59
                                      1985
                                      1958
  MINIMUM         30    614 AM  14    1897  38     -8       32
  AVERAGE         45                        49     -4       46

PRECIPITATION (IN)
  YESTERDAY        0.00          2.46 1877   0.11  -0.11     0.57
  MONTH TO DATE    0.82                      1.95  -1.13     6.76
  SINCE MAR 1      2.51                      4.01  -1.50     7.72
  SINCE JAN 1      6.43                      7.13  -0.70    12.94

SNOWFALL (IN)
  YESTERDAY        0.0           1.8  1943   0.0    0.0      0.5
  MONTH TO DATE    0.7                       1.6   -0.9      0.5
  SINCE MAR 1     11.1                       8.6    2.5      5.7
  SINCE JUL 1     69.1                      50.8   18.3     30.2
  SNOW DEPTH       0

DEGREE DAYS
 HEATING
  YESTERDAY       20                        16      4       19
  MONTH TO DATE  383                       376      7      439
  SINCE MAR 1   1593                      1305    288     1487
  SINCE JUL 1   7134                      6240    894     6165

 COOLING
  YESTERDAY        0                         0      0        0
  MONTH TO DATE    0                         0      0        0
  SINCE MAR 1      0                         1     -1        0
  SINCE JAN 1      0                         1     -1        0
..................................................................


WIND (MPH)
  RESULTANT WIND SPEED   6   RESULTANT WIND DIRECTION   E (100)
  HIGHEST WIND SPEED    15   HIGHEST WIND DIRECTION     S (160)
  HIGHEST GUST SPEED    21   HIGHEST GUST DIRECTION     S (160)
  AVERAGE WIND SPEED     7.9


SKY COVER
  AVERAGE SKY COVER 0.0


WEATHER CONDITIONS
 THE FOLLOWING WEATHER WAS RECORDED YESTERDAY.
  NO SIGNIFICANT WEATHER WAS OBSERVED.


RELATIVE HUMIDITY (PERCENT)
 HIGHEST    92           500 AM
 LOWEST     22           400 PM
 AVERAGE    57

..........................................................


THE LANSING MI CLIMATE NORMALS FOR TODAY
                         NORMAL    RECORD    YEAR
 MAXIMUM TEMPERATURE (F)   60        82      1987
 MINIMUM TEMPERATURE (F)   39        18      1904
                                             1875


SUNRISE AND SUNSET
APRIL 20 2014.........SUNRISE   649 AM EDT   SUNSET   826 PM EDT
APRIL 21 2014.........SUNRISE   647 AM EDT   SUNSET   828 PM EDT


-  INDICATES NEGATIVE NUMBERS.
R  INDICATES RECORD WAS SET OR TIED.
MM INDICATES DATA IS MISSING.
T  INDICATES TRACE AMOUNT.




$$
