000
CDUS45 KCYS 010738
CLILAR


CLIMATE REPORT
NATIONAL WEATHER SERVICE CHEYENNE WY
137 AM MDT SUN MAY 1 2016


...................................

...THE LARAMIE WY AIRPORT CLIMATE SUMMARY FOR APRIL 30 2016...

CLIMATE NORMAL PERIOD 1981 TO 2010
CLIMATE RECORD PERIOD 1948 TO 2016


WEATHER ITEM   OBSERVED TIME   RECORD YEAR NORMAL DEPARTURE LAST
                VALUE   (LST)  VALUE       VALUE  FROM      YEAR
                                                  NORMAL
..................................................................
TEMPERATURE (F)
 YESTERDAY
  MAXIMUM         32    314 PM  76    1992  56    -24       69
  MINIMUM         24    635 AM   6    1950  29     -5       37
  AVERAGE         28                        42    -14       53

PRECIPITATION (IN)
  YESTERDAY        0.04          0.57 1951   0.05  -0.01     0.03
  MONTH TO DATE    1.64                      1.07   0.57     1.73
  SINCE JAN 1      4.01                      2.26   1.75     2.69

DEGREE DAYS
 HEATING
  YESTERDAY       37                        23     14       12
  MONTH TO DATE  815                       815      0      793
  SINCE MAR 1   1883                      1873     10     1662
  SINCE JUL 1   7665                      8049   -384     7339

 COOLING
  YESTERDAY        0                         0      0        0
  MONTH TO DATE    0                         0      0        0
  SINCE MAR 1      0                         0      0        0
  SINCE JAN 1      0                         0      0        0
..................................................................


WIND (MPH)
  HIGHEST WIND SPEED    18   HIGHEST WIND DIRECTION     N (360)
  HIGHEST GUST SPEED    22   HIGHEST GUST DIRECTION     N (360)
  AVERAGE WIND SPEED    11.3


SKY COVER
  AVERAGE SKY COVER 1.0


WEATHER CONDITIONS
 THE FOLLOWING WEATHER WAS RECORDED YESTERDAY.
  LIGHT SNOW
  FOG
  HAZE


RELATIVE HUMIDITY (PERCENT)
 HIGHEST   100          1200 AM
 LOWEST     85          1100 AM
 AVERAGE    93

..........................................................


THE LARAMIE WY AIRPORT CLIMATE NORMALS FOR TODAY
                         NORMAL    RECORD    YEAR
 MAXIMUM TEMPERATURE (F)   56        75      1959
 MINIMUM TEMPERATURE (F)   29        11      2013


SUNRISE AND SUNSET
MAY  1 2016...........SUNRISE   559 AM MDT   SUNSET   801 PM MDT
MAY  2 2016...........SUNRISE   558 AM MDT   SUNSET   802 PM MDT


-  INDICATES NEGATIVE NUMBERS.
R  INDICATES RECORD WAS SET OR TIED.
MM INDICATES DATA IS MISSING.
T  INDICATES TRACE AMOUNT.




$$
