000
CDUS45 KCYS 230727
CLILAR


CLIMATE REPORT
NATIONAL WEATHER SERVICE CHEYENNE WY
127 AM MDT TUE SEP 23 2014


...................................

...THE LARAMIE WY AIRPORT CLIMATE SUMMARY FOR SEPTEMBER 22 2014...

CLIMATE NORMAL PERIOD 1981 TO 2010
CLIMATE RECORD PERIOD 1948 TO 2014


WEATHER ITEM   OBSERVED TIME   RECORD YEAR NORMAL DEPARTURE LAST
                VALUE   (LST)  VALUE       VALUE  FROM      YEAR
                                                  NORMAL
..................................................................
TEMPERATURE (F)
 YESTERDAY
  MAXIMUM         68    949 AM  81    1958  66      2       66
                                      1954
  MINIMUM         47    445 AM  15    1994  36     11       41
  AVERAGE         58                        51      7       54

PRECIPITATION (IN)
  YESTERDAY        0.07          0.89 2000   0.04   0.03     0.22
  MONTH TO DATE    0.71                      0.83  -0.12     2.96
  SINCE JAN 1     11.50                      8.98   2.52     9.29

DEGREE DAYS
 HEATING
  YESTERDAY        7                        14     -7       11
  MONTH TO DATE  200                       223    -23      131
  SINCE SEP 1    200                       223    -23      131
  SINCE JUL 1    379                       395    -16      202

 COOLING
  YESTERDAY        0                         0      0        0
  MONTH TO DATE    0                         0      0       24
  SINCE SEP 1      0                         0      0       24
  SINCE JAN 1     67                        66      1      162
..................................................................


WIND (MPH)
  HIGHEST WIND SPEED    43   HIGHEST WIND DIRECTION    SW (240)
  HIGHEST GUST SPEED    50   HIGHEST GUST DIRECTION    SW (240)
  AVERAGE WIND SPEED    13.3


SKY COVER
  AVERAGE SKY COVER 0.5


WEATHER CONDITIONS
 THE FOLLOWING WEATHER WAS RECORDED YESTERDAY.
  THUNDERSTORM
  HEAVY RAIN
  RAIN
  LIGHT RAIN
  FOG


RELATIVE HUMIDITY (PERCENT)
 HIGHEST    86           500 AM
 LOWEST     42          1000 AM
 AVERAGE    64

..........................................................


THE LARAMIE WY AIRPORT CLIMATE NORMALS FOR TODAY
                         NORMAL    RECORD    YEAR
 MAXIMUM TEMPERATURE (F)   65        81      1966
 MINIMUM TEMPERATURE (F)   35        21      1971


SUNRISE AND SUNSET
SEPTEMBER 23 2014.....SUNRISE   651 AM MDT   SUNSET   658 PM MDT
SEPTEMBER 24 2014.....SUNRISE   652 AM MDT   SUNSET   656 PM MDT


-  INDICATES NEGATIVE NUMBERS.
R  INDICATES RECORD WAS SET OR TIED.
MM INDICATES DATA IS MISSING.
T  INDICATES TRACE AMOUNT.




$$
