000
CDUS45 KCYS 080727
CLILAR


CLIMATE REPORT
NATIONAL WEATHER SERVICE CHEYENNE WY
127 AM MDT WED JUL 8 2015


...................................

...THE LARAMIE WY AIRPORT CLIMATE SUMMARY FOR JULY 7 2015...

CLIMATE NORMAL PERIOD 1981 TO 2010
CLIMATE RECORD PERIOD 1948 TO 2015


WEATHER ITEM   OBSERVED TIME   RECORD YEAR NORMAL DEPARTURE LAST
                VALUE   (LST)  VALUE       VALUE  FROM      YEAR
                                                  NORMAL
..................................................................
TEMPERATURE (F)
 YESTERDAY
  MAXIMUM         66   1141 AM  92    1966  80    -14       89
  MINIMUM         51    507 AM  32    1993  47      4       51
                                      1952
  AVERAGE         59                        63     -4       70

PRECIPITATION (IN)
  YESTERDAY        0.26          0.30 2011   0.04   0.22     0.29
  MONTH TO DATE    1.46                      0.27   1.19     0.29
  SINCE JAN 1      7.63                      5.76   1.87     6.13

DEGREE DAYS
 HEATING
  YESTERDAY        6                         3      3        0
  MONTH TO DATE   14                        23     -9       20
  SINCE JUN 1    134                       264   -130      262
  SINCE JUL 1     14                        23     -9       20

 COOLING
  YESTERDAY        0                         1     -1        5
  MONTH TO DATE   11                         7      4       12
  SINCE JUN 1     25                        14     11       15
  SINCE JAN 1     25                        14     11       15
..................................................................


WIND (MPH)
  HIGHEST WIND SPEED    22   HIGHEST WIND DIRECTION    SE (150)
  HIGHEST GUST SPEED    26   HIGHEST GUST DIRECTION    SE (150)
  AVERAGE WIND SPEED    11.1


SKY COVER
  AVERAGE SKY COVER 1.0


WEATHER CONDITIONS
 THE FOLLOWING WEATHER WAS RECORDED YESTERDAY.
  THUNDERSTORM
  RAIN
  LIGHT RAIN
  FOG
  HAZE


RELATIVE HUMIDITY (PERCENT)
 HIGHEST   100           300 AM
 LOWEST     60          1100 AM
 AVERAGE    80

..........................................................


THE LARAMIE WY AIRPORT CLIMATE NORMALS FOR TODAY
                         NORMAL    RECORD    YEAR
 MAXIMUM TEMPERATURE (F)   80        91      1989
 MINIMUM TEMPERATURE (F)   47        37      1994
                                             1952


SUNRISE AND SUNSET
JULY  8 2015..........SUNRISE   537 AM MDT   SUNSET   838 PM MDT
JULY  9 2015..........SUNRISE   538 AM MDT   SUNSET   838 PM MDT


-  INDICATES NEGATIVE NUMBERS.
R  INDICATES RECORD WAS SET OR TIED.
MM INDICATES DATA IS MISSING.
T  INDICATES TRACE AMOUNT.




$$
