000
CDUS45 KVEF 300831
CLILAS


CLIMATE REPORT
NATIONAL WEATHER SERVICE LAS VEGAS, NV
125 AM PDT MON MAR 30 2015


...................................

...THE LAS VEGAS NV CLIMATE SUMMARY FOR MARCH 29 2015...

CLIMATE NORMAL PERIOD 1981 TO 2010
CLIMATE RECORD PERIOD 1937 TO 2015


WEATHER ITEM   OBSERVED TIME   RECORD YEAR NORMAL DEPARTURE LAST
                VALUE   (LST)  VALUE       VALUE  FROM      YEAR
                                                  NORMAL
..................................................................
TEMPERATURE (F)
 YESTERDAY
  MAXIMUM         89R   417 PM  86    1966  74     15       81
  MINIMUM         62    603 AM  33    1975  52     10       56
                                      1944
  AVERAGE         76                        62     14       69

PRECIPITATION (IN)
  YESTERDAY        0.00          0.11 1938   0.01  -0.01     0.00
  MONTH TO DATE    0.28                      0.42  -0.14     0.00
  SINCE OCT 1      1.99                      2.85  -0.86     1.72
  SINCE JAN 1      1.69                      1.72  -0.03     0.30

SNOWFALL (IN)
  YESTERDAY        0.0           0.0  2014   0.0    0.0      0.0
  MONTH TO DATE    0.0                       0.0    0.0      0.0
  SINCE MAR 1      0.0                       0.0    0.0      0.0
  SINCE JUL 1      T                         0.3   -0.3      0.0
  SNOW DEPTH       0

DEGREE DAYS
 HEATING
  YESTERDAY        0                         4     -4        0
  MONTH TO DATE   76                       181   -105       81
  SINCE MAR 1     76                       181   -105       81
  SINCE JUL 1   1183                      1872   -689     1467

 COOLING
  YESTERDAY       11                         2      9        4
  MONTH TO DATE  114                        24     90       31
  SINCE MAR 1    114                        24     90       31
  SINCE JAN 1    124                        25     99       34
..................................................................


WIND (MPH)
  RESULTANT WIND SPEED   5   RESULTANT WIND DIRECTION   S (190)
  HIGHEST WIND SPEED    14   HIGHEST WIND DIRECTION     S (200)
  HIGHEST GUST SPEED    14   HIGHEST GUST DIRECTION     S (200)
  AVERAGE WIND SPEED     6.5


SKY COVER
  POSSIBLE SUNSHINE  MM
  AVERAGE SKY COVER 0.3


WEATHER CONDITIONS
 THE FOLLOWING WEATHER WAS RECORDED YESTERDAY.
  NO SIGNIFICANT WEATHER WAS OBSERVED.


RELATIVE HUMIDITY (PERCENT)
 HIGHEST    20           500 AM
 LOWEST      7           200 PM
 AVERAGE    14

..........................................................


THE LAS VEGAS NV CLIMATE NORMALS FOR TODAY
                         NORMAL    RECORD    YEAR
 MAXIMUM TEMPERATURE (F)   74        88      2004
                                             1971
 MINIMUM TEMPERATURE (F)   52        33      1987
                                             1938


SUNRISE AND SUNSET
MARCH 30 2015.........SUNRISE   630 AM PDT   SUNSET   701 PM PDT
MARCH 31 2015.........SUNRISE   629 AM PDT   SUNSET   702 PM PDT


-  INDICATES NEGATIVE NUMBERS.
R  INDICATES RECORD WAS SET OR TIED.
MM INDICATES DATA IS MISSING.
T  INDICATES TRACE AMOUNT.




$$
