000
CDUS45 KVEF 290033
CLILAS


CLIMATE REPORT
NATIONAL WEATHER SERVICE LAS VEGAS, NV
427 PM PST FRI NOV 28 2014


...................................

...THE LAS VEGAS NV CLIMATE SUMMARY FOR NOVEMBER 28 2014...
VALID TODAY AS OF 0400 PM LOCAL TIME.

CLIMATE NORMAL PERIOD 1981 TO 2010
CLIMATE RECORD PERIOD 1937 TO 2014


WEATHER ITEM   OBSERVED TIME   RECORD YEAR NORMAL DEPARTURE LAST
                VALUE   (LST)  VALUE       VALUE  FROM      YEAR
                                                  NORMAL
..................................................................
TEMPERATURE (F)
 TODAY
  MAXIMUM         66    344 PM  73    1977  60      6       62
  MINIMUM         43    645 AM  19    1938  42      1       45
  AVERAGE         55                        51      4       54

PRECIPITATION (IN)
  TODAY            0.00          0.28 1981   0.01  -0.01     0.00
  MONTH TO DATE    T                         0.33  -0.33     1.37
  SINCE OCT 1      T                         0.60  -0.60     1.37
  SINCE JAN 1      1.51                      3.66  -2.15     2.91

SNOWFALL (IN)
  TODAY            0.0           T    1975   0.0    0.0      0.0
  MONTH TO DATE    0.0                       0.0    0.0      0.0
  SINCE SEP 1      0.0                       0.0    0.0      0.0
  SINCE JUL 1      0.0                       0.0    0.0      0.0
  SNOW DEPTH       0

DEGREE DAYS
 HEATING
  TODAY           10                        14     -4       11
  MONTH TO DATE  169                       241    -72      192
  SINCE SEP 1    169                       280   -111      239
  SINCE JUL 1    169                       280   -111      239

 COOLING
  TODAY            0                         0      0        0
  MONTH TO DATE   16                        10      6        5
  SINCE SEP 1    945                       717    228      594
  SINCE JAN 1   3970                      3566    404     3766
..................................................................


WIND (MPH)
  RESULTANT WIND SPEED   5   RESULTANT WIND DIRECTION   S (200)
  HIGHEST WIND SPEED    12   HIGHEST WIND DIRECTION     S (200)
  HIGHEST GUST SPEED    12   HIGHEST GUST DIRECTION     S (200)
  AVERAGE WIND SPEED     5.5


SKY COVER
  POSSIBLE SUNSHINE  MM
  AVERAGE SKY COVER 0.2


WEATHER CONDITIONS
 THE FOLLOWING WEATHER WAS RECORDED TODAY.
  NO SIGNIFICANT WEATHER WAS OBSERVED.


RELATIVE HUMIDITY (PERCENT)
 HIGHEST    40           300 AM
 LOWEST     16           300 PM
 AVERAGE    28

..........................................................


THE LAS VEGAS NV CLIMATE NORMALS FOR TOMORROW
                         NORMAL    RECORD    YEAR
 MAXIMUM TEMPERATURE (F)   60        74      2000
 MINIMUM TEMPERATURE (F)   41        21      1948


SUNRISE AND SUNSET
NOVEMBER 28 2014......SUNRISE   630 AM PST   SUNSET   427 PM PST
NOVEMBER 29 2014......SUNRISE   631 AM PST   SUNSET   427 PM PST


-  INDICATES NEGATIVE NUMBERS.
R  INDICATES RECORD WAS SET OR TIED.
MM INDICATES DATA IS MISSING.
T  INDICATES TRACE AMOUNT.




$$
