000
CDUS45 KVEF 260840
CLILAS


CLIMATE REPORT
NATIONAL WEATHER SERVICE LAS VEGAS, NV
140 AM PDT TUE JUL 26 2016


...................................

...THE LAS VEGAS NV CLIMATE SUMMARY FOR JULY 25 2016...

CLIMATE NORMAL PERIOD 1981 TO 2010
CLIMATE RECORD PERIOD 1937 TO 2016


WEATHER ITEM   OBSERVED TIME   RECORD YEAR NORMAL DEPARTURE LAST
                VALUE   (LST)  VALUE       VALUE  FROM      YEAR
                                                  NORMAL
..................................................................
TEMPERATURE (F)
 YESTERDAY
  MAXIMUM        110    424 PM 115    1942 105      5      103
  MINIMUM         89    540 AM  66    1944  82      7       79
  AVERAGE        100                        93      7       91

PRECIPITATION (IN)
  YESTERDAY        0.00          1.25 1976   0.02  -0.02     0.00
  MONTH TO DATE    0.17                      0.30  -0.13     0.19
  SINCE OCT 1      4.92                      3.51   1.41     2.68
  SINCE JAN 1      3.51                      2.38   1.13     2.38

SNOWFALL (IN)
  YESTERDAY        0.0           0.0    MM   0.0    0.0      0.0
  MONTH TO DATE    0.0                       0.0    0.0      0.0
  SINCE JUN 1      0.0                       0.0    0.0      0.0
  SINCE JUL 1      0.0                       0.0    0.0      0.0
  SNOW DEPTH       0

DEGREE DAYS
 HEATING
  YESTERDAY        0                         0      0        0
  MONTH TO DATE    0                         0      0        0
  SINCE JUN 1      0                         1     -1        0
  SINCE JUL 1      0                         0      0        0

 COOLING
  YESTERDAY       35                        28      7       26
  MONTH TO DATE  735                       687     48      631
  SINCE JUN 1   1578                      1337    241     1445
  SINCE JAN 1   2114                      1887    227     2048
..................................................................


WIND (MPH)
  RESULTANT WIND SPEED   6   RESULTANT WIND DIRECTION   S (170)
  HIGHEST WIND SPEED    17   HIGHEST WIND DIRECTION     S (190)
  HIGHEST GUST SPEED    23   HIGHEST GUST DIRECTION     S (190)
  AVERAGE WIND SPEED     7.4


SKY COVER
  POSSIBLE SUNSHINE  MM
  AVERAGE SKY COVER 0.4


WEATHER CONDITIONS
 THE FOLLOWING WEATHER WAS RECORDED YESTERDAY.
  HAZE


RELATIVE HUMIDITY (PERCENT)
 HIGHEST    15           700 AM
 LOWEST      7           100 PM
 AVERAGE    11

..........................................................


THE LAS VEGAS NV CLIMATE NORMALS FOR TODAY
                         NORMAL    RECORD    YEAR
 MAXIMUM TEMPERATURE (F)  104       116      1943
 MINIMUM TEMPERATURE (F)   81        65      1944


SUNRISE AND SUNSET
JULY 26 2016..........SUNRISE   544 AM PDT   SUNSET   750 PM PDT
JULY 27 2016..........SUNRISE   544 AM PDT   SUNSET   749 PM PDT


-  INDICATES NEGATIVE NUMBERS.
R  INDICATES RECORD WAS SET OR TIED.
MM INDICATES DATA IS MISSING.
T  INDICATES TRACE AMOUNT.




$$
