000
CDUS45 KVEF 310830
CLILAS


CLIMATE REPORT
NATIONAL WEATHER SERVICE LAS VEGAS, NV
1229 AM PST SAT JAN 31 2015


...................................

...THE LAS VEGAS NV CLIMATE SUMMARY FOR JANUARY 30 2015...

CLIMATE NORMAL PERIOD 1981 TO 2010
CLIMATE RECORD PERIOD 1937 TO 2015


WEATHER ITEM   OBSERVED TIME   RECORD YEAR NORMAL DEPARTURE LAST
                VALUE   (LST)  VALUE       VALUE  FROM      YEAR
                                                  NORMAL
..................................................................
TEMPERATURE (F)
 YESTERDAY
  MAXIMUM         58    212 AM  73    2014  60     -2       73
  MINIMUM         50   1159 PM  18    1949  41      9       48
  AVERAGE         54                        50      4       61

PRECIPITATION (IN)
  YESTERDAY        0.17R         0.17 1986   0.02   0.15     0.00
  MONTH TO DATE    0.84                      0.52   0.32     0.00
  SINCE OCT 1      1.14                      1.65  -0.51     1.42
  SINCE JAN 1      0.84                      0.52   0.32     0.00

SNOWFALL (IN)
  YESTERDAY        0.0           0.1  1979   0.0    0.0      0.0
  MONTH TO DATE    0.0                       0.0    0.0      0.0
  SINCE DEC 1      T                         0.2   -0.2      0.0
  SINCE JUL 1      T                         0.2   -0.2      0.0
  SNOW DEPTH       0

DEGREE DAYS
 HEATING
  YESTERDAY       11                        15     -4        4
  MONTH TO DATE  360                       490   -130      350
  SINCE DEC 1    784                      1028   -244      890
  SINCE JUL 1    957                      1337   -380     1153

 COOLING
  YESTERDAY        0                         0      0        0
  MONTH TO DATE    0                         0      0        0
  SINCE DEC 1      0                         0      0        0
  SINCE JAN 1      0                         0      0        0
..................................................................


WIND (MPH)
  RESULTANT WIND SPEED   3   RESULTANT WIND DIRECTION  NW (320)
  HIGHEST WIND SPEED    14   HIGHEST WIND DIRECTION    NW (320)
  HIGHEST GUST SPEED    19   HIGHEST GUST DIRECTION    NW (300)
  AVERAGE WIND SPEED     5.6


SKY COVER
  POSSIBLE SUNSHINE  MM
  AVERAGE SKY COVER 1.0


WEATHER CONDITIONS
 THE FOLLOWING WEATHER WAS RECORDED YESTERDAY.
  LIGHT RAIN


RELATIVE HUMIDITY (PERCENT)
 HIGHEST    77          1200 PM
 LOWEST     51           100 AM
 AVERAGE    64

..........................................................


THE LAS VEGAS NV CLIMATE NORMALS FOR TODAY
                         NORMAL    RECORD    YEAR
 MAXIMUM TEMPERATURE (F)   60        75      2003
 MINIMUM TEMPERATURE (F)   41        19      1949
                                             1948
                                             1946


SUNRISE AND SUNSET
JANUARY 31 2015.......SUNRISE   642 AM PST   SUNSET   506 PM PST
FEBRUARY  1 2015......SUNRISE   642 AM PST   SUNSET   507 PM PST


-  INDICATES NEGATIVE NUMBERS.
R  INDICATES RECORD WAS SET OR TIED.
MM INDICATES DATA IS MISSING.
T  INDICATES TRACE AMOUNT.




$$
