459
CDUS45 KVEF 060830
CLILAS


CLIMATE REPORT
NATIONAL WEATHER SERVICE LAS VEGAS, NV
130 AM PDT FRI MAY 6 2016


...................................

...THE LAS VEGAS NV CLIMATE SUMMARY FOR MAY 5 2016...

CLIMATE NORMAL PERIOD 1981 TO 2010
CLIMATE RECORD PERIOD 1937 TO 2016


WEATHER ITEM   OBSERVED TIME   RECORD YEAR NORMAL DEPARTURE LAST
                VALUE   (LST)  VALUE       VALUE  FROM      YEAR
                                                  NORMAL
..................................................................
TEMPERATURE (F)
 YESTERDAY
  MAXIMUM         85    144 PM 108    1947  85      0       87
  MINIMUM         68   1159 PM  40    1950  63      5       65
  AVERAGE         77                        74      3       76

PRECIPITATION (IN)
  YESTERDAY        0.00          0.04 1969   0.00   0.00     0.00
  MONTH TO DATE    0.00                      0.02  -0.02     0.01
  SINCE OCT 1      4.22                      3.04   1.18     2.26
  SINCE JAN 1      2.81                      1.91   0.90     1.96

SNOWFALL (IN)
  YESTERDAY        0.0           0.0    MM   0.0    0.0      0.0
  MONTH TO DATE    0.0                       0.0    0.0      0.0
  SINCE MAR 1      0.0                       0.0    0.0      0.0
  SINCE JUL 1      T                         0.3   -0.3       T
  SNOW DEPTH       0

DEGREE DAYS
 HEATING
  YESTERDAY        0                         0      0        0
  MONTH TO DATE    0                         4     -4        0
  SINCE MAR 1    114                       256   -142      102
  SINCE JUL 1   1693                      1947   -254     1209

 COOLING
  YESTERDAY       12                         9      3       11
  MONTH TO DATE   39                        43     -4       72
  SINCE MAR 1    236                       202     34      357
  SINCE JAN 1    245                       203     42      367
..................................................................


WIND (MPH)
  RESULTANT WIND SPEED   9   RESULTANT WIND DIRECTION   S (160)
  HIGHEST WIND SPEED    23   HIGHEST WIND DIRECTION     S (170)
  HIGHEST GUST SPEED    32   HIGHEST GUST DIRECTION     S (170)
  AVERAGE WIND SPEED     9.3


SKY COVER
  POSSIBLE SUNSHINE  MM
  AVERAGE SKY COVER 0.7


WEATHER CONDITIONS
 THE FOLLOWING WEATHER WAS RECORDED YESTERDAY.
  NO SIGNIFICANT WEATHER WAS OBSERVED.


RELATIVE HUMIDITY (PERCENT)
 HIGHEST    31          1100 PM
 LOWEST      8           200 PM
 AVERAGE    20

..........................................................


THE LAS VEGAS NV CLIMATE NORMALS FOR TODAY
                         NORMAL    RECORD    YEAR
 MAXIMUM TEMPERATURE (F)   85       103      1947
 MINIMUM TEMPERATURE (F)   63        43      1964


SUNRISE AND SUNSET
MAY  6 2016...........SUNRISE   542 AM PDT   SUNSET   733 PM PDT
MAY  7 2016...........SUNRISE   541 AM PDT   SUNSET   734 PM PDT


-  INDICATES NEGATIVE NUMBERS.
R  INDICATES RECORD WAS SET OR TIED.
MM INDICATES DATA IS MISSING.
T  INDICATES TRACE AMOUNT.




$$
