578
CDUS45 KVEF 010026
CLILAS


CLIMATE REPORT
NATIONAL WEATHER SERVICE LAS VEGAS, NV
526 PM PDT SUN APR 30 2017


...................................

...THE LAS VEGAS NV CLIMATE SUMMARY FOR APRIL 30 2017...
VALID TODAY AS OF 0500 PM LOCAL TIME.

CLIMATE NORMAL PERIOD 1981 TO 2010
CLIMATE RECORD PERIOD 1937 TO 2017


WEATHER ITEM   OBSERVED TIME   RECORD YEAR NORMAL DEPARTURE LAST
                VALUE   (LST)  VALUE       VALUE  FROM      YEAR
                                                  NORMAL
..................................................................
TEMPERATURE (F)
 TODAY
  MAXIMUM         85    338 PM  99    1981  83      2       66
                                      1943
  MINIMUM         57    457 AM  38    1967  61     -4       49
                                      1942
  AVERAGE         71                        72     -1       58

PRECIPITATION (IN)
  TODAY            0.00          0.93 2016   0.00   0.00     0.93
  MONTH TO DATE    0.04                      0.15  -0.11     2.26
  SINCE OCT 1      2.57                      3.02  -0.45     4.22
  SINCE JAN 1      1.51                      1.89  -0.38     2.81

SNOWFALL (IN)
  TODAY            0.0           0.0    MM   0.0    0.0      0.0
  MONTH TO DATE    0.0                       0.0    0.0      0.0
  SINCE MAR 1      0.0                       0.0    0.0      0.0
  SINCE JUL 1      0.0                       0.3   -0.3       T
  SNOW DEPTH       0

DEGREE DAYS
 HEATING
  TODAY            0                         1     -1        7
  MONTH TO DATE    9                        64    -55       36
  SINCE MAR 1     91                       252   -161      114
  SINCE JUL 1   1463                      1943   -480     1693

 COOLING
  TODAY            6                         8     -2        0
  MONTH TO DATE  167                       129     38      142
  SINCE MAR 1    275                       159    116      197
  SINCE JAN 1    278                       160    118      206
..................................................................


WIND (MPH)
  RESULTANT WIND SPEED   3   RESULTANT WIND DIRECTION  NE (60)
  HIGHEST WIND SPEED    13   HIGHEST WIND DIRECTION     E (80)
  HIGHEST GUST SPEED    17   HIGHEST GUST DIRECTION     E (80)
  AVERAGE WIND SPEED     5.4


SKY COVER
  POSSIBLE SUNSHINE  MM
  AVERAGE SKY COVER 0.2


WEATHER CONDITIONS
 THE FOLLOWING WEATHER WAS RECORDED TODAY.
  NO SIGNIFICANT WEATHER WAS OBSERVED.


RELATIVE HUMIDITY (PERCENT)
 HIGHEST    21           500 AM
 LOWEST      6           200 PM
 AVERAGE    14

..........................................................


THE LAS VEGAS NV CLIMATE NORMALS FOR TOMORROW
                         NORMAL    RECORD    YEAR
 MAXIMUM TEMPERATURE (F)   84       102      1947
 MINIMUM TEMPERATURE (F)   61        41      1967


SUNRISE AND SUNSET
APRIL 30 2017.........SUNRISE   549 AM PDT   SUNSET   727 PM PDT
MAY  1 2017...........SUNRISE   548 AM PDT   SUNSET   728 PM PDT


-  INDICATES NEGATIVE NUMBERS.
R  INDICATES RECORD WAS SET OR TIED.
MM INDICATES DATA IS MISSING.
T  INDICATES TRACE AMOUNT.




$$
