000
CDUS45 KVEF 010039
CLILAS


CLIMATE REPORT
NATIONAL WEATHER SERVICE LAS VEGAS, NV
539 PM PDT THU JUL 31 2014


...................................

...THE LAS VEGAS NV CLIMATE SUMMARY FOR JULY 31 2014...
VALID TODAY AS OF 0500 PM LOCAL TIME.

CLIMATE NORMAL PERIOD 1981 TO 2010
CLIMATE RECORD PERIOD 1937 TO 2014


WEATHER ITEM   OBSERVED TIME   RECORD YEAR NORMAL DEPARTURE LAST
                VALUE   (LST)  VALUE       VALUE  FROM      YEAR
                                                  NORMAL
..................................................................
TEMPERATURE (F)
 TODAY
  MAXIMUM        109    250 PM 115    1978 104      5      107
                                      1977
                                      1938
  MINIMUM         83    514 AM  65    1940  81      2       82
  AVERAGE         96                        93      3       95

PRECIPITATION (IN)
  TODAY            0.00          0.44 1991   0.02  -0.02     0.00
  MONTH TO DATE    0.22                      0.40  -0.18     0.30
  SINCE OCT 1      1.94                      3.61  -1.67     2.34
  SINCE JAN 1      0.52                      2.48  -1.96     0.91

SNOWFALL (IN)
  TODAY            0.0           0.0    MM   0.0    0.0      0.0
  MONTH TO DATE    0.0                       0.0    0.0      0.0
  SINCE JUN 1      0.0                       0.0    0.0      0.0
  SINCE JUL 1      0.0                       0.0    0.0      0.0
  SNOW DEPTH      MM

DEGREE DAYS
 HEATING
  TODAY            0                         0      0        0
  MONTH TO DATE    0                         0      0        0
  SINCE JUN 1      0                         1     -1        0
  SINCE JUL 1      0                         0      0        0

 COOLING
  TODAY           31                        28      3       30
  MONTH TO DATE  898                       854     44      915
  SINCE JUN 1   1639                      1504    135     1719
  SINCE JAN 1   2297                      2054    243     2409
..................................................................


WIND (MPH)
  RESULTANT WIND SPEED   6   RESULTANT WIND DIRECTION  SW (220)
  HIGHEST WIND SPEED    22   HIGHEST WIND DIRECTION     W (250)
  HIGHEST GUST SPEED    27   HIGHEST GUST DIRECTION     W (260)
  AVERAGE WIND SPEED     7.5


SKY COVER
  POSSIBLE SUNSHINE  MM
  AVERAGE SKY COVER 0.5


WEATHER CONDITIONS
 THE FOLLOWING WEATHER WAS RECORDED TODAY.
  NO SIGNIFICANT WEATHER WAS OBSERVED.


RELATIVE HUMIDITY (PERCENT)
 HIGHEST    32           400 AM
 LOWEST     10           300 PM
 AVERAGE    21

..........................................................


THE LAS VEGAS NV CLIMATE NORMALS FOR TOMORROW
                         NORMAL    RECORD    YEAR
 MAXIMUM TEMPERATURE (F)  104       116      1979
                                             1938
 MINIMUM TEMPERATURE (F)   81        66      1940


SUNRISE AND SUNSET
JULY 31 2014..........SUNRISE   547 AM PDT   SUNSET   746 PM PDT
AUGUST  1 2014........SUNRISE   548 AM PDT   SUNSET   746 PM PDT


-  INDICATES NEGATIVE NUMBERS.
R  INDICATES RECORD WAS SET OR TIED.
MM INDICATES DATA IS MISSING.
T  INDICATES TRACE AMOUNT.




$$
