000
CDUS45 KVEF 020034
CLILAS


CLIMATE REPORT
NATIONAL WEATHER SERVICE LAS VEGAS, NV
533 PM PDT SAT AUG 1 2015


...................................

...THE LAS VEGAS NV CLIMATE SUMMARY FOR AUGUST 1 2015...
VALID TODAY AS OF 0500 PM LOCAL TIME.

CLIMATE NORMAL PERIOD 1981 TO 2010
CLIMATE RECORD PERIOD 1937 TO 2015


WEATHER ITEM   OBSERVED TIME   RECORD YEAR NORMAL DEPARTURE LAST
                VALUE   (LST)  VALUE       VALUE  FROM      YEAR
                                                  NORMAL
..................................................................
TEMPERATURE (F)
 TODAY
  MAXIMUM         93    904 AM 116    1979 104    -11      107
                                      1938
  MINIMUM         80   1102 AM  66    1940  81     -1       87
  AVERAGE         87                        92     -5       97

PRECIPITATION (IN)
  TODAY            0.05          0.24 2012   0.01   0.04     0.00
  MONTH TO DATE    0.05                      0.01   0.04     0.00
  SINCE OCT 1      2.73                      3.62  -0.89     1.94
  SINCE JAN 1      2.43                      2.49  -0.06     0.52

SNOWFALL (IN)
  TODAY            0.0           0.0    MM   0.0    0.0      0.0
  MONTH TO DATE    0.0                       0.0    0.0      0.0
  SINCE JUN 1      0.0                       0.0    0.0      0.0
  SINCE JUL 1      0.0                       0.0    0.0      0.0
  SNOW DEPTH       0

DEGREE DAYS
 HEATING
  TODAY            0                         0      0        0
  MONTH TO DATE    0                         0      0        0
  SINCE JUN 1      0                         1     -1        0
  SINCE JUL 1      0                         0      0        0

 COOLING
  TODAY           22                        28     -6       32
  MONTH TO DATE   22                        28     -6       32
  SINCE JUN 1   1638                      1532    106     1671
  SINCE JAN 1   2241                      2082    159     2329
..................................................................


WIND (MPH)
  RESULTANT WIND SPEED   4   RESULTANT WIND DIRECTION   S (190)
  HIGHEST WIND SPEED    22   HIGHEST WIND DIRECTION     S (170)
  HIGHEST GUST SPEED    31   HIGHEST GUST DIRECTION     S (180)
  AVERAGE WIND SPEED     6.3


SKY COVER
  POSSIBLE SUNSHINE  MM
  AVERAGE SKY COVER 1.0


WEATHER CONDITIONS
 THE FOLLOWING WEATHER WAS RECORDED TODAY.
  LIGHT RAIN


RELATIVE HUMIDITY (PERCENT)
 HIGHEST    58           100 PM
 LOWEST     26           300 AM
 AVERAGE    42

..........................................................


THE LAS VEGAS NV CLIMATE NORMALS FOR TOMORROW
                         NORMAL    RECORD    YEAR
 MAXIMUM TEMPERATURE (F)  104       115      1979
                                             1977
 MINIMUM TEMPERATURE (F)   81        55      1937


SUNRISE AND SUNSET
AUGUST  1 2015........SUNRISE   548 AM PDT   SUNSET   746 PM PDT
AUGUST  2 2015........SUNRISE   548 AM PDT   SUNSET   745 PM PDT


-  INDICATES NEGATIVE NUMBERS.
R  INDICATES RECORD WAS SET OR TIED.
MM INDICATES DATA IS MISSING.
T  INDICATES TRACE AMOUNT.




$$
