000
CDUS46 KLOX 260951
CLILAX


CLIMATE REPORT
NATIONAL WEATHER SERVICE LOS ANGELES/OXNARD CA
251 AM PDT SUN MAR 26 2017


...................................

...THE LOS ANGELES INTL AIRPORT CA CLIMATE SUMMARY FOR MARCH 25 2017...

CLIMATE NORMAL PERIOD 1981 TO 2010
CLIMATE RECORD PERIOD 1944 TO 2017


WEATHER ITEM   OBSERVED TIME   RECORD YEAR NORMAL DEPARTURE LAST
                VALUE   (LST)  VALUE       VALUE  FROM      YEAR
                                                  NORMAL
..................................................................
TEMPERATURE (F)
 YESTERDAY
  MAXIMUM         66   1141 AM  93    1988  65      1       71
  MINIMUM         55    524 AM  42    1949  52      3       52
                                      1948
  AVERAGE         61                        58      3       62

PRECIPITATION (IN)
  YESTERDAY        T             1.39 1998   0.04  -0.04     0.00
  MONTH TO DATE    0.08                      1.61  -1.53     1.40
  SINCE OCT 1     15.81                     11.29   4.52     6.31
  SINCE JAN 1     11.56                      7.57   3.99     5.07

SNOWFALL (IN)
  YESTERDAY        0.0
  MONTH TO DATE    0.0
  SINCE MAR 1      0.0
  SINCE JUL 1      0.0

DEGREE DAYS
 HEATING
  YESTERDAY        4                         7     -3        3
  MONTH TO DATE   98                       178    -80       99
  SINCE MAR 1     98                       178    -80       99
  SINCE JUL 1    871                      1107   -236      795

 COOLING
  YESTERDAY        0                         0      0        0
  MONTH TO DATE    2                         0      2        1
  SINCE MAR 1      2                         0      2        1
  SINCE JAN 1      2                         9     -7       58
..................................................................


WIND (MPH)
  HIGHEST WIND SPEED    18   HIGHEST WIND DIRECTION     W (270)
  HIGHEST GUST SPEED    23   HIGHEST GUST DIRECTION     W (280)
  AVERAGE WIND SPEED    10.6


SKY COVER
  POSSIBLE SUNSHINE  MM
  AVERAGE SKY COVER 0.6


WEATHER CONDITIONS
 THE FOLLOWING WEATHER WAS RECORDED YESTERDAY.
  NO SIGNIFICANT WEATHER WAS OBSERVED.


RELATIVE HUMIDITY (PERCENT)
 HIGHEST    93           300 AM
 LOWEST     72          1000 AM
 AVERAGE    83

..........................................................


THE LOS ANGELES INTL AIRPORT CA CLIMATE NORMALS FOR TODAY
                         NORMAL    RECORD    YEAR
 MAXIMUM TEMPERATURE (F)   65        95      1988
 MINIMUM TEMPERATURE (F)   52        42      1977
                                             1948


SUNRISE AND SUNSET
MARCH 26 2017.........SUNRISE   649 AM PDT   SUNSET   710 PM PDT
MARCH 27 2017.........SUNRISE   647 AM PDT   SUNSET   711 PM PDT


-  INDICATES NEGATIVE NUMBERS.
R  INDICATES RECORD WAS SET OR TIED.
MM INDICATES DATA IS MISSING.
T  INDICATES TRACE AMOUNT.




$$
