445
CDUS46 KLOX 210858
CLILAX


CLIMATE REPORT
NATIONAL WEATHER SERVICE LOS ANGELES/OXNARD CA
1258 AM PST TUE NOV 21 2017


...................................

...THE LOS ANGELES INTL AIRPORT CA CLIMATE SUMMARY FOR NOVEMBER 20 2017...

CLIMATE NORMAL PERIOD 1981 TO 2010
CLIMATE RECORD PERIOD 1944 TO 2017


WEATHER ITEM   OBSERVED TIME   RECORD YEAR NORMAL DEPARTURE LAST
                VALUE   (LST)  VALUE       VALUE  FROM      YEAR
                                                  NORMAL
..................................................................
TEMPERATURE (F)
 YESTERDAY
  MAXIMUM         72   1142 AM  90    1954  68      4       64
  MINIMUM         52    510 AM  40    1964  52      0       56
  AVERAGE         62                        60      2       60

PRECIPITATION (IN)
  YESTERDAY        0.00          0.98 2011   0.04  -0.04     0.50
  MONTH TO DATE    0.09                      0.66  -0.57     0.50
  SINCE OCT 1      0.09                      1.22  -1.13     0.86
  SINCE JAN 1     12.24                     10.32   1.92     6.88

SNOWFALL (IN)
  YESTERDAY        0.0
  MONTH TO DATE    0.0
  SINCE SEP 1      0.0
  SINCE JUL 1      0.0

DEGREE DAYS
 HEATING
  YESTERDAY        3                         5     -2        5
  MONTH TO DATE   19                        76    -57       20
  SINCE SEP 1     20                       116    -96       23
  SINCE JUL 1     20                       120   -100       23

 COOLING
  YESTERDAY        0                         0      0        0
  MONTH TO DATE   10                        18     -8       78
  SINCE SEP 1    422                       203    219      379
  SINCE JAN 1    986                       549    437      961
..................................................................


WIND (MPH)
  HIGHEST WIND SPEED    12   HIGHEST WIND DIRECTION     W (280)
  HIGHEST GUST SPEED    15   HIGHEST GUST DIRECTION     W (260)
  AVERAGE WIND SPEED     4.7


SKY COVER
  POSSIBLE SUNSHINE  MM
  AVERAGE SKY COVER 0.4


WEATHER CONDITIONS
 THE FOLLOWING WEATHER WAS RECORDED YESTERDAY.
  NO SIGNIFICANT WEATHER WAS OBSERVED.


RELATIVE HUMIDITY (PERCENT)
 HIGHEST    89           200 AM
 LOWEST     26           500 PM
 AVERAGE    58

..........................................................


THE LOS ANGELES INTL AIRPORT CA CLIMATE NORMALS FOR TODAY
                         NORMAL    RECORD    YEAR
 MAXIMUM TEMPERATURE (F)   68        89      2015
 MINIMUM TEMPERATURE (F)   52        42      1964
                                             1953
                                             1948


SUNRISE AND SUNSET
NOVEMBER 21 2017......SUNRISE   632 AM PST   SUNSET   447 PM PST
NOVEMBER 22 2017......SUNRISE   633 AM PST   SUNSET   447 PM PST


-  INDICATES NEGATIVE NUMBERS.
R  INDICATES RECORD WAS SET OR TIED.
MM INDICATES DATA IS MISSING.
T  INDICATES TRACE AMOUNT.




$$
