000
CDUS46 KLOX 030116
CLILAX


CLIMATE REPORT
NATIONAL WEATHER SERVICE LOS ANGELES/OXNARD CA
616 PM PDT SUN AUG 2 2015


...................................

...THE LOS ANGELES AIRPORT CLIMATE SUMMARY FOR AUGUST 2 2015...
VALID TODAY AS OF 0600 PM LOCAL TIME.

CLIMATE NORMAL PERIOD 1981 TO 2010
CLIMATE RECORD PERIOD 1944 TO 2015


WEATHER ITEM   OBSERVED TIME   RECORD YEAR NORMAL DEPARTURE LAST
                VALUE   (LST)  VALUE       VALUE  FROM      YEAR
                                                  NORMAL
..................................................................
TEMPERATURE (F)
 TODAY
  MAXIMUM         77    201 PM  86    1959  74      3       78
  MINIMUM         68    513 AM  56    1999  64      4       65
                                      1944
  AVERAGE         73                        69      4       72

PRECIPITATION (IN)
  TODAY            0.00          0.01 2014   0.00   0.00     0.01
  MONTH TO DATE    0.00                      0.00   0.00     0.01
  SINCE OCT 1      7.61                     12.56  -4.95     4.57
  SINCE JAN 1      2.91                      8.84  -5.93     3.56

SNOWFALL (IN)
  TODAY            0.0
  MONTH TO DATE    0.0
  SINCE JUN 1      0.0
  SINCE JUL 1      0.0

DEGREE DAYS
 HEATING
  TODAY            0                         0      0        0
  MONTH TO DATE    0                         0      0        0
  SINCE JUN 1     11                        27    -16        1
  SINCE JUL 1      0                         2     -2        0

 COOLING
  TODAY            8                         4      4        7
  MONTH TO DATE   14                         8      6       13
  SINCE JUN 1    241                       169     72      320
  SINCE JAN 1    354                       209    145      531
..................................................................


WIND (MPH)
  HIGHEST WIND SPEED    17   HIGHEST WIND DIRECTION     W (270)
  HIGHEST GUST SPEED    23   HIGHEST GUST DIRECTION     W (260)
  AVERAGE WIND SPEED     5.8


SKY COVER
  POSSIBLE SUNSHINE  MM
  AVERAGE SKY COVER 0.5


WEATHER CONDITIONS
 THE FOLLOWING WEATHER WAS RECORDED TODAY.
  HAZE


RELATIVE HUMIDITY (PERCENT)
 HIGHEST    87           300 AM
 LOWEST     69          1100 AM
 AVERAGE    78

..........................................................


THE LOS ANGELES AIRPORT CLIMATE NORMALS FOR TOMORROW
                         NORMAL    RECORD    YEAR
 MAXIMUM TEMPERATURE (F)   74        85      1971
 MINIMUM TEMPERATURE (F)   64        55      1944


SUNRISE AND SUNSET
AUGUST  2 2015........SUNRISE   606 AM PDT   SUNSET   753 PM PDT
AUGUST  3 2015........SUNRISE   606 AM PDT   SUNSET   753 PM PDT


-  INDICATES NEGATIVE NUMBERS.
R  INDICATES RECORD WAS SET OR TIED.
MM INDICATES DATA IS MISSING.
T  INDICATES TRACE AMOUNT.




$$
