000
CDUS44 KLUB 010626
CLILBB


CLIMATE REPORT
NATIONAL WEATHER SERVICE LUBBOCK, TX
126 AM CDT SUN MAY 1 2016


...................................

...THE LUBBOCK CLIMATE SUMMARY FOR APRIL 30 2016...

CLIMATE NORMAL PERIOD 1981 TO 2010
CLIMATE RECORD PERIOD 1911 TO 2016


WEATHER ITEM   OBSERVED TIME   RECORD YEAR NORMAL DEPARTURE LAST
                VALUE   (LST)  VALUE       VALUE  FROM      YEAR
                                                  NORMAL
..................................................................
TEMPERATURE (F)
 YESTERDAY
  MAXIMUM         74    301 PM  94    2013  80     -6       82
  MINIMUM         43    630 AM  33    1918  51     -8       43
  AVERAGE         59                        65     -6       63

PRECIPITATION (IN)
  YESTERDAY        0.00          2.18 1982   0.06  -0.06     0.00
  MONTH TO DATE    1.02                      1.41  -0.39     1.24
  SINCE MAR 1      1.22                      2.51  -1.29     1.54
  SINCE JAN 1      1.61                      3.91  -2.30     3.81

SNOWFALL (IN)
  YESTERDAY        0.0           T    2000   0.0    0.0      0.0
  MONTH TO DATE    T                         0.2   -0.2      0.0
  SINCE MAR 1      T                         0.8   -0.8      1.1
  SINCE JUL 1     13.3                       8.2    5.1     14.7
  SNOW DEPTH       0

DEGREE DAYS
 HEATING
  YESTERDAY        6                         3      3        2
  MONTH TO DATE  122                       182    -60      132
  SINCE MAR 1    371                       598   -227      512
  SINCE JUL 1   2771                      3337   -566     3231

 COOLING
  YESTERDAY        0                         3     -3        0
  MONTH TO DATE   35                        49    -14       52
  SINCE MAR 1     47                        56     -9       55
  SINCE JAN 1     51                        56     -5       55
..................................................................


WIND (MPH)
  RESULTANT WIND SPEED   6   RESULTANT WIND DIRECTION  NE (50)
  HIGHEST WIND SPEED    24   HIGHEST WIND DIRECTION    NE (40)
  HIGHEST GUST SPEED    31   HIGHEST GUST DIRECTION    NE (40)
  AVERAGE WIND SPEED     8.7


SKY COVER
  AVERAGE SKY COVER 0.4


WEATHER CONDITIONS
 THE FOLLOWING WEATHER WAS RECORDED YESTERDAY.
  FOG


RELATIVE HUMIDITY (PERCENT)
 HIGHEST    89           600 AM
 LOWEST     27           300 PM
 AVERAGE    58

..........................................................


THE LUBBOCK CLIMATE NORMALS FOR TODAY
                         NORMAL    RECORD    YEAR
 MAXIMUM TEMPERATURE (F)   80        96      2012
                                             1992
 MINIMUM TEMPERATURE (F)   51        32      1970
                                             1967


SUNRISE AND SUNSET
MAY  1 2016...........SUNRISE   658 AM CDT   SUNSET   831 PM CDT
MAY  2 2016...........SUNRISE   657 AM CDT   SUNSET   832 PM CDT


-  INDICATES NEGATIVE NUMBERS.
R  INDICATES RECORD WAS SET OR TIED.
MM INDICATES DATA IS MISSING.
T  INDICATES TRACE AMOUNT.




$$
