000
CDUS44 KLUB 300627
CLILBB


CLIMATE REPORT
NATIONAL WEATHER SERVICE LUBBOCK, TX
126 AM CDT SUN AUG 30 2015


...................................

...THE LUBBOCK CLIMATE SUMMARY FOR AUGUST 29 2015...

CLIMATE NORMAL PERIOD 1981 TO 2010
CLIMATE RECORD PERIOD 1911 TO 2015


WEATHER ITEM   OBSERVED TIME   RECORD YEAR NORMAL DEPARTURE LAST
                VALUE   (LST)  VALUE       VALUE  FROM      YEAR
                                                  NORMAL
..................................................................
TEMPERATURE (F)
 YESTERDAY
  MAXIMUM         84    528 PM  99    1991  90     -6       90
                                      1990
                                      1943
  MINIMUM         66   1154 PM  51    1917  65      1       63
  AVERAGE         75                        77     -2       77

PRECIPITATION (IN)
  YESTERDAY        T             1.07 2002   0.07  -0.07     0.00
  MONTH TO DATE    0.25                      1.77  -1.52     0.54
  SINCE JUN 1      6.36                      6.72  -0.36     5.77
  SINCE JAN 1     22.29                     12.93   9.36    11.90

SNOWFALL (IN)
  YESTERDAY        0.0           0.0  2002   0.0    0.0      0.0
  MONTH TO DATE    0.0                       0.0    0.0      0.0
  SINCE JUN 1      0.0                       0.0    0.0      0.0
  SINCE JUL 1      0.0                       0.0    0.0      0.0
  SNOW DEPTH       0

DEGREE DAYS
 HEATING
  YESTERDAY        0                         0      0        0
  MONTH TO DATE    0                         0      0        0
  SINCE JUN 1      0                         2     -2        0
  SINCE JUL 1      0                         0      0        0

 COOLING
  YESTERDAY       10                        12     -2       12
  MONTH TO DATE  459                       409     50      465
  SINCE JUN 1   1345                      1256     89     1315
  SINCE JAN 1   1483                      1502    -19     1594
..................................................................


WIND (MPH)
  RESULTANT WIND SPEED   5   RESULTANT WIND DIRECTION   S (200)
  HIGHEST WIND SPEED    21   HIGHEST WIND DIRECTION     S (180)
  HIGHEST GUST SPEED    26   HIGHEST GUST DIRECTION     S (200)
  AVERAGE WIND SPEED     8.0


SKY COVER
  AVERAGE SKY COVER 0.6


WEATHER CONDITIONS
 THE FOLLOWING WEATHER WAS RECORDED YESTERDAY.
  LIGHT RAIN


RELATIVE HUMIDITY (PERCENT)
 HIGHEST    84           500 AM
 LOWEST     33           500 PM
 AVERAGE    59

..........................................................


THE LUBBOCK CLIMATE NORMALS FOR TODAY
                         NORMAL    RECORD    YEAR
 MAXIMUM TEMPERATURE (F)   89       104      2011
 MINIMUM TEMPERATURE (F)   64        44      1915


SUNRISE AND SUNSET
AUGUST 30 2015........SUNRISE   720 AM CDT   SUNSET   816 PM CDT
AUGUST 31 2015........SUNRISE   720 AM CDT   SUNSET   814 PM CDT


-  INDICATES NEGATIVE NUMBERS.
R  INDICATES RECORD WAS SET OR TIED.
MM INDICATES DATA IS MISSING.
T  INDICATES TRACE AMOUNT.




$$
