000
CDUS44 KLUB 260645
CLILBB


CLIMATE REPORT
NATIONAL WEATHER SERVICE LUBBOCK, TX
145 AM CDT TUE JUL 26 2016


...................................

...THE LUBBOCK CLIMATE SUMMARY FOR JULY 25 2016...

CLIMATE NORMAL PERIOD 1981 TO 2010
CLIMATE RECORD PERIOD 1911 TO 2016


WEATHER ITEM   OBSERVED TIME   RECORD YEAR NORMAL DEPARTURE LAST
                VALUE   (LST)  VALUE       VALUE  FROM      YEAR
                                                  NORMAL
..................................................................
TEMPERATURE (F)
 YESTERDAY
  MAXIMUM        100    358 PM 104    1940  93      7       96
  MINIMUM         69    615 AM  59    1956  68      1       73
                                      1916
  AVERAGE         85                        80      5       85

PRECIPITATION (IN)
  YESTERDAY        0.00          2.65 1985   0.05  -0.05     0.00
  MONTH TO DATE    0.58                      1.58  -1.00     3.96
  SINCE JUN 1      1.62                      4.62  -3.00     6.11
  SINCE JAN 1      6.89                     10.83  -3.94    22.04

SNOWFALL (IN)
  YESTERDAY        0.0           0.0  2002   0.0    0.0      0.0
  MONTH TO DATE    0.0                       0.0    0.0      0.0
  SINCE JUN 1      0.0                       0.0    0.0      0.0
  SINCE JUL 1      0.0                       0.0    0.0      0.0
  SNOW DEPTH       0

DEGREE DAYS
 HEATING
  YESTERDAY        0                         0      0        0
  MONTH TO DATE    0                         0      0        0
  SINCE JUN 1      3                         2      1        0
  SINCE JUL 1      0                         0      0        0

 COOLING
  YESTERDAY       20                        15      5       20
  MONTH TO DATE  536                       375    161      401
  SINCE JUN 1    962                       749    213      778
  SINCE JAN 1   1189                       995    194      916
..................................................................


WIND (MPH)
  RESULTANT WIND SPEED   3   RESULTANT WIND DIRECTION   E (110)
  HIGHEST WIND SPEED    37   HIGHEST WIND DIRECTION    NE (30)
  HIGHEST GUST SPEED    46   HIGHEST GUST DIRECTION     N (20)
  AVERAGE WIND SPEED     8.1


SKY COVER
  AVERAGE SKY COVER 0.4


WEATHER CONDITIONS
 THE FOLLOWING WEATHER WAS RECORDED YESTERDAY.
  THUNDERSTORM
  HAZE
  SANDSTORM


RELATIVE HUMIDITY (PERCENT)
 HIGHEST    73           600 AM
 LOWEST     24           400 PM
 AVERAGE    49

..........................................................


THE LUBBOCK CLIMATE NORMALS FOR TODAY
                         NORMAL    RECORD    YEAR
 MAXIMUM TEMPERATURE (F)   93       105      1995
 MINIMUM TEMPERATURE (F)   68        58      1959
                                             1942


SUNRISE AND SUNSET
JULY 26 2016..........SUNRISE   656 AM CDT   SUNSET   852 PM CDT
JULY 27 2016..........SUNRISE   656 AM CDT   SUNSET   851 PM CDT


-  INDICATES NEGATIVE NUMBERS.
R  INDICATES RECORD WAS SET OR TIED.
MM INDICATES DATA IS MISSING.
T  INDICATES TRACE AMOUNT.




$$
