000
CDUS44 KLUB 192332
CLILBB


CLIMATE REPORT
NATIONAL WEATHER SERVICE LUBBOCK, TX
531 PM CST FRI DEC 19 2014


...................................

...THE LUBBOCK CLIMATE SUMMARY FOR DECEMBER 19 2014...
VALID TODAY AS OF 0500 PM LOCAL TIME.

CLIMATE NORMAL PERIOD 1981 TO 2010
CLIMATE RECORD PERIOD 1911 TO 2014


WEATHER ITEM   OBSERVED TIME   RECORD YEAR NORMAL DEPARTURE LAST
                VALUE   (LST)  VALUE       VALUE  FROM      YEAR
                                                  NORMAL
..................................................................
TEMPERATURE (F)
 TODAY
  MAXIMUM         42    526 PM  76    1921  53    -11       75
  MINIMUM         37   1206 PM   0    1924  26     11       42
  AVERAGE         40                        40      0       59

PRECIPITATION (IN)
  TODAY            0.01          1.22 1918   0.03  -0.02     0.00
  MONTH TO DATE    0.02                      0.49  -0.47     0.09
  SINCE DEC 1      0.02                      0.49  -0.47     0.09
  SINCE JAN 1     22.19                     18.85   3.34    12.10

SNOWFALL (IN)
  TODAY           MM             0.2  1983   0.1   MM        0.0
  MONTH TO DATE    0.0                       1.3   -1.3      0.2
  SINCE DEC 1      0.0                       1.3   -1.3      0.2
  SINCE JUL 1      0.5                       2.2   -1.7      2.4
  SNOW DEPTH       0

DEGREE DAYS
 HEATING
  TODAY           25                        25      0        6
  MONTH TO DATE  332                       450   -118      472
  SINCE DEC 1    332                       450   -118      472
  SINCE JUL 1   1007                      1092    -85     1125

 COOLING
  TODAY            0                         0      0        0
  MONTH TO DATE    0                         0      0        0
  SINCE DEC 1      0                         0      0        0
  SINCE JAN 1   1917                      1804    113     2123
..................................................................


WIND (MPH)
  RESULTANT WIND SPEED   4   RESULTANT WIND DIRECTION  SE (140)
  HIGHEST WIND SPEED    13   HIGHEST WIND DIRECTION     S (180)
  HIGHEST GUST SPEED    15   HIGHEST GUST DIRECTION     S (160)
  AVERAGE WIND SPEED     5.7


SKY COVER
  AVERAGE SKY COVER 1.0


WEATHER CONDITIONS
 THE FOLLOWING WEATHER WAS RECORDED TODAY.
  LIGHT RAIN
  FOG
  FOG W/VISIBILITY <= 1/4 MILE


RELATIVE HUMIDITY (PERCENT)
 HIGHEST   100           500 AM
 LOWEST     76           500 PM
 AVERAGE    88

..........................................................


THE LUBBOCK CLIMATE NORMALS FOR TOMORROW
                         NORMAL    RECORD    YEAR
 MAXIMUM TEMPERATURE (F)   53        80      1921
 MINIMUM TEMPERATURE (F)   26         3      1924


SUNRISE AND SUNSET
DECEMBER 19 2014......SUNRISE   747 AM CST   SUNSET   542 PM CST
DECEMBER 20 2014......SUNRISE   747 AM CST   SUNSET   543 PM CST


-  INDICATES NEGATIVE NUMBERS.
R  INDICATES RECORD WAS SET OR TIED.
MM INDICATES DATA IS MISSING.
T  INDICATES TRACE AMOUNT.




$$
