000
CDUS44 KLUB 270630
CLILBB


CLIMATE REPORT
NATIONAL WEATHER SERVICE LUBBOCK, TX
130 AM CDT SAT MAY 27 2017


...................................

...THE LUBBOCK CLIMATE SUMMARY FOR MAY 26 2017...

CLIMATE NORMAL PERIOD 1981 TO 2010
CLIMATE RECORD PERIOD 1911 TO 2017


WEATHER ITEM   OBSERVED TIME   RECORD YEAR NORMAL DEPARTURE LAST
                VALUE   (LST)  VALUE       VALUE  FROM      YEAR
                                                  NORMAL
..................................................................
TEMPERATURE (F)
 YESTERDAY
  MAXIMUM         96    448 PM 101    1945  86     10       92
  MINIMUM         59    600 AM  43    1950  59      0       67
  AVERAGE         78                        73      5       80

PRECIPITATION (IN)
  YESTERDAY        0.00          1.60 2014   0.09  -0.09     0.00
  MONTH TO DATE    0.58                      1.83  -1.25     3.28
  SINCE MAR 1      2.57                      4.34  -1.77     4.50
  SINCE JAN 1      5.49                      5.74  -0.25     4.89

SNOWFALL (IN)
  YESTERDAY        0.0           T    1996   0.0    0.0      0.0
  MONTH TO DATE    0.0                       0.0    0.0      0.0
  SINCE MAR 1      T                         0.8   -0.8       T
  SINCE JUL 1      0.2                       8.2   -8.0     13.3
  SNOW DEPTH       0

DEGREE DAYS
 HEATING
  YESTERDAY        0                         1     -1        0
  MONTH TO DATE   23                        39    -16       83
  SINCE MAR 1    384                       637   -253      454
  SINCE JUL 1   2468                      3376   -908     2854

 COOLING
  YESTERDAY       13                         8      5       15
  MONTH TO DATE  131                       145    -14      148
  SINCE MAR 1    256                       201     55      195
  SINCE JAN 1    260                       201     59      199
..................................................................


WIND (MPH)
  RESULTANT WIND SPEED   9   RESULTANT WIND DIRECTION   W (270)
  HIGHEST WIND SPEED    22   HIGHEST WIND DIRECTION    SW (240)
  HIGHEST GUST SPEED    30   HIGHEST GUST DIRECTION    NW (310)
  AVERAGE WIND SPEED    11.6


SKY COVER
  AVERAGE SKY COVER 0.4


WEATHER CONDITIONS
 THE FOLLOWING WEATHER WAS RECORDED YESTERDAY.
  NO SIGNIFICANT WEATHER WAS OBSERVED.


RELATIVE HUMIDITY (PERCENT)
 HIGHEST    33           900 AM
 LOWEST      5           600 PM
 AVERAGE    19

..........................................................


THE LUBBOCK CLIMATE NORMALS FOR TODAY
                         NORMAL    RECORD    YEAR
 MAXIMUM TEMPERATURE (F)   87       103      1984
 MINIMUM TEMPERATURE (F)   59        48      1961
                                             1950


SUNRISE AND SUNSET
MAY 27 2017...........SUNRISE   640 AM CDT   SUNSET   850 PM CDT
MAY 28 2017...........SUNRISE   639 AM CDT   SUNSET   850 PM CDT


-  INDICATES NEGATIVE NUMBERS.
R  INDICATES RECORD WAS SET OR TIED.
MM INDICATES DATA IS MISSING.
T  INDICATES TRACE AMOUNT.




$$
