000
CDUS44 KLUB 190627
CLILBB


CLIMATE REPORT
NATIONAL WEATHER SERVICE LUBBOCK, TX
1226 AM CST FRI JAN 19 2018


...................................

...THE LUBBOCK CLIMATE SUMMARY FOR JANUARY 18 2018...

CLIMATE NORMAL PERIOD 1981 TO 2010
CLIMATE RECORD PERIOD 1911 TO 2018


WEATHER ITEM   OBSERVED TIME   RECORD YEAR NORMAL DEPARTURE LAST
                VALUE   (LST)  VALUE       VALUE  FROM      YEAR
                                                  NORMAL
..................................................................
TEMPERATURE (F)
 YESTERDAY
  MAXIMUM         51    409 PM  79    1914  54     -3       57
  MINIMUM         15    815 AM  -5    1930  26    -11       41
  AVERAGE         33                        40     -7       49

PRECIPITATION (IN)
  YESTERDAY        0.00          0.55 1925   0.03  -0.03      T
  MONTH TO DATE    T                         0.34  -0.34     2.02
  SINCE DEC 1      T                         1.10  -1.10     2.51
  SINCE JAN 1      T                         0.34  -0.34     2.02

SNOWFALL (IN)
  YESTERDAY        0.0           5.5  1925   0.1   -0.1      0.0
  MONTH TO DATE    T                         1.4   -1.4      0.2
  SINCE DEC 1      0.3                       3.7   -3.4      0.2
  SINCE JUL 1      0.3                       4.6   -4.3      0.2
  SNOW DEPTH       0

DEGREE DAYS
 HEATING
  YESTERDAY       32                        25      7       16
  MONTH TO DATE  516                       454     62      411
  SINCE DEC 1   1222                      1210     12     1117
  SINCE JUL 1   1728                      1852   -124     1481

 COOLING
  YESTERDAY        0                         0      0        0
  MONTH TO DATE    0                         0      0        0
  SINCE DEC 1      0                         0      0        0
  SINCE JAN 1      0                         0      0        0
..................................................................


WIND (MPH)
  RESULTANT WIND SPEED   9   RESULTANT WIND DIRECTION  SW (220)
  HIGHEST WIND SPEED    18   HIGHEST WIND DIRECTION     S (200)
  HIGHEST GUST SPEED    22   HIGHEST GUST DIRECTION    SW (210)
  AVERAGE WIND SPEED     9.7


SKY COVER
  AVERAGE SKY COVER 0.3


WEATHER CONDITIONS
 THE FOLLOWING WEATHER WAS RECORDED YESTERDAY.
  NO SIGNIFICANT WEATHER WAS OBSERVED.


RELATIVE HUMIDITY (PERCENT)
 HIGHEST    51          1100 PM
 LOWEST     22           400 AM
 AVERAGE    37

..........................................................


THE LUBBOCK CLIMATE NORMALS FOR TODAY
                         NORMAL    RECORD    YEAR
 MAXIMUM TEMPERATURE (F)   54        80      2000
 MINIMUM TEMPERATURE (F)   26         0      1963
                                             1943


SUNRISE AND SUNSET
JANUARY 19 2018.......SUNRISE   750 AM CST   SUNSET   606 PM CST
JANUARY 20 2018.......SUNRISE   750 AM CST   SUNSET   607 PM CST


-  INDICATES NEGATIVE NUMBERS.
R  INDICATES RECORD WAS SET OR TIED.
MM INDICATES DATA IS MISSING.
T  INDICATES TRACE AMOUNT.




$$
