000
CDUS44 KLUB 262226
CLILBB


CLIMATE REPORT
NATIONAL WEATHER SERVICE LUBBOCK, TX
525 PM CDT SUN MAR 26 2017


...................................

...THE LUBBOCK CLIMATE SUMMARY FOR MARCH 26 2017...
VALID TODAY AS OF 0500 PM LOCAL TIME.

CLIMATE NORMAL PERIOD 1981 TO 2010
CLIMATE RECORD PERIOD 1911 TO 2017


WEATHER ITEM   OBSERVED TIME   RECORD YEAR NORMAL DEPARTURE LAST
                VALUE   (LST)  VALUE       VALUE  FROM      YEAR
                                                  NORMAL
..................................................................
TEMPERATURE (F)
 TODAY
  MAXIMUM         79    359 PM  88    1956  70      9       74
  MINIMUM         47    451 AM  16    1965  40      7       38
  AVERAGE         63                        54      9       56

PRECIPITATION (IN)
  TODAY            0.00          0.48 1941   0.04  -0.04     0.00
  MONTH TO DATE    0.13                      0.91  -0.78     0.20
  SINCE MAR 1      0.13                      0.91  -0.78     0.20
  SINCE JAN 1      3.05                      2.31   0.74     0.59

SNOWFALL (IN)
  TODAY            0.0           3.5  1926   0.0    0.0      0.0
  MONTH TO DATE    0.0                       0.5   -0.5      0.0
  SINCE MAR 1      0.0                       0.5   -0.5      0.0
  SINCE JUL 1      0.2                       7.9   -7.7     13.3
  SNOW DEPTH       0

DEGREE DAYS
 HEATING
  TODAY            2                        11     -9        9
  MONTH TO DATE  183                       364   -181      213
  SINCE MAR 1    183                       364   -181      213
  SINCE JUL 1   2267                      3103   -836     2613

 COOLING
  TODAY            0                         0      0        0
  MONTH TO DATE   46                         0     46        4
  SINCE MAR 1     46                         0     46        4
  SINCE JAN 1     50                         0     50        8
..................................................................


WIND (MPH)
  RESULTANT WIND SPEED  10   RESULTANT WIND DIRECTION   W (250)
  HIGHEST WIND SPEED    35   HIGHEST WIND DIRECTION     W (260)
  HIGHEST GUST SPEED    43   HIGHEST GUST DIRECTION     W (260)
  AVERAGE WIND SPEED    14.3


SKY COVER
  AVERAGE SKY COVER 0.5


WEATHER CONDITIONS
 THE FOLLOWING WEATHER WAS RECORDED TODAY.
  NO SIGNIFICANT WEATHER WAS OBSERVED.


RELATIVE HUMIDITY (PERCENT)
 HIGHEST    61           400 AM
 LOWEST      9           200 PM
 AVERAGE    35

..........................................................


THE LUBBOCK CLIMATE NORMALS FOR TOMORROW
                         NORMAL    RECORD    YEAR
 MAXIMUM TEMPERATURE (F)   70        94      1971
 MINIMUM TEMPERATURE (F)   40        12      1931


SUNRISE AND SUNSET
MARCH 26 2017.........SUNRISE   742 AM CDT   SUNSET   804 PM CDT
MARCH 27 2017.........SUNRISE   741 AM CDT   SUNSET   804 PM CDT


-  INDICATES NEGATIVE NUMBERS.
R  INDICATES RECORD WAS SET OR TIED.
MM INDICATES DATA IS MISSING.
T  INDICATES TRACE AMOUNT.




$$
