321
CDUS43 KLBF 201041
CLILBF


CLIMATE REPORT
NATIONAL WEATHER SERVICE NORTH PLATTE
438 AM CST TUE FEB 20 2018


...................................

...THE NORTH PLATTE NE CLIMATE SUMMARY FOR FEBRUARY 19 2018...

CLIMATE NORMAL PERIOD 1981 TO 2010
CLIMATE RECORD PERIOD 1874 TO 2018


WEATHER ITEM   OBSERVED TIME   RECORD YEAR NORMAL DEPARTURE LAST
                VALUE   (LST)  VALUE       VALUE  FROM      YEAR
                                                  NORMAL
..................................................................
TEMPERATURE (F)
 YESTERDAY
  MAXIMUM         20   1202 AM  73    1930  44    -24       70
  MINIMUM          7   1159 PM -11    1959  16     -9       37
  AVERAGE         14                        30    -16       54

PRECIPITATION (IN)
  YESTERDAY        0.10          0.88 1951   0.02   0.08     0.10
  MONTH TO DATE    0.57                      0.28   0.29     0.22
  SINCE DEC 1      2.17                      1.03   1.14     1.51
  SINCE JAN 1      1.62                      0.62   1.00     0.89

SNOWFALL (IN)
  YESTERDAY        1.2           4.4  1953   0.2    1.0      0.0
  MONTH TO DATE    8.7                       3.6    5.1      1.5
  SINCE DEC 1     30.4                      13.0   17.4     10.9
  SINCE JUL 1     31.4                      19.2   12.2     15.9
  SNOW DEPTH       T

DEGREE DAYS
 HEATING
  YESTERDAY       51                        35     16       11
  MONTH TO DATE  820                       707    113      544
  SINCE DEC 1   3341                      3176    165     3006
  SINCE JUL 1   4632                      4727    -95     4047

 COOLING
  YESTERDAY        0                         0      0        0
  MONTH TO DATE    0                         0      0        0
  SINCE DEC 1      0                         0      0        0
  SINCE JAN 1      0                         0      0        0
..................................................................


WIND (MPH)
  HIGHEST WIND SPEED    28   HIGHEST WIND DIRECTION     N (360)
  HIGHEST GUST SPEED    35   HIGHEST GUST DIRECTION     N (360)
  AVERAGE WIND SPEED    14.7


SKY COVER
  POSSIBLE SUNSHINE  MM
  AVERAGE SKY COVER 1.0


WEATHER CONDITIONS
 THE FOLLOWING WEATHER WAS RECORDED YESTERDAY.
  HEAVY SNOW
  SNOW
  LIGHT SNOW
  FOG
  FOG W/VISIBILITY <= 1/4 MILE
  HAZE


RELATIVE HUMIDITY (PERCENT)
 HIGHEST    84           700 AM
 LOWEST     73           100 AM
 AVERAGE    79

..........................................................


THE NORTH PLATTE NE CLIMATE NORMALS FOR TODAY
                         NORMAL    RECORD    YEAR
 MAXIMUM TEMPERATURE (F)   44        74      1930
 MINIMUM TEMPERATURE (F)   16       -19      1959


SUNRISE AND SUNSET
FEBRUARY 20 2018......SUNRISE   730 AM CST   SUNSET   623 PM CST
FEBRUARY 21 2018......SUNRISE   729 AM CST   SUNSET   624 PM CST


-  INDICATES NEGATIVE NUMBERS.
R  INDICATES RECORD WAS SET OR TIED.
MM INDICATES DATA IS MISSING.
T  INDICATES TRACE AMOUNT.




$$
