000
CDUS43 KLBF 260944
CLILBF

CLIMATE REPORT
NATIONAL WEATHER SERVICE NORTH PLATTE
443 AM CDT TUE SEP 26 2017


...................................

...THE NORTH PLATTE NE CLIMATE SUMMARY FOR SEPTEMBER 25 2017...

CLIMATE NORMAL PERIOD 1981 TO 2010
CLIMATE RECORD PERIOD 1874 TO 2017


WEATHER ITEM   OBSERVED TIME   RECORD YEAR NORMAL DEPARTURE LAST
                VALUE   (LST)  VALUE       VALUE  FROM      YEAR
                                                  NORMAL
..................................................................
TEMPERATURE (F)
 YESTERDAY
  MAXIMUM         52    319 PM  94    1903  74    -22       74
  MINIMUM         48    520 AM  23    1926  42      6       38
  AVERAGE         50                        58     -8       56

PRECIPITATION (IN)
  YESTERDAY        0.66          1.93 1877   0.04   0.62     0.00
  MONTH TO DATE    4.62                      1.17   3.45     0.94
  SINCE SEP 1      4.62                      1.17   3.45     0.94
  SINCE JAN 1     22.38                     17.39   4.99    20.10

SNOWFALL (IN)
  YESTERDAY        0.0           0.0  2002   0.0    0.0      0.0
                                      2001
  MONTH TO DATE    0.0                       0.1   -0.1      0.0
  SINCE SEP 1      0.0                       0.1   -0.1      0.0
  SINCE JUL 1      T                         0.1   -0.1      0.0
  SNOW DEPTH       0

DEGREE DAYS
 HEATING
  YESTERDAY       15                         8      7        9
  MONTH TO DATE   76                       107    -31       42
  SINCE SEP 1     76                       107    -31       42
  SINCE JUL 1     80                       127    -47       54

 COOLING
  YESTERDAY        0                         1     -1        0
  MONTH TO DATE  130                        67     63      101
  SINCE SEP 1    130                        67     63      101
  SINCE JAN 1    953                       762    191      908
..................................................................


WIND (MPH)
  HIGHEST WIND SPEED    20   HIGHEST WIND DIRECTION    NE (60)
  HIGHEST GUST SPEED    23   HIGHEST GUST DIRECTION    NE (50)
  AVERAGE WIND SPEED     8.8


SKY COVER
  POSSIBLE SUNSHINE  MM
  AVERAGE SKY COVER 1.0


WEATHER CONDITIONS
 THE FOLLOWING WEATHER WAS RECORDED YESTERDAY.
  HEAVY RAIN
  RAIN
  LIGHT RAIN
  FOG


RELATIVE HUMIDITY (PERCENT)
 HIGHEST   100           700 PM
 LOWEST     83          1200 PM
 AVERAGE    92

..........................................................


THE NORTH PLATTE NE CLIMATE NORMALS FOR TODAY
                         NORMAL    RECORD    YEAR
 MAXIMUM TEMPERATURE (F)   73        93      1974
 MINIMUM TEMPERATURE (F)   42        26      1934


SUNRISE AND SUNSET
SEPTEMBER 26 2017.....SUNRISE   735 AM CDT   SUNSET   733 PM CDT
SEPTEMBER 27 2017.....SUNRISE   736 AM CDT   SUNSET   731 PM CDT


-  INDICATES NEGATIVE NUMBERS.
R  INDICATES RECORD WAS SET OR TIED.
MM INDICATES DATA IS MISSING.
T  INDICATES TRACE AMOUNT.




$$
