000
CDUS43 KLBF 280949
CLILBF

CLIMATE REPORT
NATIONAL WEATHER SERVICE NORTH PLATTE
446 AM CDT THU MAY 28 2015


...................................

...THE NORTH PLATTE NE CLIMATE SUMMARY FOR MAY 27 2015...

CLIMATE NORMAL PERIOD 1981 TO 2010
CLIMATE RECORD PERIOD 1874 TO 2015


WEATHER ITEM   OBSERVED TIME   RECORD YEAR NORMAL DEPARTURE LAST
                VALUE   (LST)  VALUE       VALUE  FROM      YEAR
                                                  NORMAL
..................................................................
TEMPERATURE (F)
 YESTERDAY
  MAXIMUM         77    147 PM  99    2006  75      2       88
  MINIMUM         46    428 AM  29    1907  48     -2       51
  AVERAGE         62                        61      1       70

PRECIPITATION (IN)
  YESTERDAY        T             2.20 1995   0.12  -0.12     0.00
  MONTH TO DATE    4.00                      2.78   1.22     1.77
  SINCE MAR 1      7.02                      6.10   0.92     3.20
  SINCE JAN 1      7.76                      6.94   0.82     4.25

SNOWFALL (IN)
  YESTERDAY        0.0           0.0    MM   0.0    0.0      0.0
  MONTH TO DATE    T                         0.0    0.0       T
  SINCE MAR 1      2.4                       7.6   -5.2      7.4
  SINCE JUL 1     21.3                      28.5   -7.2     29.8
  SNOW DEPTH       0

DEGREE DAYS
 HEATING
  YESTERDAY        3                         5     -2        0
  MONTH TO DATE  257                       226     31      263
  SINCE MAR 1   1352                      1588   -236     1639
  SINCE JUL 1   6241                      6616   -375     6830

 COOLING
  YESTERDAY        0                         1     -1        5
  MONTH TO DATE    0                        17    -17       15
  SINCE MAR 1      2                        20    -18       17
  SINCE JAN 1      2                        20    -18       17
..................................................................


WIND (MPH)
  HIGHEST WIND SPEED    21   HIGHEST WIND DIRECTION     S (170)
  HIGHEST GUST SPEED    28   HIGHEST GUST DIRECTION     S (170)
  AVERAGE WIND SPEED     8.0


SKY COVER
  POSSIBLE SUNSHINE  MM
  AVERAGE SKY COVER 0.1


WEATHER CONDITIONS
 THE FOLLOWING WEATHER WAS RECORDED YESTERDAY.
  LIGHT RAIN


RELATIVE HUMIDITY (PERCENT)
 HIGHEST    93           200 AM
 LOWEST     47          1000 AM
 AVERAGE    70

..........................................................


THE NORTH PLATTE NE CLIMATE NORMALS FOR TODAY
                         NORMAL    RECORD    YEAR
 MAXIMUM TEMPERATURE (F)   75        98      2006
 MINIMUM TEMPERATURE (F)   48        33      1992
                                             1947


SUNRISE AND SUNSET
MAY 28 2015...........SUNRISE   615 AM CDT   SUNSET   906 PM CDT
MAY 29 2015...........SUNRISE   614 AM CDT   SUNSET   907 PM CDT


-  INDICATES NEGATIVE NUMBERS.
R  INDICATES RECORD WAS SET OR TIED.
MM INDICATES DATA IS MISSING.
T  INDICATES TRACE AMOUNT.

$$
