000
CDUS43 KLBF 241007
CLILBF


CLIMATE REPORT
NATIONAL WEATHER SERVICE NORTH PLATTE
405 AM CST TUE JAN 24 2017


...................................

...THE NORTH PLATTE NE CLIMATE SUMMARY FOR JANUARY 23 2017...

CLIMATE NORMAL PERIOD 1981 TO 2010
CLIMATE RECORD PERIOD 1874 TO 2017


WEATHER ITEM   OBSERVED TIME   RECORD YEAR NORMAL DEPARTURE LAST
                VALUE   (LST)  VALUE       VALUE  FROM      YEAR
                                                  NORMAL
..................................................................
TEMPERATURE (F)
 YESTERDAY
  MAXIMUM         52    349 PM  70    1981  39     13       52
  MINIMUM         19    442 AM -23    1963  11      8       24
  AVERAGE         36                        25     11       38

PRECIPITATION (IN)
  YESTERDAY        0.00          0.24 1903   0.01  -0.01      T
  MONTH TO DATE    0.56                      0.25   0.31     0.24
  SINCE DEC 1      1.18                      0.66   0.52     0.52
  SINCE JAN 1      0.56                      0.25   0.31     0.24

SNOWFALL (IN)
  YESTERDAY        0.0           4.5  2000   0.2   -0.2       T
  MONTH TO DATE    7.2                       3.6    3.6      2.4
  SINCE DEC 1      8.0                       8.2   -0.2      5.8
  SINCE JUL 1     13.0                      14.4   -1.4     10.4
  SNOW DEPTH       0

DEGREE DAYS
 HEATING
  YESTERDAY       29                        40    -11       27
  MONTH TO DATE  974                       925     49      878
  SINCE DEC 1   2200                      2154     46     1960
  SINCE JUL 1   3241                      3705   -464     3146

 COOLING
  YESTERDAY        0                         0      0        0
  MONTH TO DATE    0                         0      0        0
  SINCE DEC 1      0                         0      0        0
  SINCE JAN 1      0                         0      0        0
..................................................................


WIND (MPH)
  HIGHEST WIND SPEED    20   HIGHEST WIND DIRECTION     S (180)
  HIGHEST GUST SPEED    29   HIGHEST GUST DIRECTION     S (170)
  AVERAGE WIND SPEED     7.3


SKY COVER
  POSSIBLE SUNSHINE  MM
  AVERAGE SKY COVER 0.3


WEATHER CONDITIONS
 THE FOLLOWING WEATHER WAS RECORDED YESTERDAY.
  FOG


RELATIVE HUMIDITY (PERCENT)
 HIGHEST    92          1200 AM
 LOWEST     39           100 PM
 AVERAGE    66

..........................................................


THE NORTH PLATTE NE CLIMATE NORMALS FOR TODAY
                         NORMAL    RECORD    YEAR
 MAXIMUM TEMPERATURE (F)   39        70      1981
 MINIMUM TEMPERATURE (F)   12       -26      1894


SUNRISE AND SUNSET
JANUARY 24 2017.......SUNRISE   800 AM CST   SUNSET   550 PM CST
JANUARY 25 2017.......SUNRISE   759 AM CST   SUNSET   551 PM CST


-  INDICATES NEGATIVE NUMBERS.
R  INDICATES RECORD WAS SET OR TIED.
MM INDICATES DATA IS MISSING.
T  INDICATES TRACE AMOUNT.

$$
