000
CDUS43 KLBF 200859
CLILBF


CLIMATE REPORT
NATIONAL WEATHER SERVICE NORTH PLATTE
357 AM CDT THU JUL 20 2017


...................................

...THE NORTH PLATTE NE CLIMATE SUMMARY FOR JULY 19 2017...

CLIMATE NORMAL PERIOD 1981 TO 2010
CLIMATE RECORD PERIOD 1874 TO 2017


WEATHER ITEM   OBSERVED TIME   RECORD YEAR NORMAL DEPARTURE LAST
                VALUE   (LST)  VALUE       VALUE  FROM      YEAR
                                                  NORMAL
..................................................................
TEMPERATURE (F)
 YESTERDAY
  MAXIMUM        106    339 PM 107    1934  89     17       95
  MINIMUM         70    546 AM  49    1959  61      9       66
  AVERAGE         88                        75     13       81

PRECIPITATION (IN)
  YESTERDAY        0.00          1.12 1891   0.11  -0.11     0.28
  MONTH TO DATE    2.00                      1.83   0.17     2.49
  SINCE JUN 1      2.43                      5.25  -2.82     5.75
  SINCE JAN 1     10.97                     12.69  -1.72    16.93

SNOWFALL (IN)
  YESTERDAY        0.0           0.0  2002   0.0    0.0      0.0
                                      2001
  MONTH TO DATE    T                         0.0    0.0      0.0
  SINCE JUN 1      T                         0.0    0.0      0.0
  SINCE JUL 1      T                         0.0    0.0      0.0
  SNOW DEPTH       0

DEGREE DAYS
 HEATING
  YESTERDAY        0                         0      0        0
  MONTH TO DATE    0                         0      0        6
  SINCE JUN 1      7                        51    -44       16
  SINCE JUL 1      0                         0      0        6

 COOLING
  YESTERDAY       23                        10     13       16
  MONTH TO DATE  256                       176     80      165
  SINCE JUN 1    468                       314    154      413
  SINCE JAN 1    485                       342    143      423
..................................................................


WIND (MPH)
  HIGHEST WIND SPEED    21   HIGHEST WIND DIRECTION     S (180)
  HIGHEST GUST SPEED    29   HIGHEST GUST DIRECTION     S (170)
  AVERAGE WIND SPEED     8.0


SKY COVER
  POSSIBLE SUNSHINE  MM
  AVERAGE SKY COVER 0.3


WEATHER CONDITIONS
 THE FOLLOWING WEATHER WAS RECORDED YESTERDAY.
  FOG
  FOG W/VISIBILITY <= 1/4 MILE
  HAZE


RELATIVE HUMIDITY (PERCENT)
 HIGHEST   100           700 AM
 LOWEST     22           300 PM
 AVERAGE    61

..........................................................


THE NORTH PLATTE NE CLIMATE NORMALS FOR TODAY
                         NORMAL    RECORD    YEAR
 MAXIMUM TEMPERATURE (F)   89       107      1934
 MINIMUM TEMPERATURE (F)   61        45      1877


SUNRISE AND SUNSET
JULY 20 2017..........SUNRISE   628 AM CDT   SUNSET   910 PM CDT
JULY 21 2017..........SUNRISE   628 AM CDT   SUNSET   909 PM CDT


-  INDICATES NEGATIVE NUMBERS.
R  INDICATES RECORD WAS SET OR TIED.
MM INDICATES DATA IS MISSING.
T  INDICATES TRACE AMOUNT.




$$
