000
CDUS43 KLBF 281030
CLILBF

CLIMATE REPORT
NATIONAL WEATHER SERVICE NORTH PLATTE
430 AM CST FRI NOV 28 2014

...................................

...THE NORTH PLATTE NE CLIMATE SUMMARY FOR NOVEMBER 27 2014...

CLIMATE NORMAL PERIOD 1981 TO 2010
CLIMATE RECORD PERIOD 1874 TO 2014


WEATHER ITEM   OBSERVED TIME   RECORD YEAR NORMAL DEPARTURE LAST
                VALUE   (LST)  VALUE       VALUE  FROM      YEAR
                                                  NORMAL
..................................................................
TEMPERATURE (F)
 YESTERDAY
  MAXIMUM         50    323 PM  73    1998  44      6       56
  MINIMUM         17    809 AM -25    1887  16      1       12
  AVERAGE         34                        30      4       34

PRECIPITATION (IN)
  YESTERDAY        0.00          0.88 1983   0.01  -0.01     0.00
  MONTH TO DATE    0.08                      0.59  -0.51     0.51
  SINCE SEP 1      2.20                      3.55  -1.35     7.25
  SINCE JAN 1     20.48                     19.77   0.71    21.61

SNOWFALL (IN)
  YESTERDAY        0.0           8.3  1983   0.2   -0.2      0.0
  MONTH TO DATE    0.4                       3.5   -3.1      3.1
  SINCE SEP 1      0.4                       5.8   -5.4      3.1
  SINCE JUL 1      0.4                       5.8   -5.4      3.1
  SNOW DEPTH       0

DEGREE DAYS
 HEATING
  YESTERDAY       31                        35     -4       31
  MONTH TO DATE  901                       776    125      772
  SINCE SEP 1   1415                      1425    -10     1373
  SINCE JUL 1   1432                      1445    -13     1386

 COOLING
  YESTERDAY        0                         0      0        0
  MONTH TO DATE    0                         0      0        0
  SINCE SEP 1     75                        73      2      161
  SINCE JAN 1    744                       768    -24      998
..................................................................


WIND (MPH)
  HIGHEST WIND SPEED    15   HIGHEST WIND DIRECTION     S (170)
  HIGHEST GUST SPEED    19   HIGHEST GUST DIRECTION     S (180)
  AVERAGE WIND SPEED     6.7


SKY COVER
  POSSIBLE SUNSHINE  MM
  AVERAGE SKY COVER 0.2


WEATHER CONDITIONS
 THE FOLLOWING WEATHER WAS RECORDED YESTERDAY.
  NO SIGNIFICANT WEATHER WAS OBSERVED.


RELATIVE HUMIDITY (PERCENT)
 HIGHEST    92           700 AM
 LOWEST     36           300 PM
 AVERAGE    64

..........................................................


THE NORTH PLATTE NE CLIMATE NORMALS FOR TODAY
                         NORMAL    RECORD    YEAR
 MAXIMUM TEMPERATURE (F)   44        68      1941
 MINIMUM TEMPERATURE (F)   16       -13      1976
                                             1896


SUNRISE AND SUNSET
NOVEMBER 28 2014......SUNRISE   745 AM CST   SUNSET   516 PM CST
NOVEMBER 29 2014......SUNRISE   746 AM CST   SUNSET   515 PM CST


-  INDICATES NEGATIVE NUMBERS.
R  INDICATES RECORD WAS SET OR TIED.
MM INDICATES DATA IS MISSING.
T  INDICATES TRACE AMOUNT.

$$
