000
CDUS43 KLBF 250934
CLILBF


CLIMATE REPORT
NATIONAL WEATHER SERVICE NORTH PLATTE
433 AM CDT THU AUG 25 2016


...................................

...THE NORTH PLATTE NE CLIMATE SUMMARY FOR AUGUST 24 2016...

CLIMATE NORMAL PERIOD 1981 TO 2010
CLIMATE RECORD PERIOD 1874 TO 2016


WEATHER ITEM   OBSERVED TIME   RECORD YEAR NORMAL DEPARTURE LAST
                VALUE   (LST)  VALUE       VALUE  FROM      YEAR
                                                  NORMAL
..................................................................
TEMPERATURE (F)
 YESTERDAY
  MAXIMUM         82    219 PM 105    1936  85     -3       83
  MINIMUM         53    303 AM  39    1928  56     -3       43
  AVERAGE         68                        71     -3       63

PRECIPITATION (IN)
  YESTERDAY        0.00          1.64 1992   0.06  -0.06     0.00
  MONTH TO DATE    0.80                      1.92  -1.12     3.19
  SINCE JUN 1      7.90                      8.41  -0.51     8.47
  SINCE JAN 1     19.08                     15.85   3.23    16.57

SNOWFALL (IN)
  YESTERDAY        0.0           0.0  2002   0.0    0.0      0.0
                                      2001
  MONTH TO DATE    0.0                       0.0    0.0      0.0
  SINCE JUN 1      0.0                       0.0    0.0      0.0
  SINCE JUL 1      0.0                       0.0    0.0      0.0
  SNOW DEPTH       0

DEGREE DAYS
 HEATING
  YESTERDAY        0                         1     -1        2
  MONTH TO DATE    5                         3      2       23
  SINCE JUN 1     21                        59    -38       34
  SINCE JUL 1     11                         8      3       29

 COOLING
  YESTERDAY        3                         6     -3        0
  MONTH TO DATE  208                       195     13      142
  SINCE JUN 1    760                       626    134      618
  SINCE JAN 1    770                       654    116      620
..................................................................


WIND (MPH)
  HIGHEST WIND SPEED    15   HIGHEST WIND DIRECTION    NE (60)
  HIGHEST GUST SPEED    21   HIGHEST GUST DIRECTION     N (20)
  AVERAGE WIND SPEED     5.2


SKY COVER
  POSSIBLE SUNSHINE  MM
  AVERAGE SKY COVER 0.0


WEATHER CONDITIONS
 THE FOLLOWING WEATHER WAS RECORDED YESTERDAY.
  NO SIGNIFICANT WEATHER WAS OBSERVED.


RELATIVE HUMIDITY (PERCENT)
 HIGHEST    80          1100 PM
 LOWEST     28          1200 PM
 AVERAGE    54

..........................................................


THE NORTH PLATTE NE CLIMATE NORMALS FOR TODAY
                         NORMAL    RECORD    YEAR
 MAXIMUM TEMPERATURE (F)   85       103      1955
 MINIMUM TEMPERATURE (F)   56        36      1910


SUNRISE AND SUNSET
AUGUST 25 2016........SUNRISE   703 AM CDT   SUNSET   826 PM CDT
AUGUST 26 2016........SUNRISE   704 AM CDT   SUNSET   824 PM CDT


-  INDICATES NEGATIVE NUMBERS.
R  INDICATES RECORD WAS SET OR TIED.
MM INDICATES DATA IS MISSING.
T  INDICATES TRACE AMOUNT.




$$
