000
CDUS43 KLBF 290937
CLILBF

CLIMATE REPORT
NATIONAL WEATHER SERVICE NORTH PLATTE
431 AM CDT SUN MAR 29 2015


...................................

...THE NORTH PLATTE NE CLIMATE SUMMARY FOR MARCH 28 2015...

CLIMATE NORMAL PERIOD 1981 TO 2010
CLIMATE RECORD PERIOD 1874 TO 2015


WEATHER ITEM   OBSERVED TIME   RECORD YEAR NORMAL DEPARTURE LAST
                VALUE   (LST)  VALUE       VALUE  FROM      YEAR
                                                  NORMAL
..................................................................
TEMPERATURE (F)
 YESTERDAY
  MAXIMUM         77    457 PM  86    1986  56     21       58
  MINIMUM         27    646 AM   1    1899  27      0       22
  AVERAGE         52                        42     10       40

PRECIPITATION (IN)
  YESTERDAY        T             1.84 1981   0.04  -0.04      T
  MONTH TO DATE    0.01                      0.91  -0.90     0.66
  SINCE MAR 1      0.01                      0.91  -0.90     0.66
  SINCE JAN 1      0.75                      1.75  -1.00     1.71

SNOWFALL (IN)
  YESTERDAY        0.0          11.6  1980   0.2   -0.2       T
  MONTH TO DATE    0.2                       4.0   -3.8      6.1
  SINCE MAR 1      0.2                       4.0   -3.8      6.1
  SINCE JUL 1     19.1                      24.9   -5.8     28.5
  SNOW DEPTH       0

DEGREE DAYS
 HEATING
  YESTERDAY       13                        23    -10       25
  MONTH TO DATE  622                       768   -146      814
  SINCE MAR 1    622                       768   -146      814
  SINCE JUL 1   5511                      5796   -285     6005

 COOLING
  YESTERDAY        0                         0      0        0
  MONTH TO DATE    0                         0      0        0
  SINCE MAR 1      0                         0      0        0
  SINCE JAN 1      0                         0      0        0
..................................................................


WIND (MPH)
  HIGHEST WIND SPEED    26   HIGHEST WIND DIRECTION     S (180)
  HIGHEST GUST SPEED    34   HIGHEST GUST DIRECTION     S (180)
  AVERAGE WIND SPEED     9.0


SKY COVER
  POSSIBLE SUNSHINE  MM
  AVERAGE SKY COVER 0.1


WEATHER CONDITIONS
 THE FOLLOWING WEATHER WAS RECORDED YESTERDAY.
  THUNDERSTORM
  LIGHT RAIN


RELATIVE HUMIDITY (PERCENT)
 HIGHEST    92           200 AM
 LOWEST     20           400 PM
 AVERAGE    56

..........................................................


THE NORTH PLATTE NE CLIMATE NORMALS FOR TODAY
                         NORMAL    RECORD    YEAR
 MAXIMUM TEMPERATURE (F)   57        86      1943
 MINIMUM TEMPERATURE (F)   27        -8      1886


SUNRISE AND SUNSET
MARCH 29 2015.........SUNRISE   731 AM CDT   SUNSET   804 PM CDT
MARCH 30 2015.........SUNRISE   730 AM CDT   SUNSET   805 PM CDT


-  INDICATES NEGATIVE NUMBERS.
R  INDICATES RECORD WAS SET OR TIED.
MM INDICATES DATA IS MISSING.
T  INDICATES TRACE AMOUNT.

$$
