000
CDUS43 KLBF 230937
CLILBF


CLIMATE REPORT
NATIONAL WEATHER SERVICE NORTH PLATTE
436 AM CDT SUN APR 23 2017


...................................

...THE NORTH PLATTE NE CLIMATE SUMMARY FOR APRIL 22 2017...

CLIMATE NORMAL PERIOD 1981 TO 2010
CLIMATE RECORD PERIOD 1874 TO 2017


WEATHER ITEM   OBSERVED TIME   RECORD YEAR NORMAL DEPARTURE LAST
                VALUE   (LST)  VALUE       VALUE  FROM      YEAR
                                                  NORMAL
..................................................................
TEMPERATURE (F)
 YESTERDAY
  MAXIMUM         65    438 PM  93    1989  64      1       73
  MINIMUM         27    541 AM  20    1996  35     -8       32
                                      1967
  AVERAGE         46                        50     -4       53

PRECIPITATION (IN)
  YESTERDAY        0.00          2.80 1890   0.09  -0.09     0.00
  MONTH TO DATE    0.31                      1.56  -1.25     3.46
  SINCE MAR 1      2.13                      2.61  -0.48     4.12
  SINCE JAN 1      3.32                      3.45  -0.13     5.38

SNOWFALL (IN)
  YESTERDAY        0.0           3.6  1887   0.1   -0.1      0.0
  MONTH TO DATE    0.0                       2.8   -2.8       T
  SINCE MAR 1      T                         7.2   -7.2      4.3
  SINCE JUL 1     20.3                      28.1   -7.8     29.9
  SNOW DEPTH       0

DEGREE DAYS
 HEATING
  YESTERDAY       19                        15      4       12
  MONTH TO DATE  265                       414   -149      337
  SINCE MAR 1    916                      1251   -335     1023
  SINCE JUL 1   5238                      6279  -1041     5300

 COOLING
  YESTERDAY        0                         0      0        0
  MONTH TO DATE    2                         0      2        0
  SINCE MAR 1      2                         0      2        0
  SINCE JAN 1      2                         0      2        0
..................................................................


WIND (MPH)
  HIGHEST WIND SPEED    10   HIGHEST WIND DIRECTION    NE (30)
  HIGHEST GUST SPEED    14   HIGHEST GUST DIRECTION     N (20)
  AVERAGE WIND SPEED     4.5


SKY COVER
  POSSIBLE SUNSHINE  MM
  AVERAGE SKY COVER 0.1


WEATHER CONDITIONS
 THE FOLLOWING WEATHER WAS RECORDED YESTERDAY.
  NO SIGNIFICANT WEATHER WAS OBSERVED.


RELATIVE HUMIDITY (PERCENT)
 HIGHEST   100           300 AM
 LOWEST     25           600 PM
 AVERAGE    63

..........................................................


THE NORTH PLATTE NE CLIMATE NORMALS FOR TODAY
                         NORMAL    RECORD    YEAR
 MAXIMUM TEMPERATURE (F)   65        91      1939
 MINIMUM TEMPERATURE (F)   36        18      2013


SUNRISE AND SUNSET
APRIL 23 2017.........SUNRISE   651 AM CDT   SUNSET   832 PM CDT
APRIL 24 2017.........SUNRISE   650 AM CDT   SUNSET   833 PM CDT


-  INDICATES NEGATIVE NUMBERS.
R  INDICATES RECORD WAS SET OR TIED.
MM INDICATES DATA IS MISSING.
T  INDICATES TRACE AMOUNT.




$$
