000
CDUS43 KLBF 200931
CLILBF

CLIMATE REPORT
NATIONAL WEATHER SERVICE NORTH PLATTE
431 AM CDT SUN APR 20 2014


...................................

...THE NORTH PLATTE NE CLIMATE SUMMARY FOR APRIL 19 2014...

CLIMATE NORMAL PERIOD 1981 TO 2010
CLIMATE RECORD PERIOD 1874 TO 2014


WEATHER ITEM   OBSERVED TIME   RECORD YEAR NORMAL DEPARTURE LAST
                VALUE   (LST)  VALUE       VALUE  FROM      YEAR
                                                  NORMAL
..................................................................
TEMPERATURE (F)
 YESTERDAY
  MAXIMUM         69    413 PM  89    1987  63      6       52
  MINIMUM         48   1121 PM  17    1953  34     14       21
  AVERAGE         59                        49     10       37

PRECIPITATION (IN)
  YESTERDAY        0.00          2.22 1971   0.09  -0.09     0.00
  MONTH TO DATE    0.14                      1.30  -1.16     1.25
  SINCE MAR 1      0.93                      2.35  -1.42     1.74
  SINCE JAN 1      1.98                      3.19  -1.21     3.02

SNOWFALL (IN)
  YESTERDAY        0.0           2.0  1966   0.1   -0.1      0.0
  MONTH TO DATE    1.1                       2.6   -1.5      6.7
  SINCE MAR 1      7.4                       7.0    0.4      9.4
  SINCE JUL 1     29.8                      27.9    1.9     29.3
  SNOW DEPTH       0

DEGREE DAYS
 HEATING
  YESTERDAY        6                        16    -10       28
  MONTH TO DATE  370                       367      3      476
  SINCE MAR 1   1244                      1204     40     1349
  SINCE JUL 1   6435                      6232    203     6309

 COOLING
  YESTERDAY        0                         0      0        0
  MONTH TO DATE    0                         0      0        0
  SINCE MAR 1      0                         0      0        0
  SINCE JAN 1      0                         0      0        0
..................................................................


WIND (MPH)
  HIGHEST WIND SPEED    24   HIGHEST WIND DIRECTION     S (170)
  HIGHEST GUST SPEED    31   HIGHEST GUST DIRECTION     S (170)
  AVERAGE WIND SPEED     9.8


SKY COVER
  POSSIBLE SUNSHINE  MM
  AVERAGE SKY COVER 0.0


WEATHER CONDITIONS
 THE FOLLOWING WEATHER WAS RECORDED YESTERDAY.
  NO SIGNIFICANT WEATHER WAS OBSERVED.


RELATIVE HUMIDITY (PERCENT)
 HIGHEST    80          1000 PM
 LOWEST     39           300 PM
 AVERAGE    60

..........................................................


THE NORTH PLATTE NE CLIMATE NORMALS FOR TODAY
                         NORMAL    RECORD    YEAR
 MAXIMUM TEMPERATURE (F)   64        93      1902
 MINIMUM TEMPERATURE (F)   35        17      1953


SUNRISE AND SUNSET
APRIL 20 2014.........SUNRISE   656 AM CDT   SUNSET   828 PM CDT
APRIL 21 2014.........SUNRISE   654 AM CDT   SUNSET   829 PM CDT


-  INDICATES NEGATIVE NUMBERS.
R  INDICATES RECORD WAS SET OR TIED.
MM INDICATES DATA IS MISSING.
T  INDICATES TRACE AMOUNT.

$$
