000
CDUS43 KLBF 220936
CLILBF

CLIMATE REPORT
NATIONAL WEATHER SERVICE NORTH PLATTE
435 AM CDT MON SEP 22 2014


...................................

...THE NORTH PLATTE NE CLIMATE SUMMARY FOR SEPTEMBER 21 2014...

CLIMATE NORMAL PERIOD 1981 TO 2010
CLIMATE RECORD PERIOD 1874 TO 2014


WEATHER ITEM   OBSERVED TIME   RECORD YEAR NORMAL DEPARTURE LAST
                VALUE   (LST)  VALUE       VALUE  FROM      YEAR
                                                  NORMAL
..................................................................
TEMPERATURE (F)
 YESTERDAY
  MAXIMUM         77    318 PM  98    2005  76      1       83
  MINIMUM         42    653 AM  24    1983  44     -2       44
  AVERAGE         60                        60      0       64

PRECIPITATION (IN)
  YESTERDAY        0.00          1.63 2006   0.05  -0.05     0.00
  MONTH TO DATE    0.83                      0.99  -0.16     3.83
  SINCE SEP 1      0.83                      0.99  -0.16     3.83
  SINCE JAN 1     19.11                     17.21   1.90    18.19

SNOWFALL (IN)
  YESTERDAY        0.0           0.0  2002   0.0    0.0      0.0
                                      2001
  MONTH TO DATE    T                         0.1   -0.1      0.0
  SINCE SEP 1      T                         0.1   -0.1      0.0
  SINCE JUL 1      T                         0.1   -0.1      0.0
  SNOW DEPTH       0

DEGREE DAYS
 HEATING
  YESTERDAY        5                         6     -1        1
  MONTH TO DATE  117                        77     40       33
  SINCE SEP 1    117                        77     40       33
  SINCE JUL 1    134                        97     37       46

 COOLING
  YESTERDAY        0                         1     -1        0
  MONTH TO DATE   42                        63    -21      154
  SINCE SEP 1     42                        63    -21      154
  SINCE JAN 1    711                       758    -47      991
..................................................................


WIND (MPH)
  HIGHEST WIND SPEED    14   HIGHEST WIND DIRECTION     N (20)
  HIGHEST GUST SPEED    17   HIGHEST GUST DIRECTION    NE (30)
  AVERAGE WIND SPEED     3.8


SKY COVER
  POSSIBLE SUNSHINE  MM
  AVERAGE SKY COVER 0.2


WEATHER CONDITIONS
 THE FOLLOWING WEATHER WAS RECORDED YESTERDAY.
  NO SIGNIFICANT WEATHER WAS OBSERVED.


RELATIVE HUMIDITY (PERCENT)
 HIGHEST    96           400 AM
 LOWEST     25           400 PM
 AVERAGE    61

..........................................................


THE NORTH PLATTE NE CLIMATE NORMALS FOR TODAY
                         NORMAL    RECORD    YEAR
 MAXIMUM TEMPERATURE (F)   75        93      1938
 MINIMUM TEMPERATURE (F)   44        24      1995


SUNRISE AND SUNSET
SEPTEMBER 22 2014.....SUNRISE   730 AM CDT   SUNSET   740 PM CDT
SEPTEMBER 23 2014.....SUNRISE   731 AM CDT   SUNSET   738 PM CDT


-  INDICATES NEGATIVE NUMBERS.
R  INDICATES RECORD WAS SET OR TIED.
MM INDICATES DATA IS MISSING.
T  INDICATES TRACE AMOUNT.

$$
