000
CDUS42 KILM 272043
CLILBT


CLIMATE REPORT
NATIONAL WEATHER SERVICE WILMINGTON NC
443 PM EDT MON MAR 27 2017


...................................

...THE LUMBERTON NC CLIMATE SUMMARY FOR MARCH 27 2017...
VALID TODAY AS OF 0400 PM LOCAL TIME.

CLIMATE NORMAL PERIOD 1981 TO 2010
CLIMATE RECORD PERIOD 9999 TO 9999


WEATHER ITEM   OBSERVED TIME   NORMAL DEPARTURE LAST
                VALUE   (LST)  VALUE  FROM      YEAR
                                      NORMAL
......................................................
TEMPERATURE (F)
 TODAY
  MAXIMUM         78    249 PM  70      8       69
  MINIMUM         52    623 AM  45      7       60
  AVERAGE         65            57      8       65

PRECIPITATION (IN)
  TODAY            0.00          0.11  -0.11     0.25
  MONTH TO DATE    2.71          2.86  -0.15     1.17
  SINCE MAR 1      2.71          2.86  -0.15     1.17
  SINCE JAN 1      6.20          8.73  -2.53     9.45

SNOWFALL (IN)
  TODAY           MM
  MONTH TO DATE   MM
  SINCE MAR 1     MM
  SINCE JUL 1     MM
  SNOW DEPTH      MM

DEGREE DAYS
 HEATING
  TODAY            0             8     -8        0
  MONTH TO DATE  365           316     49      164
  SINCE MAR 1    365           316     49      164
  SINCE JUL 1   2012          2546   -534     1843

 COOLING
  TODAY            0             0      0        0
  MONTH TO DATE   12             0     12       44
  SINCE MAR 1     12             0     12       44
  SINCE JAN 1     22             3     19       45
......................................................


WIND (MPH)
  HIGHEST WIND SPEED    12   HIGHEST WIND DIRECTION    SW (210)
  HIGHEST GUST SPEED    17   HIGHEST GUST DIRECTION    SW (230)
  AVERAGE WIND SPEED     3.5


SKY COVER
  POSSIBLE SUNSHINE  MM
  AVERAGE SKY COVER 0.6


WEATHER CONDITIONS
 THE FOLLOWING WEATHER WAS RECORDED TODAY.
  NO SIGNIFICANT WEATHER WAS OBSERVED.


RELATIVE HUMIDITY (PERCENT)
 HIGHEST   100           300 AM
 LOWEST     50           300 PM
 AVERAGE    75

..........................................................


THE LUMBERTON NC CLIMATE NORMALS FOR TOMORROW
                         NORMAL
 MAXIMUM TEMPERATURE (F)   70
 MINIMUM TEMPERATURE (F)   45


SUNRISE AND SUNSET
MARCH 27 2017.........SUNRISE   710 AM EDT   SUNSET   734 PM EDT
MARCH 28 2017.........SUNRISE   709 AM EDT   SUNSET   734 PM EDT


-  INDICATES NEGATIVE NUMBERS.
R  INDICATES RECORD WAS SET OR TIED.
MM INDICATES DATA IS MISSING.
T  INDICATES TRACE AMOUNT.




$$
