000
CDUS42 KILM 292055
CLILBT


CLIMATE REPORT
NATIONAL WEATHER SERVICE WILMINGTON NC
454 PM EDT SAT APR 29 2017


...................................

...THE LUMBERTON NC CLIMATE SUMMARY FOR APRIL 29 2017...
VALID TODAY AS OF 0400 PM LOCAL TIME.

CLIMATE NORMAL PERIOD 1981 TO 2010
CLIMATE RECORD PERIOD 9999 TO 9999


WEATHER ITEM   OBSERVED TIME   NORMAL DEPARTURE LAST
                VALUE   (LST)  VALUE  FROM      YEAR
                                      NORMAL
......................................................
TEMPERATURE (F)
 TODAY
  MAXIMUM         88    232 PM  78     10       86
  MINIMUM         71    542 AM  52     19       62
  AVERAGE         80            65     15       74

PRECIPITATION (IN)
  TODAY            0.00          0.07  -0.07     0.00
  MONTH TO DATE    6.07          2.75   3.32     3.17
  SINCE MAR 1      9.97          6.08   3.89     4.35
  SINCE JAN 1     13.46         11.95   1.51    12.63

SNOWFALL (IN)
  TODAY           MM
  MONTH TO DATE   MM
  SINCE MAR 1     MM
  SINCE JUL 1     MM
  SNOW DEPTH      MM

DEGREE DAYS
 HEATING
  TODAY            0             3     -3        0
  MONTH TO DATE   53           150    -97      136
  SINCE MAR 1    418           496    -78      317
  SINCE JUL 1   2065          2726   -661     1996

 COOLING
  TODAY           15             3     12        9
  MONTH TO DATE  109            53     56       66
  SINCE MAR 1    136            63     73      112
  SINCE JAN 1    146            66     80      113
......................................................


WIND (MPH)
  HIGHEST WIND SPEED    15   HIGHEST WIND DIRECTION    SW (210)
  HIGHEST GUST SPEED    19   HIGHEST GUST DIRECTION    SW (210)
  AVERAGE WIND SPEED     7.3


SKY COVER
  POSSIBLE SUNSHINE  MM
  AVERAGE SKY COVER 0.5


WEATHER CONDITIONS
 THE FOLLOWING WEATHER WAS RECORDED TODAY.
  NO SIGNIFICANT WEATHER WAS OBSERVED.


RELATIVE HUMIDITY (PERCENT)
 HIGHEST   100           200 AM
 LOWEST     55           200 PM
 AVERAGE    78

..........................................................


THE LUMBERTON NC CLIMATE NORMALS FOR TOMORROW
                         NORMAL
 MAXIMUM TEMPERATURE (F)   78
 MINIMUM TEMPERATURE (F)   52


SUNRISE AND SUNSET
APRIL 29 2017.........SUNRISE   628 AM EDT   SUNSET   800 PM EDT
APRIL 30 2017.........SUNRISE   627 AM EDT   SUNSET   800 PM EDT


-  INDICATES NEGATIVE NUMBERS.
R  INDICATES RECORD WAS SET OR TIED.
MM INDICATES DATA IS MISSING.
T  INDICATES TRACE AMOUNT.




$$
