000
CDUS42 KILM 020841
CLILBT


CLIMATE REPORT
NATIONAL WEATHER SERVICE WILMINGTON NC
441 AM EDT MON MAY 2 2016


...................................

...THE LUMBERTON NC CLIMATE SUMMARY FOR MAY 1 2016...

CLIMATE NORMAL PERIOD 1981 TO 2010
CLIMATE RECORD PERIOD 9999 TO 9999


WEATHER ITEM   OBSERVED TIME   NORMAL DEPARTURE LAST
                VALUE   (LST)  VALUE  FROM      YEAR
                                      NORMAL
......................................................
TEMPERATURE (F)
 YESTERDAY
  MAXIMUM         75    456 PM  79     -4       66
  MINIMUM         63    526 AM  53     10       49
  AVERAGE         69            66      3       58

PRECIPITATION (IN)
  YESTERDAY        0.36          0.06   0.30     0.02
  MONTH TO DATE    0.36          0.06   0.30     0.02
  SINCE MAR 1      4.71          6.21  -1.50     6.09
  SINCE JAN 1     12.99         12.08   0.91    15.55

DEGREE DAYS
 HEATING
  YESTERDAY        0             3     -3        7
  MONTH TO DATE    0             3     -3        7
  SINCE MAR 1    317           502   -185      409
  SINCE JUL 1   1996          2732   -736     2773

 COOLING
  YESTERDAY        4             3      1        0
  MONTH TO DATE    4             3      1        0
  SINCE MAR 1    120            68     52       94
  SINCE JAN 1    121            71     50       94
......................................................


WIND (MPH)
  HIGHEST WIND SPEED    14   HIGHEST WIND DIRECTION    SE (140)
  HIGHEST GUST SPEED    16   HIGHEST GUST DIRECTION     S (160)
  AVERAGE WIND SPEED     5.0


SKY COVER
  POSSIBLE SUNSHINE  MM
  AVERAGE SKY COVER 0.6


WEATHER CONDITIONS
 THE FOLLOWING WEATHER WAS RECORDED YESTERDAY.
  THUNDERSTORM
  RAIN
  LIGHT RAIN
  FOG
  HAZE


RELATIVE HUMIDITY (PERCENT)
 HIGHEST    97           100 PM
 LOWEST     64           500 PM
 AVERAGE    81

..........................................................


THE LUMBERTON NC CLIMATE NORMALS FOR TODAY
                         NORMAL
 MAXIMUM TEMPERATURE (F)   79
 MINIMUM TEMPERATURE (F)   53


SUNRISE AND SUNSET
MAY  2 2016...........SUNRISE   625 AM EDT   SUNSET   802 PM EDT
MAY  3 2016...........SUNRISE   624 AM EDT   SUNSET   803 PM EDT


-  INDICATES NEGATIVE NUMBERS.
R  INDICATES RECORD WAS SET OR TIED.
MM INDICATES DATA IS MISSING.
T  INDICATES TRACE AMOUNT.




$$
