000
CDUS42 KILM 262047
CLILBT


CLIMATE REPORT
NATIONAL WEATHER SERVICE WILMINGTON NC
447 PM EDT TUE MAY 26 2015


...................................

...THE LUMBERTON NC CLIMATE SUMMARY FOR MAY 26 2015...
VALID TODAY AS OF 0400 PM LOCAL TIME.

CLIMATE NORMAL PERIOD 1981 TO 2010
CLIMATE RECORD PERIOD 9999 TO 9999


WEATHER ITEM   OBSERVED TIME   NORMAL DEPARTURE LAST
                VALUE   (LST)  VALUE  FROM      YEAR
                                      NORMAL
......................................................
TEMPERATURE (F)
 TODAY
  MAXIMUM         92    234 PM  84      8       88
  MINIMUM         59    458 AM  61     -2       56
  AVERAGE         76            73      3       72

PRECIPITATION (IN)
  TODAY            0.00          0.12  -0.12     0.00
  MONTH TO DATE    1.77          2.42  -0.65     3.32
  SINCE MAR 1      7.84          8.57  -0.73    10.91
  SINCE JAN 1     17.30         14.44   2.86    16.98

DEGREE DAYS
 HEATING
  TODAY            0             0      0        0
  MONTH TO DATE   12            30    -18       17
  SINCE MAR 1    414           529   -115      649
  SINCE JUL 1   2778          2759     19     2945

 COOLING
  TODAY           11             8      3        7
  MONTH TO DATE  180           138     42      170
  SINCE MAR 1    274           203     71      220
  SINCE JAN 1    274           206     68      221
......................................................


WIND (MPH)
  HIGHEST WIND SPEED    12   HIGHEST WIND DIRECTION     E (100)
  HIGHEST GUST SPEED    15   HIGHEST GUST DIRECTION     E (100)
  AVERAGE WIND SPEED     3.4


SKY COVER
  POSSIBLE SUNSHINE  MM
  AVERAGE SKY COVER 0.4


WEATHER CONDITIONS
 THE FOLLOWING WEATHER WAS RECORDED TODAY.
  FOG


RELATIVE HUMIDITY (PERCENT)
 HIGHEST   100           100 AM
 LOWEST     47           100 PM
 AVERAGE    74

..........................................................


THE LUMBERTON NC CLIMATE NORMALS FOR TOMORROW
                         NORMAL    RECORD    YEAR
 MAXIMUM TEMPERATURE (F)   85        94      2004
 MINIMUM TEMPERATURE (F)   62        48      2013


SUNRISE AND SUNSET
MAY 26 2015...........SUNRISE   607 AM EDT   SUNSET   820 PM EDT
MAY 27 2015...........SUNRISE   607 AM EDT   SUNSET   821 PM EDT


-  INDICATES NEGATIVE NUMBERS.
R  INDICATES RECORD WAS SET OR TIED.
MM INDICATES DATA IS MISSING.
T  INDICATES TRACE AMOUNT.




$$
