000
CDUS42 KILM 260941
CLILBT


CLIMATE REPORT
NATIONAL WEATHER SERVICE WILMINGTON NC
440 AM EST FRI DEC 26 2014


...................................

...THE LUMBERTON NC CLIMATE SUMMARY FOR DECEMBER 25 2014...

CLIMATE NORMAL PERIOD 1981 TO 2010
CLIMATE RECORD PERIOD 9999 TO 9999


WEATHER ITEM   OBSERVED TIME   NORMAL DEPARTURE LAST
                VALUE   (LST)  VALUE  FROM      YEAR
                                      NORMAL
......................................................
TEMPERATURE (F)
 YESTERDAY
  MAXIMUM         67    156 AM  54     13       44
  MINIMUM         38   1158 PM  34      4       28
  AVERAGE         53            44      9       36

PRECIPITATION (IN)
  YESTERDAY        0.00          0.08  -0.08     0.00
  MONTH TO DATE    2.66          2.47   0.19     3.31
  SINCE DEC 1      2.66          2.47   0.19     3.31
  SINCE JAN 1     42.28         43.10  -0.82    43.51

SNOWFALL (IN)
  YESTERDAY       MM
  MONTH TO DATE   MM
  SINCE DEC 1     MM
  SINCE JUL 1     MM
  SNOW DEPTH      MM

DEGREE DAYS
 HEATING
  YESTERDAY       12            21     -9       29
  MONTH TO DATE  412           458    -46      368
  SINCE DEC 1    412           458    -46      368
  SINCE JUL 1    955           924     31      884

 COOLING
  YESTERDAY        0             0      0        0
  MONTH TO DATE    0             0      0       15
  SINCE DEC 1      0             0      0       15
  SINCE JAN 1   2061          1907    154     1876
......................................................


WIND (MPH)
  HIGHEST WIND SPEED    25   HIGHEST WIND DIRECTION     W (270)
  HIGHEST GUST SPEED    32   HIGHEST GUST DIRECTION     W (260)
  AVERAGE WIND SPEED     8.0


SKY COVER
  POSSIBLE SUNSHINE  MM
  AVERAGE SKY COVER 0.3


WEATHER CONDITIONS
 THE FOLLOWING WEATHER WAS RECORDED YESTERDAY.
  NO SIGNIFICANT WEATHER WAS OBSERVED.


RELATIVE HUMIDITY (PERCENT)
 HIGHEST   100          1100 PM
 LOWEST     49           200 PM
 AVERAGE    75

..........................................................


THE LUMBERTON NC CLIMATE NORMALS FOR TODAY
                         NORMAL
 MAXIMUM TEMPERATURE (F)   54
 MINIMUM TEMPERATURE (F)   34


SUNRISE AND SUNSET
DECEMBER 26 2014......SUNRISE   721 AM EST   SUNSET   512 PM EST
DECEMBER 27 2014......SUNRISE   722 AM EST   SUNSET   513 PM EST


-  INDICATES NEGATIVE NUMBERS.
R  INDICATES RECORD WAS SET OR TIED.
MM INDICATES DATA IS MISSING.
T  INDICATES TRACE AMOUNT.




$$
