000
CDUS42 KILM 222148
CLILBT


CLIMATE REPORT
NATIONAL WEATHER SERVICE WILMINGTON NC
448 PM EST WED FEB 22 2017


...................................

...THE LUMBERTON NC CLIMATE SUMMARY FOR FEBRUARY 22 2017...
VALID TODAY AS OF 0400 PM LOCAL TIME.

CLIMATE NORMAL PERIOD 1981 TO 2010
CLIMATE RECORD PERIOD 9999 TO 9999


WEATHER ITEM   OBSERVED TIME   NORMAL DEPARTURE LAST
                VALUE   (LST)  VALUE  FROM      YEAR
                                      NORMAL
......................................................
TEMPERATURE (F)
 TODAY
  MAXIMUM         76    139 PM  60     16       67
  MINIMUM         52    653 AM  37     15       52
  AVERAGE         64            48     16       60

PRECIPITATION (IN)
  TODAY            0.00          0.12  -0.12     0.23
  MONTH TO DATE    1.09          2.24  -1.15     5.42
  SINCE DEC 1      7.79          8.10  -0.31    13.94
  SINCE JAN 1      3.49          5.21  -1.72     7.05

SNOWFALL (IN)
  TODAY           MM
  MONTH TO DATE   MM
  SINCE DEC 1     MM
  SINCE JUL 1     MM
  SNOW DEPTH      MM

DEGREE DAYS
 HEATING
  TODAY            1            17    -16        5
  MONTH TO DATE  242           416   -174      411
  SINCE DEC 1   1253          1669   -416     1307
  SINCE JUL 1   1615          2135   -520     1588

 COOLING
  TODAY            0             0      0        0
  MONTH TO DATE    7             0      7        1
  SINCE DEC 1      7             3      4       51
  SINCE JAN 1      7             1      6        1
......................................................


WIND (MPH)
  HIGHEST WIND SPEED    14   HIGHEST WIND DIRECTION    SE (120)
  HIGHEST GUST SPEED    18   HIGHEST GUST DIRECTION     E (110)
  AVERAGE WIND SPEED     5.5


SKY COVER
  POSSIBLE SUNSHINE  MM
  AVERAGE SKY COVER 0.1


WEATHER CONDITIONS
 THE FOLLOWING WEATHER WAS RECORDED TODAY.
  NO SIGNIFICANT WEATHER WAS OBSERVED.


RELATIVE HUMIDITY (PERCENT)
 HIGHEST    93           300 AM
 LOWEST     46           100 PM
 AVERAGE    70

..........................................................


THE LUMBERTON NC CLIMATE NORMALS FOR TOMORROW
                         NORMAL
 MAXIMUM TEMPERATURE (F)   60
 MINIMUM TEMPERATURE (F)   37


SUNRISE AND SUNSET
FEBRUARY 22 2017......SUNRISE   654 AM EST   SUNSET   606 PM EST
FEBRUARY 23 2017......SUNRISE   652 AM EST   SUNSET   607 PM EST


-  INDICATES NEGATIVE NUMBERS.
R  INDICATES RECORD WAS SET OR TIED.
MM INDICATES DATA IS MISSING.
T  INDICATES TRACE AMOUNT.




$$
