000
CDUS42 KILM 190843
CLILBT


CLIMATE REPORT
NATIONAL WEATHER SERVICE WILMINGTON NC
440 AM EDT SAT APR 19 2014


...................................

...THE LUMBERTON NC CLIMATE SUMMARY FOR APRIL 18 2014...

CLIMATE NORMAL PERIOD 1981 TO 2010
CLIMATE RECORD PERIOD 9999 TO 9999


WEATHER ITEM   OBSERVED TIME   NORMAL DEPARTURE LAST
                VALUE   (LST)  VALUE  FROM      YEAR
                                      NORMAL
......................................................
TEMPERATURE (F)
 YESTERDAY
  MAXIMUM         64    306 PM  75    -11       82
  MINIMUM         43    548 AM  50     -7       53
  AVERAGE         54            62     -8       68

PRECIPITATION (IN)
  YESTERDAY        0.75          0.08   0.67     0.00
  MONTH TO DATE    2.14          1.75   0.39     1.59
  SINCE MAR 1      5.56          5.08   0.48     3.47
  SINCE JAN 1     11.63         10.95   0.68     9.04

SNOWFALL (IN)
  YESTERDAY       MM
  MONTH TO DATE   MM
  SINCE MAR 1     MM
  SINCE JUL 1     MM
  SNOW DEPTH      MM

DEGREE DAYS
 HEATING
  YESTERDAY       11             5      6        0
  MONTH TO DATE   84           111    -27       97
  SINCE MAR 1    596           457    139      633
  SINCE JUL 1   2892          2687    205     2707

 COOLING
  YESTERDAY        0             2     -2        3
  MONTH TO DATE   20            28     -8       22
  SINCE MAR 1     21            38    -17       23
  SINCE JAN 1     22            41    -19       27
......................................................


WIND (MPH)
  HIGHEST WIND SPEED    16   HIGHEST WIND DIRECTION    NE (30)
  HIGHEST GUST SPEED    20   HIGHEST GUST DIRECTION    NE (50)
  AVERAGE WIND SPEED     9.2


SKY COVER
  POSSIBLE SUNSHINE  MM
  AVERAGE SKY COVER 0.7


WEATHER CONDITIONS
 THE FOLLOWING WEATHER WAS RECORDED YESTERDAY.
  HEAVY RAIN
  RAIN
  LIGHT RAIN
  FOG


RELATIVE HUMIDITY (PERCENT)
 HIGHEST    96          1100 PM
 LOWEST     52           200 PM
 AVERAGE    74

..........................................................


THE LUMBERTON NC CLIMATE NORMALS FOR TODAY
                         NORMAL
 MAXIMUM TEMPERATURE (F)   75
 MINIMUM TEMPERATURE (F)   50


SUNRISE AND SUNSET
APRIL 19 2014.........SUNRISE   640 AM EDT   SUNSET   751 PM EDT
APRIL 20 2014.........SUNRISE   639 AM EDT   SUNSET   752 PM EDT


-  INDICATES NEGATIVE NUMBERS.
R  INDICATES RECORD WAS SET OR TIED.
MM INDICATES DATA IS MISSING.
T  INDICATES TRACE AMOUNT.




$$
