059
CDUS42 KILM 302045
CLILBT


CLIMATE REPORT
NATIONAL WEATHER SERVICE WILMINGTON NC
445 PM EDT TUE AUG 30 2016


...................................

...THE LUMBERTON NC CLIMATE SUMMARY FOR AUGUST 30 2016...
VALID TODAY AS OF 0400 PM LOCAL TIME.

CLIMATE NORMAL PERIOD 1981 TO 2010
CLIMATE RECORD PERIOD 9999 TO 9999


WEATHER ITEM   OBSERVED TIME   NORMAL DEPARTURE LAST
                VALUE   (LST)  VALUE  FROM      YEAR
                                      NORMAL
......................................................
TEMPERATURE (F)
 TODAY
  MAXIMUM         90    259 PM  87      3       85
  MINIMUM         71    537 AM  67      4       65
  AVERAGE         81            77      4       75

PRECIPITATION (IN)
  TODAY            0.00          0.14  -0.14     0.21
  MONTH TO DATE    3.82          5.34  -1.52     3.70
  SINCE JUN 1     13.36         15.16  -1.80    11.24
  SINCE JAN 1     32.30         30.23   2.07    28.70

DEGREE DAYS
 HEATING
  TODAY            0             0      0        0
  MONTH TO DATE    0             0      0        0
  SINCE JUN 1      0             0      0        0
  SINCE JUL 1      0             0      0        0

 COOLING
  TODAY           16            12      4       10
  MONTH TO DATE  521           421    100      475
  SINCE JUN 1   1561          1309    252     1589
  SINCE JAN 1   1884          1559    325     1928
......................................................


WIND (MPH)
  HIGHEST WIND SPEED    13   HIGHEST WIND DIRECTION    NE (50)
  HIGHEST GUST SPEED    17   HIGHEST GUST DIRECTION     E (70)
  AVERAGE WIND SPEED     4.2


SKY COVER
  POSSIBLE SUNSHINE  MM
  AVERAGE SKY COVER 0.3


WEATHER CONDITIONS
 THE FOLLOWING WEATHER WAS RECORDED TODAY.
  NO SIGNIFICANT WEATHER WAS OBSERVED.


RELATIVE HUMIDITY (PERCENT)
 HIGHEST    93          1200 AM
 LOWEST     44           200 PM
 AVERAGE    69

..........................................................


THE LUMBERTON NC CLIMATE NORMALS FOR TOMORROW
                         NORMAL
 MAXIMUM TEMPERATURE (F)   87
 MINIMUM TEMPERATURE (F)   67


SUNRISE AND SUNSET
AUGUST 30 2016........SUNRISE   648 AM EDT   SUNSET   745 PM EDT
AUGUST 31 2016........SUNRISE   649 AM EDT   SUNSET   743 PM EDT


-  INDICATES NEGATIVE NUMBERS.
R  INDICATES RECORD WAS SET OR TIED.
MM INDICATES DATA IS MISSING.
T  INDICATES TRACE AMOUNT.




$$
