000
CDUS42 KILM 312049
CLILBT


CLIMATE REPORT
NATIONAL WEATHER SERVICE WILMINGTON NC
448 PM EDT FRI JUL 31 2015


...................................

...THE LUMBERTON NC CLIMATE SUMMARY FOR JULY 31 2015...
VALID TODAY AS OF 0400 PM LOCAL TIME.

CLIMATE NORMAL PERIOD 1981 TO 2010
CLIMATE RECORD PERIOD 9999 TO 9999


WEATHER ITEM   OBSERVED TIME   NORMAL DEPARTURE LAST
                VALUE   (LST)  VALUE  FROM      YEAR
                                      NORMAL
......................................................
TEMPERATURE (F)
 TODAY
  MAXIMUM         95    250 PM  90      5       89
  MINIMUM         76    610 AM  72      4       71
  AVERAGE         86            81      5       80

PRECIPITATION (IN)
  TODAY            0.00          0.20  -0.20      T
  MONTH TO DATE    1.30          5.48  -4.18     4.44
  SINCE JUN 1      7.54          9.82  -2.28    12.01
  SINCE JAN 1     25.00         24.89   0.11    29.27

DEGREE DAYS
 HEATING
  TODAY            0             0      0        0
  MONTH TO DATE    0             0      0        0
  SINCE JUN 1      0             0      0        0
  SINCE JUL 1      0             0      0        0

 COOLING
  TODAY           21            16      5       15
  MONTH TO DATE  570           500     70      483
  SINCE JUN 1   1114           888    226      941
  SINCE JAN 1   1453          1138    315     1229
......................................................


WIND (MPH)
  HIGHEST WIND SPEED    20   HIGHEST WIND DIRECTION    NE (30)
  HIGHEST GUST SPEED    23   HIGHEST GUST DIRECTION    NE (30)
  AVERAGE WIND SPEED     6.9


SKY COVER
  POSSIBLE SUNSHINE  MM
  AVERAGE SKY COVER 0.3


WEATHER CONDITIONS
 THE FOLLOWING WEATHER WAS RECORDED TODAY.
  FOG


RELATIVE HUMIDITY (PERCENT)
 HIGHEST    94           100 AM
 LOWEST     44           300 PM
 AVERAGE    69

..........................................................


THE LUMBERTON NC CLIMATE NORMALS FOR TOMORROW
                         NORMAL    RECORD    YEAR
 MAXIMUM TEMPERATURE (F)   90        98      1999
 MINIMUM TEMPERATURE (F)   71        64      2001


SUNRISE AND SUNSET
JULY 31 2015..........SUNRISE   626 AM EDT   SUNSET   819 PM EDT
AUGUST  1 2015........SUNRISE   626 AM EDT   SUNSET   818 PM EDT


-  INDICATES NEGATIVE NUMBERS.
R  INDICATES RECORD WAS SET OR TIED.
MM INDICATES DATA IS MISSING.
T  INDICATES TRACE AMOUNT.




$$
