000
CDUS44 KLCH 260912
CLILCH


CLIMATE REPORT
NATIONAL WEATHER SERVICE LAKE CHARLES, LA
411 AM CDT MON JUN 26 2017


...................................

...THE LAKE CHARLES CLIMATE SUMMARY FOR JUNE 25 2017...

CLIMATE NORMAL PERIOD 1981 TO 2010
CLIMATE RECORD PERIOD 1895 TO 2017


WEATHER ITEM   OBSERVED TIME   RECORD YEAR NORMAL DEPARTURE LAST
                VALUE   (LST)  VALUE       VALUE  FROM      YEAR
                                                  NORMAL
..................................................................
TEMPERATURE (F)
 YESTERDAY
  MAXIMUM         90    224 PM 102    2009  90      0       91
  MINIMUM         76    611 AM  59    1912  74      2       77
  AVERAGE         83                        82      1       84

PRECIPITATION (IN)
  YESTERDAY        T             3.20 1999   0.24  -0.24     0.02
  MONTH TO DATE    7.20                      5.67   1.53     8.84
  SINCE JUN 1      7.20                      5.67   1.53     8.84
  SINCE JAN 1     33.85                     26.55   7.30    38.16

SNOWFALL (IN)
  YESTERDAY        0.0           0.0    MM   0.0    0.0      0.0
  MONTH TO DATE    0.0                       0.0    0.0      0.0
  SINCE JUN 1      0.0                       0.0    0.0      0.0
  SINCE JUL 1      T                         0.1   -0.1      0.0
  SNOW DEPTH       0

DEGREE DAYS
 HEATING
  YESTERDAY        0                         0      0        0
  MONTH TO DATE    0                         0      0        0
  SINCE JUN 1      0                         0      0        0
  SINCE JUL 1    743                      1490   -747     1034

 COOLING
  YESTERDAY       18                        17      1       19
  MONTH TO DATE  404                       394     10      411
  SINCE JUN 1    404                       394     10      411
  SINCE JAN 1   1107                       932    175     1027
..................................................................


WIND (MPH)
  HIGHEST WIND SPEED    15   HIGHEST WIND DIRECTION    NE (50)
  HIGHEST GUST SPEED    20   HIGHEST GUST DIRECTION    NE (50)
  AVERAGE WIND SPEED     8.5


SKY COVER
  POSSIBLE SUNSHINE  MM
  AVERAGE SKY COVER 0.7


WEATHER CONDITIONS
 THE FOLLOWING WEATHER WAS RECORDED YESTERDAY.
  THUNDERSTORM
  LIGHT RAIN


RELATIVE HUMIDITY (PERCENT)
 HIGHEST   100          1200 AM
 LOWEST     75          1200 PM
 AVERAGE    88

..........................................................


THE LAKE CHARLES CLIMATE NORMALS FOR TODAY
                         NORMAL    RECORD    YEAR
 MAXIMUM TEMPERATURE (F)   90       103      1930
 MINIMUM TEMPERATURE (F)   74        60      1912


SUNRISE AND SUNSET
JUNE 26 2017..........SUNRISE   613 AM CDT   SUNSET   818 PM CDT
JUNE 27 2017..........SUNRISE   614 AM CDT   SUNSET   818 PM CDT


-  INDICATES NEGATIVE NUMBERS.
R  INDICATES RECORD WAS SET OR TIED.
MM INDICATES DATA IS MISSING.
T  INDICATES TRACE AMOUNT.




$$
