000
CDUS44 KLCH 161005
CLILCH


CLIMATE REPORT
NATIONAL WEATHER SERVICE LAKE CHARLES, LA
505 AM CDT WED APR 16 2014


...................................

...THE LAKE CHARLES CLIMATE SUMMARY FOR APRIL 15 2014...

CLIMATE NORMAL PERIOD 1981 TO 2010
CLIMATE RECORD PERIOD 1895 TO 2014


WEATHER ITEM   OBSERVED TIME   RECORD YEAR NORMAL DEPARTURE LAST
                VALUE   (LST)  VALUE       VALUE  FROM      YEAR
                                                  NORMAL
..................................................................
TEMPERATURE (F)
 YESTERDAY
  MAXIMUM         63    344 PM  90    1916  78    -15       84
  MINIMUM         42    625 AM  37    1913  58    -16       61
  AVERAGE         53                        68    -15       73

PRECIPITATION (IN)
  YESTERDAY        0.00          4.27 1927   0.11  -0.11     0.00
  MONTH TO DATE    0.81                      1.62  -0.81     4.27
  SINCE MAR 1      2.88                      5.28  -2.40     6.44
  SINCE JAN 1      9.67                     13.97  -4.30    23.03

SNOWFALL (IN)
  YESTERDAY        0.0           0.0    MM   0.0    0.0      0.0
  MONTH TO DATE    0.0                       0.0    0.0      0.0
  SINCE MAR 1      0.0                       0.0    0.0      0.0
  SINCE JUL 1      0.1                       0.1    0.0      0.0
  SNOW DEPTH       0

DEGREE DAYS
 HEATING
  YESTERDAY       12                         1     11        0
  MONTH TO DATE   29                        34     -5       37
  SINCE MAR 1    279                       196     83      250
  SINCE JUL 1   1930                      1478    452     1219

 COOLING
  YESTERDAY        0                         4     -4        8
  MONTH TO DATE   48                        53     -5       43
  SINCE MAR 1     61                       102    -41       74
  SINCE JAN 1     76                       125    -49      104
..................................................................


WIND (MPH)
  HIGHEST WIND SPEED    29   HIGHEST WIND DIRECTION    NE (30)
  HIGHEST GUST SPEED    37   HIGHEST GUST DIRECTION    NE (30)
  AVERAGE WIND SPEED    13.0


SKY COVER
  POSSIBLE SUNSHINE  MM
  AVERAGE SKY COVER 0.2


WEATHER CONDITIONS
 THE FOLLOWING WEATHER WAS RECORDED YESTERDAY.
  NO SIGNIFICANT WEATHER WAS OBSERVED.


RELATIVE HUMIDITY (PERCENT)
 HIGHEST    76           600 AM
 LOWEST     27           200 PM
 AVERAGE    52

..........................................................


THE LAKE CHARLES CLIMATE NORMALS FOR TODAY
                         NORMAL    RECORD    YEAR
 MAXIMUM TEMPERATURE (F)   78        90      1925
                                             1920
 MINIMUM TEMPERATURE (F)   58        38      1913


SUNRISE AND SUNSET
APRIL 16 2014.........SUNRISE   645 AM CDT   SUNSET   741 PM CDT
APRIL 17 2014.........SUNRISE   644 AM CDT   SUNSET   742 PM CDT


-  INDICATES NEGATIVE NUMBERS.
R  INDICATES RECORD WAS SET OR TIED.
MM INDICATES DATA IS MISSING.
T  INDICATES TRACE AMOUNT.




$$
