000
CDUS44 KLCH 110813
CLILCH


CLIMATE REPORT
NATIONAL WEATHER SERVICE LAKE CHARLES, LA
212 AM CST THU FEB 11 2016


...................................

...THE LAKE CHARLES CLIMATE SUMMARY FOR FEBRUARY 10 2016...

CLIMATE NORMAL PERIOD 1981 TO 2010
CLIMATE RECORD PERIOD 1895 TO 2016


WEATHER ITEM   OBSERVED TIME   RECORD YEAR NORMAL DEPARTURE LAST
                VALUE   (LST)  VALUE       VALUE  FROM      YEAR
                                                  NORMAL
..................................................................
TEMPERATURE (F)
 YESTERDAY
  MAXIMUM         60    320 PM  80    1957  64     -4       71
  MINIMUM         34    716 AM  19    1933  45    -11       45
  AVERAGE         47                        54     -7       58

PRECIPITATION (IN)
  YESTERDAY        0.00          2.06 1898   0.12  -0.12     0.00
  MONTH TO DATE    0.07                      1.29  -1.22     0.38
  SINCE DEC 1      7.41                     11.20  -3.79     9.31
  SINCE JAN 1      4.17                      6.52  -2.35     7.28

SNOWFALL (IN)
  YESTERDAY        0.0           0.0    MM   0.0    0.0      0.0
  MONTH TO DATE    0.0                       0.0    0.0      0.0
  SINCE DEC 1      0.0                       T      0.0      0.0
  SINCE JUL 1      0.0                       T      0.0      0.0
  SNOW DEPTH       0

DEGREE DAYS
 HEATING
  YESTERDAY       18                        11      7        7
  MONTH TO DATE  137                       120     17      119
  SINCE DEC 1    768                       904   -136      893
  SINCE JUL 1    844                      1111   -267     1169

 COOLING
  YESTERDAY        0                         0      0        0
  MONTH TO DATE    5                         0      5        3
  SINCE DEC 1     65                        30     35       20
  SINCE JAN 1      8                        10     -2        3
..................................................................


WIND (MPH)
  HIGHEST WIND SPEED    12   HIGHEST WIND DIRECTION     S (180)
  HIGHEST GUST SPEED    16   HIGHEST GUST DIRECTION     S (190)
  AVERAGE WIND SPEED     4.8


SKY COVER
  POSSIBLE SUNSHINE  MM
  AVERAGE SKY COVER 0.0


WEATHER CONDITIONS
 THE FOLLOWING WEATHER WAS RECORDED YESTERDAY.
  NO SIGNIFICANT WEATHER WAS OBSERVED.


RELATIVE HUMIDITY (PERCENT)
 HIGHEST    93          1100 PM
 LOWEST     26          1200 PM
 AVERAGE    60

..........................................................


THE LAKE CHARLES CLIMATE NORMALS FOR TODAY
                         NORMAL    RECORD    YEAR
 MAXIMUM TEMPERATURE (F)   64        79      1967
 MINIMUM TEMPERATURE (F)   45        22      1981


SUNRISE AND SUNSET
FEBRUARY 11 2016......SUNRISE   657 AM CST   SUNSET   558 PM CST
FEBRUARY 12 2016......SUNRISE   656 AM CST   SUNSET   559 PM CST


-  INDICATES NEGATIVE NUMBERS.
R  INDICATES RECORD WAS SET OR TIED.
MM INDICATES DATA IS MISSING.
T  INDICATES TRACE AMOUNT.




$$
