000
CDUS44 KLCH 311005
CLILCH


CLIMATE REPORT
NATIONAL WEATHER SERVICE LAKE CHARLES, LA
405 AM CST SAT JAN 31 2015


...................................

...THE LAKE CHARLES CLIMATE SUMMARY FOR JANUARY 30 2015...

CLIMATE NORMAL PERIOD 1981 TO 2010
CLIMATE RECORD PERIOD 1895 TO 2015


WEATHER ITEM   OBSERVED TIME   RECORD YEAR NORMAL DEPARTURE LAST
                VALUE   (LST)  VALUE       VALUE  FROM      YEAR
                                                  NORMAL
..................................................................
TEMPERATURE (F)
 YESTERDAY
  MAXIMUM         62    427 PM  81    2002  62      0       53
                                      1911
  MINIMUM         43   1149 PM  19    2014  43      0       19
  AVERAGE         53                        52      1       36

PRECIPITATION (IN)
  YESTERDAY        0.00          2.63 1959   0.16  -0.16     0.00
  MONTH TO DATE    6.90                      5.08   1.82     2.29
  SINCE DEC 1      8.93                      9.76  -0.83     4.34
  SINCE JAN 1      6.90                      5.08   1.82     2.29

SNOWFALL (IN)
  YESTERDAY        0.0           2.4  1949   0.0    0.0      0.0
  MONTH TO DATE    0.0                       0.0    0.0      0.1
  SINCE DEC 1      0.0                       T      0.0      0.1
  SINCE JUL 1      0.0                       T      0.0      0.1
  SNOW DEPTH       0

DEGREE DAYS
 HEATING
  YESTERDAY       12                        13     -1       29
  MONTH TO DATE  478                       410     68      566
  SINCE DEC 1    761                       777    -16     1009
  SINCE JUL 1   1037                       984     53     1283

 COOLING
  YESTERDAY        0                         0      0        0
  MONTH TO DATE    0                         0      0        0
  SINCE DEC 1     17                        20     -3       25
  SINCE JAN 1      0                         0      0        0
..................................................................


WIND (MPH)
  HIGHEST WIND SPEED    23   HIGHEST WIND DIRECTION    NE (50)
  HIGHEST GUST SPEED    27   HIGHEST GUST DIRECTION    NE (30)
  AVERAGE WIND SPEED    11.6


SKY COVER
  POSSIBLE SUNSHINE  MM
  AVERAGE SKY COVER 0.0


WEATHER CONDITIONS
 THE FOLLOWING WEATHER WAS RECORDED YESTERDAY.
  NO SIGNIFICANT WEATHER WAS OBSERVED.


RELATIVE HUMIDITY (PERCENT)
 HIGHEST    74           500 AM
 LOWEST     36           200 PM
 AVERAGE    55

..........................................................


THE LAKE CHARLES CLIMATE NORMALS FOR TODAY
                         NORMAL    RECORD    YEAR
 MAXIMUM TEMPERATURE (F)   62        80      2002
                                             1950
 MINIMUM TEMPERATURE (F)   43        19      1949


SUNRISE AND SUNSET
JANUARY 31 2015.......SUNRISE   704 AM CST   SUNSET   549 PM CST
FEBRUARY  1 2015......SUNRISE   703 AM CST   SUNSET   550 PM CST


-  INDICATES NEGATIVE NUMBERS.
R  INDICATES RECORD WAS SET OR TIED.
MM INDICATES DATA IS MISSING.
T  INDICATES TRACE AMOUNT.




$$
