000
CDUS44 KLCH 210907
CLILCH


CLIMATE REPORT
NATIONAL WEATHER SERVICE LAKE CHARLES, LA
406 AM CDT SAT OCT 21 2017


...................................

...THE LAKE CHARLES CLIMATE SUMMARY FOR OCTOBER 20 2017...

CLIMATE NORMAL PERIOD 1981 TO 2010
CLIMATE RECORD PERIOD 1895 TO 2017


WEATHER ITEM   OBSERVED TIME   RECORD YEAR NORMAL DEPARTURE LAST
                VALUE   (LST)  VALUE       VALUE  FROM      YEAR
                                                  NORMAL
..................................................................
TEMPERATURE (F)
 YESTERDAY
  MAXIMUM         77   1119 AM  91    1927  80     -3       83
  MINIMUM         69    907 PM  32    1989  58     11       67
                                      1917
  AVERAGE         73                        69      4       75

PRECIPITATION (IN)
  YESTERDAY        0.07          2.16 1949   0.18  -0.11      T
  MONTH TO DATE    3.25                      2.99   0.26     0.25
  SINCE SEP 1      3.88                      8.25  -4.37     3.69
  SINCE JAN 1     67.64                     46.47  21.17    59.60

SNOWFALL (IN)
  YESTERDAY        0.0           0.0    MM   0.0    0.0      0.0
  MONTH TO DATE    0.0                       0.0    0.0      0.0
  SINCE SEP 1      0.0                       0.0    0.0      0.0
  SINCE JUL 1      0.0                       0.0    0.0      0.0
  SNOW DEPTH       0

DEGREE DAYS
 HEATING
  YESTERDAY        0                         1     -1        0
  MONTH TO DATE    0                        11    -11        0
  SINCE SEP 1      0                        12    -12        0
  SINCE JUL 1      0                        12    -12        0

 COOLING
  YESTERDAY        8                         5      3       10
  MONTH TO DATE  253                       146    107      226
  SINCE SEP 1    702                       557    145      738
  SINCE JAN 1   3028                      2686    342     3065
..................................................................


WIND (MPH)
  HIGHEST WIND SPEED    16   HIGHEST WIND DIRECTION    SE (130)
  HIGHEST GUST SPEED    21   HIGHEST GUST DIRECTION    SE (140)
  AVERAGE WIND SPEED     7.4


SKY COVER
  POSSIBLE SUNSHINE  MM
  AVERAGE SKY COVER 0.2


WEATHER CONDITIONS
 THE FOLLOWING WEATHER WAS RECORDED YESTERDAY.
  RAIN


RELATIVE HUMIDITY (PERCENT)
 HIGHEST    97           800 PM
 LOWEST     64          1100 AM
 AVERAGE    81

..........................................................


THE LAKE CHARLES CLIMATE NORMALS FOR TODAY
                         NORMAL    RECORD    YEAR
 MAXIMUM TEMPERATURE (F)   80        91      1941
                                             1899
 MINIMUM TEMPERATURE (F)   58        32      1917


SUNRISE AND SUNSET
OCTOBER 21 2017.......SUNRISE   719 AM CDT   SUNSET   635 PM CDT
OCTOBER 22 2017.......SUNRISE   720 AM CDT   SUNSET   634 PM CDT


-  INDICATES NEGATIVE NUMBERS.
R  INDICATES RECORD WAS SET OR TIED.
MM INDICATES DATA IS MISSING.
T  INDICATES TRACE AMOUNT.




$$
