000
CDUS44 KLCH 171142
CLILCH


CLIMATE REPORT
NATIONAL WEATHER SERVICE LAKE CHARLES, LA
541 AM CST SUN DEC 17 2017


...................................

...THE LAKE CHARLES CLIMATE SUMMARY FOR DECEMBER 16 2017...

CLIMATE NORMAL PERIOD 1981 TO 2010
CLIMATE RECORD PERIOD 1895 TO 2017


WEATHER ITEM   OBSERVED TIME   RECORD YEAR NORMAL DEPARTURE LAST
                VALUE   (LST)  VALUE       VALUE  FROM      YEAR
                                                  NORMAL
..................................................................
TEMPERATURE (F)
 YESTERDAY
  MAXIMUM         61    253 PM  81    1971  63     -2       72
  MINIMUM         41    224 AM  22    1943  44     -3       41
  AVERAGE         51                        54     -3       57

PRECIPITATION (IN)
  YESTERDAY        0.00          2.37 1959   0.15  -0.15     0.01
  MONTH TO DATE    2.24                      2.35  -0.11     8.75
  SINCE DEC 1      2.24                      2.35  -0.11     8.75
  SINCE JAN 1     73.19                     55.16  18.03    71.57

SNOWFALL (IN)
  YESTERDAY        0.0           0.0    MM   0.0    0.0      0.0
  MONTH TO DATE    2.1                       0.0    2.1      0.0
  SINCE DEC 1      2.1                       0.0    2.1      0.0
  SINCE JUL 1      2.1                       0.0    2.1      0.0
  SNOW DEPTH       0

DEGREE DAYS
 HEATING
  YESTERDAY       14                        12      2        8
  MONTH TO DATE  201                       171     30      162
  SINCE DEC 1    201                       171     30      162
  SINCE JUL 1    349                       378    -29      256

 COOLING
  YESTERDAY        0                         1     -1        0
  MONTH TO DATE    6                        16    -10       10
  SINCE DEC 1      6                        16    -10       10
  SINCE JAN 1   3165                      2805    360     3209
..................................................................


WIND (MPH)
  HIGHEST WIND SPEED    25   HIGHEST WIND DIRECTION    SE (130)
  HIGHEST GUST SPEED    32   HIGHEST GUST DIRECTION    SE (130)
  AVERAGE WIND SPEED     9.1


SKY COVER
  POSSIBLE SUNSHINE  MM
  AVERAGE SKY COVER 0.8


WEATHER CONDITIONS
 THE FOLLOWING WEATHER WAS RECORDED YESTERDAY.
  NO SIGNIFICANT WEATHER WAS OBSERVED.


RELATIVE HUMIDITY (PERCENT)
 HIGHEST    89          1200 AM
 LOWEST     36           100 PM
 AVERAGE    63

..........................................................


THE LAKE CHARLES CLIMATE NORMALS FOR TODAY
                         NORMAL    RECORD    YEAR
 MAXIMUM TEMPERATURE (F)   63        82      1924
 MINIMUM TEMPERATURE (F)   44        24      1972
                                             1943


SUNRISE AND SUNSET
DECEMBER 17 2017......SUNRISE   703 AM CST   SUNSET   516 PM CST
DECEMBER 18 2017......SUNRISE   703 AM CST   SUNSET   516 PM CST


-  INDICATES NEGATIVE NUMBERS.
R  INDICATES RECORD WAS SET OR TIED.
MM INDICATES DATA IS MISSING.
T  INDICATES TRACE AMOUNT.




$$
