000
CDUS43 KLMK 220627
CLILEX


CLIMATE REPORT
NATIONAL WEATHER SERVICE LOUISVILLE KY
127 AM EST SUN JAN 22 2017


...................................

...THE LEXINGTON KY CLIMATE SUMMARY FOR JANUARY 21 2017...

CLIMATE NORMAL PERIOD 1981 TO 2010
CLIMATE RECORD PERIOD 1872 TO 2017


WEATHER ITEM   OBSERVED TIME   RECORD YEAR NORMAL DEPARTURE LAST
                VALUE   (LST)  VALUE       VALUE  FROM      YEAR
                                                  NORMAL
..................................................................
TEMPERATURE (F)
 YESTERDAY
  MAXIMUM         64    454 PM  72    1906  41     23       24
  MINIMUM         51    746 AM -17    1984  25     26       18
  AVERAGE         58                        33     25       21

PRECIPITATION (IN)
  YESTERDAY        0.00          2.53 1933   0.10  -0.10     0.00
  MONTH TO DATE    4.09                      2.16   1.93     0.81
  SINCE DEC 1     10.27                      6.09   4.18     8.02
  SINCE JAN 1      4.09                      2.16   1.93     0.81

SNOWFALL (IN)
  YESTERDAY        0.0           2.0  2014   0.1   -0.1      0.0
  MONTH TO DATE    2.5                       2.5    0.0      2.5
  SINCE DEC 1      2.6                       5.0   -2.4      2.5
  SINCE JUL 1      2.6                       5.3   -2.7      2.5
  SNOW DEPTH       0

DEGREE DAYS
 HEATING
  YESTERDAY        7                        32    -25       44
  MONTH TO DATE  513                       672   -159      714
  SINCE DEC 1   1370                      1573   -203     1210
  SINCE JUL 1   1956                      2460   -504     1896

 COOLING
  YESTERDAY        0                         0      0        0
  MONTH TO DATE    0                         0      0        0
  SINCE DEC 1      0                         0      0        0
  SINCE JAN 1      0                         0      0        0
..................................................................


WIND (MPH)
  HIGHEST WIND SPEED    16   HIGHEST WIND DIRECTION     S (190)
  HIGHEST GUST SPEED    20   HIGHEST GUST DIRECTION     S (170)
  AVERAGE WIND SPEED     8.1


SKY COVER
  POSSIBLE SUNSHINE  MM
  AVERAGE SKY COVER 0.3


WEATHER CONDITIONS
 THE FOLLOWING WEATHER WAS RECORDED YESTERDAY.
  NO SIGNIFICANT WEATHER WAS OBSERVED.


RELATIVE HUMIDITY (PERCENT)
 HIGHEST    83           600 AM
 LOWEST     63           500 PM
 AVERAGE    73

..........................................................


THE LEXINGTON KY CLIMATE NORMALS FOR TODAY
                         NORMAL    RECORD    YEAR
 MAXIMUM TEMPERATURE (F)   41        73      1999
 MINIMUM TEMPERATURE (F)   25        -6      2014


SUNRISE AND SUNSET
JANUARY 22 2017.......SUNRISE   750 AM EST   SUNSET   551 PM EST
JANUARY 23 2017.......SUNRISE   749 AM EST   SUNSET   552 PM EST


-  INDICATES NEGATIVE NUMBERS.
R  INDICATES RECORD WAS SET OR TIED.
MM INDICATES DATA IS MISSING.
T  INDICATES TRACE AMOUNT.




$$
