000
CDUS43 KLMK 260629
CLILEX


CLIMATE REPORT
NATIONAL WEATHER SERVICE LOUISVILLE KY
229 AM EDT THU MAY 26 2016


...................................

...THE LEXINGTON KY CLIMATE SUMMARY FOR MAY 25 2016...

CLIMATE NORMAL PERIOD 1981 TO 2010
CLIMATE RECORD PERIOD 1872 TO 2016


WEATHER ITEM   OBSERVED TIME   RECORD YEAR NORMAL DEPARTURE LAST
                VALUE   (LST)  VALUE       VALUE  FROM      YEAR
                                                  NORMAL
..................................................................
TEMPERATURE (F)
 YESTERDAY
  MAXIMUM         83    232 PM  91    1953  77      6       80
  MINIMUM         62    532 AM  36    1925  57      5       64
  AVERAGE         73                        67      6       72

PRECIPITATION (IN)
  YESTERDAY        0.00          1.68 1997   0.17  -0.17     0.06
  MONTH TO DATE    5.60                      4.20   1.40     0.97
  SINCE MAR 1     11.70                     11.87  -0.17    19.84
  SINCE JAN 1     17.40                     18.27  -0.87    24.69

SNOWFALL (IN)
  YESTERDAY        0.0          MM      MM   0.0    0.0      0.0
  MONTH TO DATE    0.0                       0.0    0.0      0.0
  SINCE MAR 1      0.7                       1.7   -1.0     17.1
  SINCE JUL 1     15.3                      13.0    2.3     40.0
  SNOW DEPTH       0

DEGREE DAYS
 HEATING
  YESTERDAY        0                         2     -2        0
  MONTH TO DATE  137                       101     36       59
  SINCE MAR 1    793                      1019   -226      968
  SINCE JUL 1   3764                      4590   -826     4946

 COOLING
  YESTERDAY        8                         4      4        7
  MONTH TO DATE   30                        57    -27      108
  SINCE MAR 1     58                        79    -21      120
  SINCE JAN 1     58                        79    -21      120
..................................................................


WIND (MPH)
  HIGHEST WIND SPEED    20   HIGHEST WIND DIRECTION    SW (220)
  HIGHEST GUST SPEED    27   HIGHEST GUST DIRECTION    SW (230)
  AVERAGE WIND SPEED     8.9


SKY COVER
  POSSIBLE SUNSHINE  MM
  AVERAGE SKY COVER 0.4


WEATHER CONDITIONS
 THE FOLLOWING WEATHER WAS RECORDED YESTERDAY.
  NO SIGNIFICANT WEATHER WAS OBSERVED.


RELATIVE HUMIDITY (PERCENT)
 HIGHEST    78          1000 PM
 LOWEST     47           300 PM
 AVERAGE    63

..........................................................


THE LEXINGTON KY CLIMATE NORMALS FOR TODAY
                         NORMAL    RECORD    YEAR
 MAXIMUM TEMPERATURE (F)   77        94      1939
 MINIMUM TEMPERATURE (F)   57        38      1925


SUNRISE AND SUNSET
MAY 26 2016...........SUNRISE   620 AM EDT   SUNSET   851 PM EDT
MAY 27 2016...........SUNRISE   619 AM EDT   SUNSET   852 PM EDT


-  INDICATES NEGATIVE NUMBERS.
R  INDICATES RECORD WAS SET OR TIED.
MM INDICATES DATA IS MISSING.
T  INDICATES TRACE AMOUNT.




$$
