000
CDUS43 KLMK 270627
CLILEX


CLIMATE REPORT
NATIONAL WEATHER SERVICE LOUISVILLE KY
227 AM EDT THU APR 27 2017


...................................

...THE LEXINGTON KY CLIMATE SUMMARY FOR APRIL 26 2017...

CLIMATE NORMAL PERIOD 1981 TO 2010
CLIMATE RECORD PERIOD 1872 TO 2017


WEATHER ITEM   OBSERVED TIME   RECORD YEAR NORMAL DEPARTURE LAST
                VALUE   (LST)  VALUE       VALUE  FROM      YEAR
                                                  NORMAL
..................................................................
TEMPERATURE (F)
 YESTERDAY
  MAXIMUM         83    335 PM  88    1938  69     14       84
                                      1935
  MINIMUM         56    549 AM  30    1919  48      8       61
  AVERAGE         70                        58     12       73

PRECIPITATION (IN)
  YESTERDAY        0.00          2.28 1912   0.13  -0.13     0.54
  MONTH TO DATE    1.65                      3.06  -1.41     1.84
  SINCE MAR 1      4.93                      7.13  -2.20     4.63
  SINCE JAN 1     13.03                     13.53  -0.50    10.33

SNOWFALL (IN)
  YESTERDAY        0.0           0.0    MM   0.0    0.0      0.0
  MONTH TO DATE    0.0                       0.3   -0.3       T
  SINCE MAR 1      T                         1.7   -1.7      0.7
  SINCE JUL 1      3.4                      13.0   -9.6     15.3
  SNOW DEPTH       0

DEGREE DAYS
 HEATING
  YESTERDAY        0                         7     -7        0
  MONTH TO DATE  127                       285   -158      254
  SINCE MAR 1    657                       890   -233      648
  SINCE JUL 1   3367                      4461  -1094     3619

 COOLING
  YESTERDAY        5                         1      4        8
  MONTH TO DATE   45                        17     28       22
  SINCE MAR 1     50                        19     31       25
  SINCE JAN 1     54                        19     35       25
..................................................................


WIND (MPH)
  HIGHEST WIND SPEED    20   HIGHEST WIND DIRECTION     S (180)
  HIGHEST GUST SPEED    30   HIGHEST GUST DIRECTION     S (160)
  AVERAGE WIND SPEED    10.2


SKY COVER
  POSSIBLE SUNSHINE  MM
  AVERAGE SKY COVER 0.0


WEATHER CONDITIONS
 THE FOLLOWING WEATHER WAS RECORDED YESTERDAY.
  NO SIGNIFICANT WEATHER WAS OBSERVED.


RELATIVE HUMIDITY (PERCENT)
 HIGHEST    86           400 AM
 LOWEST     31           400 PM
 AVERAGE    59

..........................................................


THE LEXINGTON KY CLIMATE NORMALS FOR TODAY
                         NORMAL    RECORD    YEAR
 MAXIMUM TEMPERATURE (F)   69        87      1986
 MINIMUM TEMPERATURE (F)   48        32      1996
                                             1976


SUNRISE AND SUNSET
APRIL 27 2017.........SUNRISE   647 AM EDT   SUNSET   826 PM EDT
APRIL 28 2017.........SUNRISE   645 AM EDT   SUNSET   827 PM EDT


-  INDICATES NEGATIVE NUMBERS.
R  INDICATES RECORD WAS SET OR TIED.
MM INDICATES DATA IS MISSING.
T  INDICATES TRACE AMOUNT.




$$
