000
CDUS44 KSHV 020737
CLILFK


CLIMATE REPORT
NATIONAL WEATHER SERVICE SHREVEPORT, LA
236 AM CDT SUN AUG 2 2015


...................................

...THE LUFKIN CLIMATE SUMMARY FOR AUGUST 1 2015...

CLIMATE NORMAL PERIOD 1981 TO 2010
CLIMATE RECORD PERIOD 1906 TO 2015


WEATHER ITEM   OBSERVED TIME   RECORD YEAR NORMAL DEPARTURE LAST
                VALUE   (LST)  VALUE       VALUE  FROM      YEAR
                                                  NORMAL
..................................................................
TEMPERATURE (F)
 YESTERDAY
  MAXIMUM         96    313 PM 107    1998  94      2       79
  MINIMUM         68    403 AM  64    1936  72     -4       72
  AVERAGE         82                        83     -1       76

PRECIPITATION (IN)
  YESTERDAY        0.00          1.70 1979   0.10  -0.10      T
  MONTH TO DATE    0.00                      0.10  -0.10      T
  SINCE DEC 1     49.21                     31.79  17.42    31.53
  SINCE JAN 1     47.16                     27.35  19.81    29.32

SNOWFALL (IN)
  YESTERDAY        0.0
  MONTH TO DATE    0.0
  SINCE JUN 1      0.0
  SINCE JUL 1      0.0
  SNOW DEPTH       0

DEGREE DAYS
 HEATING
  YESTERDAY        0                         0      0        0
  MONTH TO DATE    0                         0      0        0
  SINCE JUN 1      0                         0      0        0
  SINCE JUL 1      0                         0      0        0

 COOLING
  YESTERDAY       17                        18     -1       11
  MONTH TO DATE   17                        18     -1       11
  SINCE JUN 1   1195                      1020    175     1130
  SINCE JAN 1   1878                      1489    389     1626
..................................................................


WIND (MPH)
  HIGHEST WIND SPEED    14   HIGHEST WIND DIRECTION     E (80)
  HIGHEST GUST SPEED    20   HIGHEST GUST DIRECTION     E (110)
  AVERAGE WIND SPEED     6.1


SKY COVER
  POSSIBLE SUNSHINE  MM
  AVERAGE SKY COVER 0.0


WEATHER CONDITIONS
 THE FOLLOWING WEATHER WAS RECORDED YESTERDAY.
  NO SIGNIFICANT WEATHER WAS OBSERVED.


RELATIVE HUMIDITY (PERCENT)
 HIGHEST    84           400 AM
 LOWEST     30           400 PM
 AVERAGE    57

..........................................................


THE LUFKIN CLIMATE NORMALS FOR TODAY
                         NORMAL    RECORD    YEAR
 MAXIMUM TEMPERATURE (F)   95       108      1998
 MINIMUM TEMPERATURE (F)   72        61      1965


SUNRISE AND SUNSET
AUGUST  2 2015........SUNRISE   636 AM CDT   SUNSET   814 PM CDT
AUGUST  3 2015........SUNRISE   637 AM CDT   SUNSET   813 PM CDT


-  INDICATES NEGATIVE NUMBERS.
R  INDICATES RECORD WAS SET OR TIED.
MM INDICATES DATA IS MISSING.
T  INDICATES TRACE AMOUNT.




$$
