000
CDUS44 KSHV 230745
CLILFK


CLIMATE REPORT
NATIONAL WEATHER SERVICE SHREVEPORT, LA
235 AM CDT SUN APR 23 2017


...................................

...THE LUFKIN CLIMATE SUMMARY FOR APRIL 22 2017...

CLIMATE NORMAL PERIOD 1981 TO 2010
CLIMATE RECORD PERIOD 1906 TO 2017


WEATHER ITEM   OBSERVED TIME   RECORD YEAR NORMAL DEPARTURE LAST
                VALUE   (LST)  VALUE       VALUE  FROM      YEAR
                                                  NORMAL
..................................................................
TEMPERATURE (F)
 YESTERDAY
  MAXIMUM         71    826 AM  91    2011  80     -9       80
  MINIMUM         53   1151 PM  36    1931  57     -4       57
  AVERAGE         62                        68     -6       69

PRECIPITATION (IN)
  YESTERDAY        0.01          3.72 1926   0.10  -0.09     0.00
  MONTH TO DATE    5.37                      2.18   3.19     4.66
  SINCE DEC 1     20.25                     18.45   1.80    20.59
  SINCE JAN 1     15.34                     14.01   1.33    16.54

SNOWFALL (IN)
  YESTERDAY        0.0
  MONTH TO DATE    0.0
  SINCE MAR 1      0.0
  SINCE JUL 1      T
  SNOW DEPTH       0

DEGREE DAYS
 HEATING
  YESTERDAY        3                         1      2        0
  MONTH TO DATE   23                        62    -39       39
  SINCE MAR 1    146                       272   -126      148
  SINCE JUL 1   1122                      1906   -784     1470

 COOLING
  YESTERDAY        0                         5     -5        4
  MONTH TO DATE   98                        75     23       56
  SINCE MAR 1    192                       116     76      114
  SINCE JAN 1    274                       135    139      128
..................................................................


WIND (MPH)
  HIGHEST WIND SPEED    17   HIGHEST WIND DIRECTION    NW (320)
  HIGHEST GUST SPEED    26   HIGHEST GUST DIRECTION     N (340)
  AVERAGE WIND SPEED     8.3


SKY COVER
  POSSIBLE SUNSHINE  MM
  AVERAGE SKY COVER 1.0


WEATHER CONDITIONS
 THE FOLLOWING WEATHER WAS RECORDED YESTERDAY.
  LIGHT RAIN
  FOG


RELATIVE HUMIDITY (PERCENT)
 HIGHEST    97          1200 AM
 LOWEST     66          1100 PM
 AVERAGE    82

..........................................................


THE LUFKIN CLIMATE NORMALS FOR TODAY
                         NORMAL    RECORD    YEAR
 MAXIMUM TEMPERATURE (F)   80        91      2011
                                             1999
 MINIMUM TEMPERATURE (F)   57        40      1907


SUNRISE AND SUNSET
APRIL 23 2017.........SUNRISE   642 AM CDT   SUNSET   753 PM CDT
APRIL 24 2017.........SUNRISE   641 AM CDT   SUNSET   754 PM CDT


-  INDICATES NEGATIVE NUMBERS.
R  INDICATES RECORD WAS SET OR TIED.
MM INDICATES DATA IS MISSING.
T  INDICATES TRACE AMOUNT.




$$
