000
CDUS44 KSHV 250743
CLILFK


CLIMATE REPORT
NATIONAL WEATHER SERVICE SHREVEPORT, LA
243 AM CDT WED MAY 25 2016


...................................

...THE LUFKIN CLIMATE SUMMARY FOR MAY 24 2016...

CLIMATE NORMAL PERIOD 1981 TO 2010
CLIMATE RECORD PERIOD 1906 TO 2016


WEATHER ITEM   OBSERVED TIME   RECORD YEAR NORMAL DEPARTURE LAST
                VALUE   (LST)  VALUE       VALUE  FROM      YEAR
                                                  NORMAL
..................................................................
TEMPERATURE (F)
 YESTERDAY
  MAXIMUM         89    251 PM  95    1937  87      2       79
  MINIMUM         68    529 AM  50    1910  66      2       72
  AVERAGE         79                        76      3       76

PRECIPITATION (IN)
  YESTERDAY        0.01          1.60 1919   0.16  -0.15     0.17
  MONTH TO DATE    1.91                      3.49  -1.58    11.92
  SINCE DEC 1     25.80                     22.81   2.99    34.30
  SINCE JAN 1     21.75                     18.37   3.38    32.25

SNOWFALL (IN)
  YESTERDAY        0.0
  MONTH TO DATE    0.0
  SINCE MAR 1      0.0
  SINCE JUL 1      0.0
  SNOW DEPTH       0

DEGREE DAYS
 HEATING
  YESTERDAY        0                         0      0        0
  MONTH TO DATE    2                         1      1        0
  SINCE MAR 1    150                       280   -130      171
  SINCE JUL 1   1472                      1914   -442     1691

 COOLING
  YESTERDAY       14                        11      3       11
  MONTH TO DATE  167                       207    -40      280
  SINCE MAR 1    355                       364     -9      577
  SINCE JAN 1    369                       383    -14      583
..................................................................


WIND (MPH)
  HIGHEST WIND SPEED    16   HIGHEST WIND DIRECTION     S (160)
  HIGHEST GUST SPEED    22   HIGHEST GUST DIRECTION     S (180)
  AVERAGE WIND SPEED     7.6


SKY COVER
  POSSIBLE SUNSHINE  MM
  AVERAGE SKY COVER 0.5


WEATHER CONDITIONS
 THE FOLLOWING WEATHER WAS RECORDED YESTERDAY.
  FOG
  HAZE


RELATIVE HUMIDITY (PERCENT)
 HIGHEST    97          1200 AM
 LOWEST     63           300 PM
 AVERAGE    80

..........................................................


THE LUFKIN CLIMATE NORMALS FOR TODAY
                         NORMAL    RECORD    YEAR
 MAXIMUM TEMPERATURE (F)   87        95      1996
 MINIMUM TEMPERATURE (F)   66        53      1910


SUNRISE AND SUNSET
MAY 25 2016...........SUNRISE   618 AM CDT   SUNSET   815 PM CDT
MAY 26 2016...........SUNRISE   617 AM CDT   SUNSET   815 PM CDT


-  INDICATES NEGATIVE NUMBERS.
R  INDICATES RECORD WAS SET OR TIED.
MM INDICATES DATA IS MISSING.
T  INDICATES TRACE AMOUNT.




$$
