000
CDUS44 KSHV 220739
CLILFK


CLIMATE REPORT
NATIONAL WEATHER SERVICE SHREVEPORT, LA
239 AM CDT THU JUN 22 2017


...................................

...THE LUFKIN CLIMATE SUMMARY FOR JUNE 21 2017...

CLIMATE NORMAL PERIOD 1981 TO 2010
CLIMATE RECORD PERIOD 1906 TO 2017


WEATHER ITEM   OBSERVED TIME   RECORD YEAR NORMAL DEPARTURE LAST
                VALUE   (LST)  VALUE       VALUE  FROM      YEAR
                                                  NORMAL
..................................................................
TEMPERATURE (F)
 YESTERDAY
  MAXIMUM         84   1209 PM 106    1936  91     -7       92
  MINIMUM         73    628 AM  60    1912  71      2       72
  AVERAGE         79                        81     -2       82

PRECIPITATION (IN)
  YESTERDAY        0.03          3.35 1927   0.17  -0.14      T
  MONTH TO DATE    2.98                      3.35  -0.37     1.96
  SINCE DEC 1     30.41                     27.31   3.10    35.08
  SINCE JAN 1     25.50                     22.87   2.63    31.03

SNOWFALL (IN)
  YESTERDAY        0.0
  MONTH TO DATE    0.0
  SINCE JUN 1      0.0
  SINCE JUL 1      T
  SNOW DEPTH       0

DEGREE DAYS
 HEATING
  YESTERDAY        0                         0      0        0
  MONTH TO DATE    0                         0      0        0
  SINCE JUN 1      0                         0      0        0
  SINCE JUL 1   1145                      1917   -772     1472

 COOLING
  YESTERDAY       14                        16     -2       17
  MONTH TO DATE  306                       305      1      312
  SINCE JUN 1    306                       305      1      312
  SINCE JAN 1    831                       774     57      758
..................................................................


WIND (MPH)
  HIGHEST WIND SPEED    17   HIGHEST WIND DIRECTION    NE (30)
  HIGHEST GUST SPEED    28   HIGHEST GUST DIRECTION     N (20)
  AVERAGE WIND SPEED     9.1


SKY COVER
  POSSIBLE SUNSHINE  MM
  AVERAGE SKY COVER 0.5


WEATHER CONDITIONS
 THE FOLLOWING WEATHER WAS RECORDED YESTERDAY.
  LIGHT RAIN
  FOG


RELATIVE HUMIDITY (PERCENT)
 HIGHEST    93           300 AM
 LOWEST     65          1100 AM
 AVERAGE    79

..........................................................


THE LUFKIN CLIMATE NORMALS FOR TODAY
                         NORMAL    RECORD    YEAR
 MAXIMUM TEMPERATURE (F)   91       103      1918
 MINIMUM TEMPERATURE (F)   71        62      1912


SUNRISE AND SUNSET
JUNE 22 2017..........SUNRISE   616 AM CDT   SUNSET   826 PM CDT
JUNE 23 2017..........SUNRISE   616 AM CDT   SUNSET   827 PM CDT


-  INDICATES NEGATIVE NUMBERS.
R  INDICATES RECORD WAS SET OR TIED.
MM INDICATES DATA IS MISSING.
T  INDICATES TRACE AMOUNT.




$$
