000
CDUS44 KSHV 020738
CLILFK


CLIMATE REPORT
NATIONAL WEATHER SERVICE SHREVEPORT, LA
235 AM CDT THU JUL 2 2015


...................................

...THE LUFKIN CLIMATE SUMMARY FOR JULY 1 2015...

CLIMATE NORMAL PERIOD 1981 TO 2010
CLIMATE RECORD PERIOD 1906 TO 2015


WEATHER ITEM   OBSERVED TIME   RECORD YEAR NORMAL DEPARTURE LAST
                VALUE   (LST)  VALUE       VALUE  FROM      YEAR
                                                  NORMAL
..................................................................
TEMPERATURE (F)
 YESTERDAY
  MAXIMUM         93    149 PM 104    1917  92      1       95
  MINIMUM         71    605 AM  60    1920  72     -1       75
  AVERAGE         82                        82      0       85

PRECIPITATION (IN)
  YESTERDAY        0.23          1.02 1951   0.13   0.10     0.00
  MONTH TO DATE    0.23                      0.13   0.10     0.00
  SINCE DEC 1     48.51                     28.77  19.74    22.39
  SINCE JAN 1     46.46                     24.33  22.13    20.18

SNOWFALL (IN)
  YESTERDAY        0.0
  MONTH TO DATE    0.0
  SINCE JUN 1      0.0
  SINCE JUL 1      0.0
  SNOW DEPTH       0

DEGREE DAYS
 HEATING
  YESTERDAY        0                         0      0        0
  MONTH TO DATE    0                         0      0        0
  SINCE JUN 1      0                         0      0        0
  SINCE JUL 1      0                         0      0        0

 COOLING
  YESTERDAY       17                        17      0       20
  MONTH TO DATE   17                        17      0       20
  SINCE JUN 1    570                       469    101      559
  SINCE JAN 1   1253                       938    315     1055
..................................................................


WIND (MPH)
  HIGHEST WIND SPEED    22   HIGHEST WIND DIRECTION    SW (230)
  HIGHEST GUST SPEED    33   HIGHEST GUST DIRECTION    SW (220)
  AVERAGE WIND SPEED     6.1


SKY COVER
  POSSIBLE SUNSHINE  MM
  AVERAGE SKY COVER 0.2


WEATHER CONDITIONS
 THE FOLLOWING WEATHER WAS RECORDED YESTERDAY.
  HEAVY RAIN
  RAIN
  LIGHT RAIN
  FOG
  HAZE


RELATIVE HUMIDITY (PERCENT)
 HIGHEST    90           300 AM
 LOWEST     55           300 PM
 AVERAGE    73

..........................................................


THE LUFKIN CLIMATE NORMALS FOR TODAY
                         NORMAL    RECORD    YEAR
 MAXIMUM TEMPERATURE (F)   92       104      2009
 MINIMUM TEMPERATURE (F)   72        63      2013


SUNRISE AND SUNSET
JULY  2 2015..........SUNRISE   619 AM CDT   SUNSET   827 PM CDT
JULY  3 2015..........SUNRISE   619 AM CDT   SUNSET   827 PM CDT


-  INDICATES NEGATIVE NUMBERS.
R  INDICATES RECORD WAS SET OR TIED.
MM INDICATES DATA IS MISSING.
T  INDICATES TRACE AMOUNT.




$$
