000
CDUS44 KSHV 252249
CLILFK


CLIMATE REPORT
NATIONAL WEATHER SERVICE SHREVEPORT, LA
448 PM CST TUE NOV 25 2014


...................................

...THE LUFKIN CLIMATE SUMMARY FOR NOVEMBER 25 2014...
VALID TODAY AS OF 0400 PM LOCAL TIME.

CLIMATE NORMAL PERIOD 1981 TO 2010
CLIMATE RECORD PERIOD 1906 TO 2014


WEATHER ITEM   OBSERVED TIME   RECORD YEAR NORMAL DEPARTURE LAST
                VALUE   (LST)  VALUE       VALUE  FROM      YEAR
                                                  NORMAL
..................................................................
TEMPERATURE (F)
 TODAY
  MAXIMUM         65    324 PM  87    1945  66     -1       41
  MINIMUM         36    359 AM  19    1938  44     -8       37
  AVERAGE         51                        55     -4       39

PRECIPITATION (IN)
  TODAY            0.00          6.19 1940   0.16  -0.16     1.71
  MONTH TO DATE    4.07                      4.18  -0.11     3.05
  SINCE DEC 1     44.89                     48.12  -3.23    43.88
  SINCE JAN 1     42.68                     43.68  -1.00    39.57

SNOWFALL (IN)
  TODAY            0.0
  MONTH TO DATE    0.0
  SINCE SEP 1      0.0
  SINCE JUL 1      0.0
  SNOW DEPTH       0

DEGREE DAYS
 HEATING
  TODAY           14                        11      3       26
  MONTH TO DATE  266                       183     83      217
  SINCE SEP 1    268                       249     19      243
  SINCE JUL 1    268                       249     19      243

 COOLING
  TODAY            0                         1     -1        0
  MONTH TO DATE   13                        35    -22       25
  SINCE SEP 1    726                       556    170      674
  SINCE JAN 1   2960                      2579    381     2841
..................................................................


WIND (MPH)
  HIGHEST WIND SPEED    10   HIGHEST WIND DIRECTION     W (270)
  HIGHEST GUST SPEED    15   HIGHEST GUST DIRECTION     W (250)
  AVERAGE WIND SPEED     2.2


SKY COVER
  POSSIBLE SUNSHINE  MM
  AVERAGE SKY COVER 0.0


WEATHER CONDITIONS
 THE FOLLOWING WEATHER WAS RECORDED TODAY.
  NO SIGNIFICANT WEATHER WAS OBSERVED.


RELATIVE HUMIDITY (PERCENT)
 HIGHEST    89           300 AM
 LOWEST     25           100 PM
 AVERAGE    57

..........................................................


THE LUFKIN CLIMATE NORMALS FOR TOMORROW
                         NORMAL    RECORD    YEAR
 MAXIMUM TEMPERATURE (F)   66        88      1965
 MINIMUM TEMPERATURE (F)   44        24      1938


SUNRISE AND SUNSET
NOVEMBER 25 2014......SUNRISE   655 AM CST   SUNSET   517 PM CST
NOVEMBER 26 2014......SUNRISE   656 AM CST   SUNSET   517 PM CST


-  INDICATES NEGATIVE NUMBERS.
R  INDICATES RECORD WAS SET OR TIED.
MM INDICATES DATA IS MISSING.
T  INDICATES TRACE AMOUNT.




$$
