000
CDUS44 KSHV 230835
CLILFK


CLIMATE REPORT
NATIONAL WEATHER SERVICE SHREVEPORT, LA
234 AM CST SUN NOV 23 2014


...................................

...THE LUFKIN CLIMATE SUMMARY FOR NOVEMBER 22 2014...

CLIMATE NORMAL PERIOD 1981 TO 2010
CLIMATE RECORD PERIOD 1906 TO 2014


WEATHER ITEM   OBSERVED TIME   RECORD YEAR NORMAL DEPARTURE LAST
                VALUE   (LST)  VALUE       VALUE  FROM      YEAR
                                                  NORMAL
..................................................................
TEMPERATURE (F)
 YESTERDAY
  MAXIMUM         71   1204 PM  83    1931  67      4       72
  MINIMUM         56    731 AM  27    1984  45     11       44
  AVERAGE         64                        56      8       58

PRECIPITATION (IN)
  YESTERDAY        0.41          2.50 1941   0.15   0.26     0.96
  MONTH TO DATE    3.77                      3.72   0.05     1.01
  SINCE DEC 1     44.59                     47.66  -3.07    41.84
  SINCE JAN 1     42.38                     43.22  -0.84    37.53

SNOWFALL (IN)
  YESTERDAY        0.0
  MONTH TO DATE    0.0
  SINCE SEP 1      0.0
  SINCE JUL 1      0.0
  SNOW DEPTH       0

DEGREE DAYS
 HEATING
  YESTERDAY        1                        10     -9        7
  MONTH TO DATE  240                       152     88      149
  SINCE SEP 1    242                       218     24      175
  SINCE JUL 1    242                       218     24      175

 COOLING
  YESTERDAY        0                         1     -1        0
  MONTH TO DATE    8                        32    -24       25
  SINCE SEP 1    721                       553    168      674
  SINCE JAN 1   2955                      2576    379     2841
..................................................................


WIND (MPH)
  HIGHEST WIND SPEED    25   HIGHEST WIND DIRECTION    SE (120)
  HIGHEST GUST SPEED    32   HIGHEST GUST DIRECTION     E (110)
  AVERAGE WIND SPEED    10.1


SKY COVER
  POSSIBLE SUNSHINE  MM
  AVERAGE SKY COVER 0.7


WEATHER CONDITIONS
 THE FOLLOWING WEATHER WAS RECORDED YESTERDAY.
  HEAVY RAIN
  RAIN
  LIGHT RAIN
  FOG


RELATIVE HUMIDITY (PERCENT)
 HIGHEST    86           200 AM
 LOWEST     66          1100 AM
 AVERAGE    76

..........................................................


THE LUFKIN CLIMATE NORMALS FOR TODAY
                         NORMAL    RECORD    YEAR
 MAXIMUM TEMPERATURE (F)   67        84      2010
                                             1973
 MINIMUM TEMPERATURE (F)   45        23      1975


SUNRISE AND SUNSET
NOVEMBER 23 2014......SUNRISE   653 AM CST   SUNSET   517 PM CST
NOVEMBER 24 2014......SUNRISE   654 AM CST   SUNSET   517 PM CST


-  INDICATES NEGATIVE NUMBERS.
R  INDICATES RECORD WAS SET OR TIED.
MM INDICATES DATA IS MISSING.
T  INDICATES TRACE AMOUNT.




$$
