000
CDUS44 KSHV 280851
CLILFK


CLIMATE REPORT
NATIONAL WEATHER SERVICE SHREVEPORT, LA
246 AM CST SUN DEC 28 2014


...................................

...THE LUFKIN CLIMATE SUMMARY FOR DECEMBER 27 2014...

CLIMATE NORMAL PERIOD 1981 TO 2010
CLIMATE RECORD PERIOD 1906 TO 2014


WEATHER ITEM   OBSERVED TIME   RECORD YEAR NORMAL DEPARTURE LAST
                VALUE   (LST)  VALUE       VALUE  FROM      YEAR
                                                  NORMAL
..................................................................
TEMPERATURE (F)
 YESTERDAY
  MAXIMUM         72   1141 AM  80    1971  59     13       58
  MINIMUM         46   1159 PM  23    2010  38      8       38
                                      1977
  AVERAGE         59                        49     10       48

PRECIPITATION (IN)
  YESTERDAY        0.36          1.82 1942   0.13   0.23     0.00
  MONTH TO DATE    1.35                      3.92  -2.57     2.21
  SINCE DEC 1      1.35                      3.92  -2.57     2.21
  SINCE JAN 1     44.03                     48.43  -4.40    42.49

SNOWFALL (IN)
  YESTERDAY       MM
  MONTH TO DATE    0.0
  SINCE DEC 1      0.0
  SINCE JUL 1      0.0
  SNOW DEPTH       0

DEGREE DAYS
 HEATING
  YESTERDAY        6                        17    -11       17
  MONTH TO DATE  235                       404   -169      436
  SINCE DEC 1    235                       404   -169      436
  SINCE JUL 1    531                       711   -180      792

 COOLING
  YESTERDAY        0                         0      0        0
  MONTH TO DATE   12                         4      8       16
  SINCE DEC 1     12                         4      8       16
  SINCE JAN 1   2980                      2587    393     2857
..................................................................


WIND (MPH)
  HIGHEST WIND SPEED    22   HIGHEST WIND DIRECTION    NW (300)
  HIGHEST GUST SPEED    31   HIGHEST GUST DIRECTION    NW (300)
  AVERAGE WIND SPEED     8.1


SKY COVER
  POSSIBLE SUNSHINE  MM
  AVERAGE SKY COVER 1.0


WEATHER CONDITIONS
 THE FOLLOWING WEATHER WAS RECORDED YESTERDAY.
  THUNDERSTORM
  HEAVY RAIN
  RAIN
  LIGHT RAIN
  FOG
  FOG W/VISIBILITY <= 1/4 MILE
  HAZE


RELATIVE HUMIDITY (PERCENT)
 HIGHEST    87          1200 AM
 LOWEST     80           500 PM
 AVERAGE    84

..........................................................


THE LUFKIN CLIMATE NORMALS FOR TODAY
                         NORMAL    RECORD    YEAR
 MAXIMUM TEMPERATURE (F)   59        82      1907
 MINIMUM TEMPERATURE (F)   38        22      1925


SUNRISE AND SUNSET
DECEMBER 28 2014......SUNRISE   717 AM CST   SUNSET   525 PM CST
DECEMBER 29 2014......SUNRISE   717 AM CST   SUNSET   525 PM CST


-  INDICATES NEGATIVE NUMBERS.
R  INDICATES RECORD WAS SET OR TIED.
MM INDICATES DATA IS MISSING.
T  INDICATES TRACE AMOUNT.




$$
