000
CDUS44 KSHV 300808
CLILFK


CLIMATE REPORT
NATIONAL WEATHER SERVICE SHREVEPORT, LA
305 AM CDT SAT APR 30 2016


...................................

...THE LUFKIN CLIMATE SUMMARY FOR APRIL 29 2016...

CLIMATE NORMAL PERIOD 1981 TO 2010
CLIMATE RECORD PERIOD 1906 TO 2016


WEATHER ITEM   OBSERVED TIME   RECORD YEAR NORMAL DEPARTURE LAST
                VALUE   (LST)  VALUE       VALUE  FROM      YEAR
                                                  NORMAL
..................................................................
TEMPERATURE (F)
 YESTERDAY
  MAXIMUM         86   1253 PM  91    1990  81      5       78
  MINIMUM         73   1159 PM  43    1916  59     14       51
  AVERAGE         80                        70     10       65

PRECIPITATION (IN)
  YESTERDAY        0.08          2.80 1953   0.11  -0.03     0.00
  MONTH TO DATE    5.60                      2.94   2.66     5.34
  SINCE DEC 1     21.53                     19.21   2.32    22.38
  SINCE JAN 1     17.48                     14.77   2.71    20.33

SNOWFALL (IN)
  YESTERDAY        0.0
  MONTH TO DATE    0.0
  SINCE MAR 1      0.0
  SINCE JUL 1      0.0
  SNOW DEPTH       0

DEGREE DAYS
 HEATING
  YESTERDAY        0                         1     -1        0
  MONTH TO DATE   39                        69    -30        9
  SINCE MAR 1    148                       279   -131      171
  SINCE JUL 1   1470                      1913   -443     1691

 COOLING
  YESTERDAY       15                         6      9        0
  MONTH TO DATE  119                       111      8      235
  SINCE MAR 1    177                       152     25      294
  SINCE JAN 1    191                       171     20      300
..................................................................


WIND (MPH)
  HIGHEST WIND SPEED    29   HIGHEST WIND DIRECTION     S (160)
  HIGHEST GUST SPEED    37   HIGHEST GUST DIRECTION     S (160)
  AVERAGE WIND SPEED    14.9


SKY COVER
  POSSIBLE SUNSHINE  MM
  AVERAGE SKY COVER 0.7


WEATHER CONDITIONS
 THE FOLLOWING WEATHER WAS RECORDED YESTERDAY.
  THUNDERSTORM
  LIGHT RAIN
  FOG


RELATIVE HUMIDITY (PERCENT)
 HIGHEST    87          1200 AM
 LOWEST     57           100 PM
 AVERAGE    72

..........................................................


THE LUFKIN CLIMATE NORMALS FOR TODAY
                         NORMAL    RECORD    YEAR
 MAXIMUM TEMPERATURE (F)   81        95      1933
 MINIMUM TEMPERATURE (F)   59        37      1908


SUNRISE AND SUNSET
APRIL 30 2016.........SUNRISE   635 AM CDT   SUNSET   758 PM CDT
MAY  1 2016...........SUNRISE   634 AM CDT   SUNSET   759 PM CDT


-  INDICATES NEGATIVE NUMBERS.
R  INDICATES RECORD WAS SET OR TIED.
MM INDICATES DATA IS MISSING.
T  INDICATES TRACE AMOUNT.




$$
