000
CDUS44 KLCH 262213
CLILFT


CLIMATE REPORT
NATIONAL WEATHER SERVICE LAKE CHARLES, LA
413 PM CST FRI DEC 26 2014


...................................

...THE LAFAYETTE CLIMATE SUMMARY FOR DECEMBER 26 2014...
VALID TODAY AS OF 0400 PM LOCAL TIME.

CLIMATE NORMAL PERIOD 1981 TO 2010
CLIMATE RECORD PERIOD 1893 TO 2014


WEATHER ITEM   OBSERVED TIME   RECORD YEAR NORMAL DEPARTURE LAST
                VALUE   (LST)  VALUE       VALUE  FROM      YEAR
                                                  NORMAL
..................................................................
TEMPERATURE (F)
 TODAY
  MAXIMUM         61    217 PM  79    1942  63     -2       60
  MINIMUM         48    441 AM  16    1983  43      5       34
  AVERAGE         55                        53      2       47

PRECIPITATION (IN)
  TODAY            0.02          4.87 1982   0.19  -0.17     0.00
  MONTH TO DATE    3.07                      4.63  -1.56     2.26
  SINCE DEC 1      3.07                      4.63  -1.56     2.26
  SINCE JAN 1     59.57                     59.55   0.02    56.03

SNOWFALL (IN)
  TODAY           MM             0.0    MM   0.0   MM        0.0
  MONTH TO DATE    0.0                       0.0    0.0      0.0
  SINCE DEC 1      0.0                       0.0    0.0      0.0
  SINCE JUL 1      0.0                       0.0    0.0      0.0
  SNOW DEPTH       0

DEGREE DAYS
 HEATING
  TODAY           10                        13     -3       18
  MONTH TO DATE  210                       290    -80      358
  SINCE DEC 1    210                       290    -80      358
  SINCE JUL 1    511                       489     22      627
..................................................................


WIND (MPH)
  HIGHEST WIND SPEED     9   HIGHEST WIND DIRECTION    SE (120)
  HIGHEST GUST SPEED    13   HIGHEST GUST DIRECTION    SE (120)
  AVERAGE WIND SPEED     4.5


SKY COVER
  POSSIBLE SUNSHINE  MM
  AVERAGE SKY COVER 0.7


WEATHER CONDITIONS
 THE FOLLOWING WEATHER WAS RECORDED TODAY.
  LIGHT RAIN
  FOG
  HAZE


RELATIVE HUMIDITY (PERCENT)
 HIGHEST    86           500 AM
 LOWEST     72          1200 PM
 AVERAGE    79

..........................................................


THE LAFAYETTE CLIMATE NORMALS FOR TOMORROW
                         NORMAL    RECORD    YEAR
 MAXIMUM TEMPERATURE (F)   62        82      1984
 MINIMUM TEMPERATURE (F)   43        23      2010


SUNRISE AND SUNSET
DECEMBER 26 2014......SUNRISE   702 AM CST   SUNSET   515 PM CST
DECEMBER 27 2014......SUNRISE   703 AM CST   SUNSET   516 PM CST


-  INDICATES NEGATIVE NUMBERS.
R  INDICATES RECORD WAS SET OR TIED.
MM INDICATES DATA IS MISSING.
T  INDICATES TRACE AMOUNT.




$$
