000
CDUS44 KLCH 301001
CLILFT


CLIMATE REPORT
NATIONAL WEATHER SERVICE LAKE CHARLES, LA
501 AM CDT THU OCT 30 2014


...................................

...THE LAFAYETTE CLIMATE SUMMARY FOR OCTOBER 29 2014...

CLIMATE NORMAL PERIOD 1981 TO 2010
CLIMATE RECORD PERIOD 1893 TO 2014


WEATHER ITEM   OBSERVED TIME   RECORD YEAR NORMAL DEPARTURE LAST
                VALUE   (LST)  VALUE       VALUE  FROM      YEAR
                                                  NORMAL
..................................................................
TEMPERATURE (F)
 YESTERDAY
  MAXIMUM         84    228 PM  89    1950  78      6       81
  MINIMUM         60   1159 PM  30    1910  56      4       63
  AVERAGE         72                        67      5       72

PRECIPITATION (IN)
  YESTERDAY        0.00          3.47 1993   0.17  -0.17     0.00
  MONTH TO DATE    2.13                      4.91  -2.78     4.08
  SINCE SEP 1      7.76                      9.63  -1.87     7.77
  SINCE JAN 1     53.85                     50.25   3.60    50.65

SNOWFALL (IN)
  YESTERDAY        0.0           0.0    MM   0.0    0.0      0.0
  MONTH TO DATE    0.0                       0.0    0.0      0.0
  SINCE SEP 1      0.0                       0.0    0.0      0.0
  SINCE JUL 1      0.0                       0.0    0.0      0.0
  SNOW DEPTH       0

DEGREE DAYS
 HEATING
  YESTERDAY        0                         2     -2        0
  MONTH TO DATE    2                        28    -26       11
  SINCE SEP 1      2                        29    -27       11
  SINCE JUL 1      2                        29    -27       11

 COOLING
  YESTERDAY        7                         4      3        7
  MONTH TO DATE  214                       193     21      192
  SINCE SEP 1    667                       620     47      695
  SINCE JAN 1   2724                      2881   -157     2797
..................................................................


WIND (MPH)
  HIGHEST WIND SPEED    17   HIGHEST WIND DIRECTION     N (20)
  HIGHEST GUST SPEED    23   HIGHEST GUST DIRECTION     N (20)
  AVERAGE WIND SPEED     5.3


SKY COVER
  POSSIBLE SUNSHINE  MM
  AVERAGE SKY COVER 0.6


WEATHER CONDITIONS
 THE FOLLOWING WEATHER WAS RECORDED YESTERDAY.
  FOG
  FOG W/VISIBILITY <= 1/4 MILE


RELATIVE HUMIDITY (PERCENT)
 HIGHEST   100          1200 AM
 LOWEST     58           200 PM
 AVERAGE    79

..........................................................


THE LAFAYETTE CLIMATE NORMALS FOR TODAY
                         NORMAL    RECORD    YEAR
 MAXIMUM TEMPERATURE (F)   77        89      1951
 MINIMUM TEMPERATURE (F)   56        30      1917


SUNRISE AND SUNSET
OCTOBER 30 2014.......SUNRISE   721 AM CDT   SUNSET   622 PM CDT
OCTOBER 31 2014.......SUNRISE   721 AM CDT   SUNSET   621 PM CDT


-  INDICATES NEGATIVE NUMBERS.
R  INDICATES RECORD WAS SET OR TIED.
MM INDICATES DATA IS MISSING.
T  INDICATES TRACE AMOUNT.




$$
