000
CDUS44 KLCH 022216
CLILFT


CLIMATE REPORT
NATIONAL WEATHER SERVICE LAKE CHARLES, LA
515 PM CDT SUN AUG 2 2015


...................................

...THE LAFAYETTE CLIMATE SUMMARY FOR AUGUST 2 2015...
VALID TODAY AS OF 0500 PM LOCAL TIME.

CLIMATE NORMAL PERIOD 1981 TO 2010
CLIMATE RECORD PERIOD 1893 TO 2015


WEATHER ITEM   OBSERVED TIME   RECORD YEAR NORMAL DEPARTURE LAST
                VALUE   (LST)  VALUE       VALUE  FROM      YEAR
                                                  NORMAL
..................................................................
TEMPERATURE (F)
 TODAY
  MAXIMUM         98    139 PM 102    1922  93      5       88
  MINIMUM         70    530 AM  64    1936  75     -5       75
                                      1925
  AVERAGE         84                        84      0       82

PRECIPITATION (IN)
  TODAY            0.00          2.01 1976   0.15  -0.15     0.18
  MONTH TO DATE    0.00                      0.31  -0.31     1.39
  SINCE JUN 1      9.64                     13.69  -4.05    15.96
  SINCE JAN 1     40.24                     36.31   3.93    39.00

DEGREE DAYS
 COOLING
  TODAY           19                        19      0       17
  MONTH TO DATE   38                        38      0       32
  SINCE JUN 1   1179                      1108     71     1065
  SINCE JAN 1   1871                      1722    149     1534
..................................................................


WIND (MPH)
  HIGHEST WIND SPEED    13   HIGHEST WIND DIRECTION     N (360)
  HIGHEST GUST SPEED    17   HIGHEST GUST DIRECTION    NE (40)
  AVERAGE WIND SPEED     3.8


SKY COVER
  POSSIBLE SUNSHINE  MM
  AVERAGE SKY COVER 0.0


WEATHER CONDITIONS
 THE FOLLOWING WEATHER WAS RECORDED TODAY.
  NO SIGNIFICANT WEATHER WAS OBSERVED.


RELATIVE HUMIDITY (PERCENT)
 HIGHEST    87          1200 AM
 LOWEST     29           200 PM
 AVERAGE    58

..........................................................


THE LAFAYETTE CLIMATE NORMALS FOR TOMORROW
                         NORMAL    RECORD    YEAR
 MAXIMUM TEMPERATURE (F)   93       100      1899
 MINIMUM TEMPERATURE (F)   75        65      1923


SUNRISE AND SUNSET
AUGUST  2 2015........SUNRISE   627 AM CDT   SUNSET   801 PM CDT
AUGUST  3 2015........SUNRISE   628 AM CDT   SUNSET   800 PM CDT


-  INDICATES NEGATIVE NUMBERS.
R  INDICATES RECORD WAS SET OR TIED.
MM INDICATES DATA IS MISSING.
T  INDICATES TRACE AMOUNT.




$$
