000
CDUS44 KLCH 210907
CLILFT


CLIMATE REPORT
NATIONAL WEATHER SERVICE LAKE CHARLES, LA
406 AM CDT SAT OCT 21 2017


...................................

...THE LAFAYETTE CLIMATE SUMMARY FOR OCTOBER 20 2017...

CLIMATE NORMAL PERIOD 1981 TO 2010
CLIMATE RECORD PERIOD 1893 TO 2017


WEATHER ITEM   OBSERVED TIME   RECORD YEAR NORMAL DEPARTURE LAST
                VALUE   (LST)  VALUE       VALUE  FROM      YEAR
                                                  NORMAL
..................................................................
TEMPERATURE (F)
 YESTERDAY
  MAXIMUM         79    334 PM  91    1926  80     -1       88
  MINIMUM         67    711 AM  33    1989  58      9       66
  AVERAGE         73                        69      4       77

PRECIPITATION (IN)
  YESTERDAY        0.00          1.79 1902   0.20  -0.20     0.06
  MONTH TO DATE    0.98                      3.30  -2.32     0.49
  SINCE SEP 1      1.31                      8.02  -6.71     3.98
  SINCE JAN 1     54.15                     48.64   5.51    69.07

SNOWFALL (IN)
  YESTERDAY        0.0           0.0    MM   0.0    0.0      0.0
  MONTH TO DATE    0.0                       0.0    0.0      0.0
  SINCE SEP 1      0.0                       0.0    0.0      0.0
  SINCE JUL 1      0.0                       0.0    0.0      0.0
  SNOW DEPTH       0

DEGREE DAYS
 HEATING
  YESTERDAY        0                         1     -1        0
  MONTH TO DATE    1                        11    -10        0
  SINCE SEP 1      1                        12    -11        0
  SINCE JUL 1      1                        12    -11        0

 COOLING
  YESTERDAY        8                         6      2       12
  MONTH TO DATE  250                       152     98      234
  SINCE SEP 1    699                       579    120      756
  SINCE JAN 1   3200                      2840    360     3145
..................................................................


WIND (MPH)
  HIGHEST WIND SPEED    12   HIGHEST WIND DIRECTION     E (80)
  HIGHEST GUST SPEED    19   HIGHEST GUST DIRECTION     E (110)
  AVERAGE WIND SPEED     3.1


SKY COVER
  POSSIBLE SUNSHINE  MM
  AVERAGE SKY COVER 0.1


WEATHER CONDITIONS
 THE FOLLOWING WEATHER WAS RECORDED YESTERDAY.
  NO SIGNIFICANT WEATHER WAS OBSERVED.


RELATIVE HUMIDITY (PERCENT)
 HIGHEST   100           500 AM
 LOWEST     69          1100 AM
 AVERAGE    85

..........................................................


THE LAFAYETTE CLIMATE NORMALS FOR TODAY
                         NORMAL    RECORD    YEAR
 MAXIMUM TEMPERATURE (F)   80        92      1936
 MINIMUM TEMPERATURE (F)   58        35      1917


SUNRISE AND SUNSET
OCTOBER 21 2017.......SUNRISE   714 AM CDT   SUNSET   630 PM CDT
OCTOBER 22 2017.......SUNRISE   715 AM CDT   SUNSET   629 PM CDT


-  INDICATES NEGATIVE NUMBERS.
R  INDICATES RECORD WAS SET OR TIED.
MM INDICATES DATA IS MISSING.
T  INDICATES TRACE AMOUNT.




$$
