000
CDUS44 KLCH 290902
CLILFT


CLIMATE REPORT
NATIONAL WEATHER SERVICE LAKE CHARLES, LA
401 AM CDT THU JUN 29 2017


...................................

...THE LAFAYETTE CLIMATE SUMMARY FOR JUNE 28 2017...

CLIMATE NORMAL PERIOD 1981 TO 2010
CLIMATE RECORD PERIOD 1893 TO 2017


WEATHER ITEM   OBSERVED TIME   RECORD YEAR NORMAL DEPARTURE LAST
                VALUE   (LST)  VALUE       VALUE  FROM      YEAR
                                                  NORMAL
..................................................................
TEMPERATURE (F)
 YESTERDAY
  MAXIMUM         81   1234 PM  99    2009  91    -10       91
                                      1936
  MINIMUM         72    429 AM  62    1974  74     -2       73
  AVERAGE         77                        83     -6       82

PRECIPITATION (IN)
  YESTERDAY        0.40          4.22 1989   0.25   0.15     0.32
  MONTH TO DATE    9.44                      6.56   2.88     6.99
  SINCE JUN 1      9.44                      6.56   2.88     6.99
  SINCE JAN 1     29.99                     29.18   0.81    35.38

DEGREE DAYS
 COOLING
  YESTERDAY       12                        18     -6       17
  MONTH TO DATE  399                       463    -64      492
  SINCE JUN 1    399                       463    -64      492
  SINCE JAN 1   1319                      1077    242     1149
..................................................................


WIND (MPH)
  HIGHEST WIND SPEED    12   HIGHEST WIND DIRECTION     S (170)
  HIGHEST GUST SPEED    16   HIGHEST GUST DIRECTION     S (170)
  AVERAGE WIND SPEED     3.7


SKY COVER
  POSSIBLE SUNSHINE  MM
  AVERAGE SKY COVER 0.6


WEATHER CONDITIONS
 THE FOLLOWING WEATHER WAS RECORDED YESTERDAY.
  HEAVY RAIN
  RAIN
  LIGHT RAIN
  FOG


RELATIVE HUMIDITY (PERCENT)
 HIGHEST   100           200 AM
 LOWEST     79          1000 AM
 AVERAGE    90

..........................................................


THE LAFAYETTE CLIMATE NORMALS FOR TODAY
                         NORMAL    RECORD    YEAR
 MAXIMUM TEMPERATURE (F)   91       101      2009
 MINIMUM TEMPERATURE (F)   74        63      1958


SUNRISE AND SUNSET
JUNE 29 2017..........SUNRISE   609 AM CDT   SUNSET   814 PM CDT
JUNE 30 2017..........SUNRISE   610 AM CDT   SUNSET   814 PM CDT


-  INDICATES NEGATIVE NUMBERS.
R  INDICATES RECORD WAS SET OR TIED.
MM INDICATES DATA IS MISSING.
T  INDICATES TRACE AMOUNT.




$$
