000
CDUS44 KLCH 160905
CLILFT


CLIMATE REPORT
NATIONAL WEATHER SERVICE LAKE CHARLES, LA
305 AM CST SAT DEC 16 2017


...................................

...THE LAFAYETTE CLIMATE SUMMARY FOR DECEMBER 15 2017...

CLIMATE NORMAL PERIOD 1981 TO 2010
CLIMATE RECORD PERIOD 1893 TO 2017


WEATHER ITEM   OBSERVED TIME   RECORD YEAR NORMAL DEPARTURE LAST
                VALUE   (LST)  VALUE       VALUE  FROM      YEAR
                                                  NORMAL
..................................................................
TEMPERATURE (F)
 YESTERDAY
  MAXIMUM         52   1221 AM  82    1924  64    -12       56
  MINIMUM         42   1159 PM  21    1901  44     -2       42
  AVERAGE         47                        54     -7       49

PRECIPITATION (IN)
  YESTERDAY        0.01          2.61 1961   0.18  -0.17     0.00
  MONTH TO DATE    3.43                      2.60   0.83     6.18
  SINCE DEC 1      3.43                      2.60   0.83     6.18
  SINCE JAN 1     66.51                     57.52   8.99    78.05

SNOWFALL (IN)
  YESTERDAY       MM             0.0    MM   0.0   MM        0.0
  MONTH TO DATE    1.7                       0.0    1.7      0.0
  SINCE DEC 1      1.7                       0.0    1.7      0.0
  SINCE JUL 1      1.7                       0.0    1.7      0.0
  SNOW DEPTH       0

DEGREE DAYS
 HEATING
  YESTERDAY       18                        11      7       16
  MONTH TO DATE  199                       154     45      136
  SINCE DEC 1    199                       154     45      136
  SINCE JUL 1    366                       353     13      222
..................................................................


WIND (MPH)
  HIGHEST WIND SPEED    14   HIGHEST WIND DIRECTION    NE (30)
  HIGHEST GUST SPEED    19   HIGHEST GUST DIRECTION     N (10)
  AVERAGE WIND SPEED     7.3


SKY COVER
  POSSIBLE SUNSHINE  MM
  AVERAGE SKY COVER 0.4


WEATHER CONDITIONS
 THE FOLLOWING WEATHER WAS RECORDED YESTERDAY.
  LIGHT RAIN


RELATIVE HUMIDITY (PERCENT)
 HIGHEST    77          1200 AM
 LOWEST     56           300 PM
 AVERAGE    67

..........................................................


THE LAFAYETTE CLIMATE NORMALS FOR TODAY
                         NORMAL    RECORD    YEAR
 MAXIMUM TEMPERATURE (F)   64        83      1971
 MINIMUM TEMPERATURE (F)   44        12      1901


SUNRISE AND SUNSET
DECEMBER 16 2017......SUNRISE   658 AM CST   SUNSET   510 PM CST
DECEMBER 17 2017......SUNRISE   658 AM CST   SUNSET   510 PM CST


-  INDICATES NEGATIVE NUMBERS.
R  INDICATES RECORD WAS SET OR TIED.
MM INDICATES DATA IS MISSING.
T  INDICATES TRACE AMOUNT.




$$
