000
CDUS41 KOKX 012037
CLILGA


CLIMATE REPORT
NATIONAL WEATHER SERVICE NEW YORK NY
437 PM EDT FRI AUG 1 2014


...................................

...THE LAGUARDIA NY CLIMATE SUMMARY FOR AUGUST 1 2014...
VALID TODAY AS OF 0400 PM LOCAL TIME.

CLIMATE NORMAL PERIOD 1981 TO 2010
CLIMATE RECORD PERIOD 1945 TO 2014


WEATHER ITEM   OBSERVED TIME   RECORD YEAR NORMAL DEPARTURE LAST
                VALUE   (LST)  VALUE       VALUE  FROM      YEAR
                                                  NORMAL
..................................................................
TEMPERATURE (F)
 TODAY
  MAXIMUM         86   1245 PM 100    2006  85      1       79
  MINIMUM         72    518 AM  62    1947  70      2       69
                                      1946
  AVERAGE         79                        78      1       74

PRECIPITATION (IN)
  TODAY            0.00          2.03 1971   0.15  -0.15     0.50
  MONTH TO DATE    0.00                      0.15  -0.15     0.50
  SINCE JUN 1      7.68                      8.59  -0.91    11.46
  SINCE JAN 1     31.56                     26.28   5.28    25.87

SNOWFALL (IN)
  TODAY            0.0          MM      MM   0.0    0.0      0.0
  MONTH TO DATE    0.0                       0.0    0.0      0.0
  SINCE OCT 1     52.4                      26.9   25.5     22.2
  SINCE JUL 1      0.0                       0.0    0.0      0.0
  SNOW DEPTH       0

DEGREE DAYS
 HEATING
  TODAY            0                         0      0        0
  MONTH TO DATE    0                         0      0        0
  SINCE JUN 1      0                        16    -16        4
  SINCE JUL 1      0                         0      0        0

 COOLING
  TODAY           14                        13      1        9
  MONTH TO DATE   14                        13      1        9
  SINCE JUN 1    628                       629     -1      799
  SINCE JAN 1    678                       695    -17      887
..................................................................


WIND (MPH)
  HIGHEST WIND SPEED    18   HIGHEST WIND DIRECTION     S (170)
  HIGHEST GUST SPEED    24   HIGHEST GUST DIRECTION     S (170)
  AVERAGE WIND SPEED     7.7


SKY COVER
  AVERAGE SKY COVER 0.8


WEATHER CONDITIONS
 THE FOLLOWING WEATHER WAS RECORDED TODAY.
  NO SIGNIFICANT WEATHER WAS OBSERVED.


RELATIVE HUMIDITY (PERCENT)
 HIGHEST    84           400 AM
 LOWEST     51          1200 PM
 AVERAGE    68

..........................................................


THE LAGUARDIA NY CLIMATE NORMALS FOR TOMORROW
                         NORMAL    RECORD    YEAR
 MAXIMUM TEMPERATURE (F)   85       102      2006
 MINIMUM TEMPERATURE (F)   70        59      1953
                                             1947


SUNRISE AND SUNSET
AUGUST  1 2014........SUNRISE   552 AM EDT   SUNSET   811 PM EDT
AUGUST  2 2014........SUNRISE   553 AM EDT   SUNSET   810 PM EDT


-  INDICATES NEGATIVE NUMBERS.
R  INDICATES RECORD WAS SET OR TIED.
MM INDICATES DATA IS MISSING.
T  INDICATES TRACE AMOUNT.




$$
