000
CDUS41 KOKX 270617
CLILGA


CLIMATE REPORT
NATIONAL WEATHER SERVICE NEW YORK NY
116 AM EST MON FEB 27 2017


...................................

...THE LAGUARDIA NY CLIMATE SUMMARY FOR FEBRUARY 26 2017...

CLIMATE NORMAL PERIOD 1981 TO 2010
CLIMATE RECORD PERIOD 1939 TO 2017


WEATHER ITEM   OBSERVED TIME   RECORD YEAR NORMAL DEPARTURE LAST
                VALUE   (LST)  VALUE       VALUE  FROM      YEAR
                                                  NORMAL
..................................................................
TEMPERATURE (F)
 YESTERDAY
  MAXIMUM         47   1209 AM  62    1976  45      2       40
  MINIMUM         39   1159 PM   9    1990  30      9       29
  AVERAGE         43                        37      6       35

PRECIPITATION (IN)
  YESTERDAY        0.00          1.04 1979   0.10  -0.10     0.00
  MONTH TO DATE    1.87                      2.54  -0.67     4.29
  SINCE DEC 1      8.95                      9.27  -0.32    12.79
  SINCE JAN 1      6.00                      5.71   0.29     8.46

SNOWFALL (IN)
  YESTERDAY        0.0           8.3  2010   0.3   -0.3      0.0
  MONTH TO DATE   10.3                       8.6    1.7      5.6
  SINCE OCT 1     23.4                      21.5    1.9     34.4
  SINCE JUL 1     23.4                      21.5    1.9     34.4
  SNOW DEPTH       0

DEGREE DAYS
 HEATING
  YESTERDAY       22                        28     -6       30
  MONTH TO DATE  580                       776   -196      707
  SINCE DEC 1   2116                      2600   -484     2042
  SINCE JUL 1   2654                      3375   -721     2604

 COOLING
  YESTERDAY        0                         0      0        0
  MONTH TO DATE    0                         0      0        0
  SINCE DEC 1      0                         0      0        1
  SINCE JAN 1      0                         0      0        0
..................................................................


WIND (MPH)
  HIGHEST WIND SPEED    28   HIGHEST WIND DIRECTION    NW (310)
  HIGHEST GUST SPEED    34   HIGHEST GUST DIRECTION    NW (300)
  AVERAGE WIND SPEED    17.9


SKY COVER
  AVERAGE SKY COVER 0.5


WEATHER CONDITIONS
 THE FOLLOWING WEATHER WAS RECORDED YESTERDAY.
  NO SIGNIFICANT WEATHER WAS OBSERVED.


RELATIVE HUMIDITY (PERCENT)
 HIGHEST    65          1200 AM
 LOWEST     27           300 PM
 AVERAGE    46

..........................................................


THE LAGUARDIA NY CLIMATE NORMALS FOR TODAY
                         NORMAL    RECORD    YEAR
 MAXIMUM TEMPERATURE (F)   45        73      1997
 MINIMUM TEMPERATURE (F)   30         9      1950


SUNRISE AND SUNSET
FEBRUARY 27 2017......SUNRISE   632 AM EST   SUNSET   545 PM EST
FEBRUARY 28 2017......SUNRISE   631 AM EST   SUNSET   546 PM EST


-  INDICATES NEGATIVE NUMBERS.
R  INDICATES RECORD WAS SET OR TIED.
MM INDICATES DATA IS MISSING.
T  INDICATES TRACE AMOUNT.




$$
