000
CDUS41 KOKX 090627
CLILGA


CLIMATE REPORT
NATIONAL WEATHER SERVICE NEW YORK NY
126 AM EST FRI DEC 9 2016


...................................

...THE LAGUARDIA NY CLIMATE SUMMARY FOR DECEMBER 8 2016...

CLIMATE NORMAL PERIOD 1981 TO 2010
CLIMATE RECORD PERIOD 1939 TO 2016


WEATHER ITEM   OBSERVED TIME   RECORD YEAR NORMAL DEPARTURE LAST
                VALUE   (LST)  VALUE       VALUE  FROM      YEAR
                                                  NORMAL
..................................................................
TEMPERATURE (F)
 YESTERDAY
  MAXIMUM         45    331 PM  64    1951  47     -2       49
  MINIMUM         36   1159 PM  18    1976  35      1       41
  AVERAGE         41                        41      0       45

PRECIPITATION (IN)
  YESTERDAY        0.00          0.94 1950   0.12  -0.12     0.00
  MONTH TO DATE    0.64                      0.99  -0.35     0.47
  SINCE DEC 1      0.64                      0.99  -0.35     0.47
  SINCE JAN 1     37.08                     42.16  -5.08    33.34

SNOWFALL (IN)
  YESTERDAY        0.0           0.9  1958   0.1   -0.1      0.0
  MONTH TO DATE    0.0                       0.8   -0.8      0.0
  SINCE OCT 1      T                         1.1   -1.1      0.0
  SINCE JUL 1      T                         1.1   -1.1      0.0
  SNOW DEPTH       0

DEGREE DAYS
 HEATING
  YESTERDAY       24                        24      0       20
  MONTH TO DATE  154                       185    -31      132
  SINCE DEC 1    154                       185    -31      132
  SINCE JUL 1    692                       960   -268      694

 COOLING
  YESTERDAY        0                         0      0        0
  MONTH TO DATE    0                         0      0        0
  SINCE DEC 1      0                         0      0        0
  SINCE JAN 1   1745                      1214    531     1554
..................................................................


WIND (MPH)
  HIGHEST WIND SPEED    23   HIGHEST WIND DIRECTION     W (270)
  HIGHEST GUST SPEED    33   HIGHEST GUST DIRECTION     W (260)
  AVERAGE WIND SPEED    11.5


SKY COVER
  AVERAGE SKY COVER 0.6


WEATHER CONDITIONS
 THE FOLLOWING WEATHER WAS RECORDED YESTERDAY.
  NO SIGNIFICANT WEATHER WAS OBSERVED.


RELATIVE HUMIDITY (PERCENT)
 HIGHEST    70          1200 AM
 LOWEST     33           400 PM
 AVERAGE    52

..........................................................


THE LAGUARDIA NY CLIMATE NORMALS FOR TODAY
                         NORMAL    RECORD    YEAR
 MAXIMUM TEMPERATURE (F)   46        66      1966
 MINIMUM TEMPERATURE (F)   34        13      1968


SUNRISE AND SUNSET
DECEMBER  9 2016......SUNRISE   708 AM EST   SUNSET   428 PM EST
DECEMBER 10 2016......SUNRISE   709 AM EST   SUNSET   428 PM EST


-  INDICATES NEGATIVE NUMBERS.
R  INDICATES RECORD WAS SET OR TIED.
MM INDICATES DATA IS MISSING.
T  INDICATES TRACE AMOUNT.




$$
