000
CDUS41 KOKX 290619
CLILGA


CLIMATE REPORT
NATIONAL WEATHER SERVICE NEW YORK NY
219 AM EDT FRI MAY 29 2015


...................................

...THE LAGUARDIA NY CLIMATE SUMMARY FOR MAY 28 2015...

CLIMATE NORMAL PERIOD 1981 TO 2010
CLIMATE RECORD PERIOD 1945 TO 2015


WEATHER ITEM   OBSERVED TIME   RECORD YEAR NORMAL DEPARTURE LAST
                VALUE   (LST)  VALUE       VALUE  FROM      YEAR
                                                  NORMAL
..................................................................
TEMPERATURE (F)
 YESTERDAY
  MAXIMUM         84    331 PM  92    1977  75      9       60
  MINIMUM         67    552 AM  44    1961  58      9       53
  AVERAGE         76                        66     10       57

PRECIPITATION (IN)
  YESTERDAY        T             1.41 1984   0.13  -0.13     0.00
  MONTH TO DATE    0.33                      3.37  -3.04     4.66
  SINCE MAR 1      6.69                     11.34  -4.65    16.55
  SINCE JAN 1     13.77                     17.27  -3.50    23.84

SNOWFALL (IN)
  YESTERDAY        0.0          MM      MM   0.0    0.0      0.0
  MONTH TO DATE    0.0                       0.0    0.0      0.0
  SINCE OCT 1     53.8                      26.9   26.9     52.4
  SINCE JUL 1     53.8                      26.9   26.9     52.4
  SNOW DEPTH       0

DEGREE DAYS
 HEATING
  YESTERDAY        0                         2     -2        8
  MONTH TO DATE   50                       129    -79       79
  SINCE MAR 1   1228                      1214     14     1350
  SINCE JUL 1   4950                      4643    307     5007

 COOLING
  YESTERDAY       11                         4      7        0
  MONTH TO DATE   95                        48     47       49
  SINCE MAR 1     97                        56     41       49
  SINCE JAN 1     97                        56     41       49
..................................................................


WIND (MPH)
  HIGHEST WIND SPEED    17   HIGHEST WIND DIRECTION     S (160)
  HIGHEST GUST SPEED    21   HIGHEST GUST DIRECTION     S (200)
  AVERAGE WIND SPEED     8.5


SKY COVER
  AVERAGE SKY COVER 0.8


WEATHER CONDITIONS
 THE FOLLOWING WEATHER WAS RECORDED YESTERDAY.
  NO SIGNIFICANT WEATHER WAS OBSERVED.


RELATIVE HUMIDITY (PERCENT)
 HIGHEST    81           400 AM
 LOWEST     42           900 PM
 AVERAGE    62

..........................................................


THE LAGUARDIA NY CLIMATE NORMALS FOR TODAY
                         NORMAL    RECORD    YEAR
 MAXIMUM TEMPERATURE (F)   75        95      1987
 MINIMUM TEMPERATURE (F)   58        48      1946


SUNRISE AND SUNSET
MAY 29 2015...........SUNRISE   528 AM EDT   SUNSET   818 PM EDT
MAY 30 2015...........SUNRISE   528 AM EDT   SUNSET   819 PM EDT


-  INDICATES NEGATIVE NUMBERS.
R  INDICATES RECORD WAS SET OR TIED.
MM INDICATES DATA IS MISSING.
T  INDICATES TRACE AMOUNT.




$$
