000
CDUS41 KOKX 040621
CLILGA


CLIMATE REPORT
NATIONAL WEATHER SERVICE NEW YORK NY
220 AM EDT FRI SEP 4 2015


...................................

...THE LAGUARDIA NY CLIMATE SUMMARY FOR SEPTEMBER 3 2015...

CLIMATE NORMAL PERIOD 1981 TO 2010
CLIMATE RECORD PERIOD 1945 TO 2015


WEATHER ITEM   OBSERVED TIME   RECORD YEAR NORMAL DEPARTURE LAST
                VALUE   (LST)  VALUE       VALUE  FROM      YEAR
                                                  NORMAL
..................................................................
TEMPERATURE (F)
 YESTERDAY
  MAXIMUM         93    433 PM  96    1944  80     13       86
  MINIMUM         76    535 AM  51    1941  66     10       73
  AVERAGE         85                        73     12       80

PRECIPITATION (IN)
  YESTERDAY        0.00          2.33 1969   0.12  -0.12     0.00
  MONTH TO DATE    0.00                      0.35  -0.35      T
  SINCE SEP 1      0.00                      0.35  -0.35      T
  SINCE JAN 1     25.27                     30.60  -5.33    35.06

SNOWFALL (IN)
  YESTERDAY        0.0          MM      MM   0.0    0.0      0.0
  MONTH TO DATE    0.0                       0.0    0.0      0.0
  SINCE OCT 1     53.8                      26.9   26.9     52.4
  SINCE JUL 1      0.0                       0.0    0.0      0.0
  SNOW DEPTH       0

DEGREE DAYS
 HEATING
  YESTERDAY        0                         0      0        0
  MONTH TO DATE    0                         0      0        0
  SINCE SEP 1      0                         0      0        0
  SINCE JUL 1      0                         1     -1        0

 COOLING
  YESTERDAY       20                         8     12       15
  MONTH TO DATE   54                        26     28       53
  SINCE SEP 1     54                        26     28       53
  SINCE JAN 1   1300                      1059    241     1040
..................................................................


WIND (MPH)
  HIGHEST WIND SPEED    10   HIGHEST WIND DIRECTION     S (170)
  HIGHEST GUST SPEED    25   HIGHEST GUST DIRECTION    NE (60)
  AVERAGE WIND SPEED     5.1


SKY COVER
  AVERAGE SKY COVER 0.4


WEATHER CONDITIONS
 THE FOLLOWING WEATHER WAS RECORDED YESTERDAY.
  NO SIGNIFICANT WEATHER WAS OBSERVED.


RELATIVE HUMIDITY (PERCENT)
 HIGHEST    74          1200 AM
 LOWEST     30           400 PM
 AVERAGE    52

..........................................................


THE LAGUARDIA NY CLIMATE NORMALS FOR TODAY
                         NORMAL    RECORD    YEAR
 MAXIMUM TEMPERATURE (F)   80        93      1973
 MINIMUM TEMPERATURE (F)   66        54      1997


SUNRISE AND SUNSET
SEPTEMBER  4 2015.....SUNRISE   625 AM EDT   SUNSET   723 PM EDT
SEPTEMBER  5 2015.....SUNRISE   626 AM EDT   SUNSET   722 PM EDT


-  INDICATES NEGATIVE NUMBERS.
R  INDICATES RECORD WAS SET OR TIED.
MM INDICATES DATA IS MISSING.
T  INDICATES TRACE AMOUNT.




$$
