000
CDUS41 KOKX 062038
CLILGA


CLIMATE REPORT
NATIONAL WEATHER SERVICE NEW YORK NY
438 PM EDT FRI MAY 6 2016


...................................

...THE LAGUARDIA NY CLIMATE SUMMARY FOR MAY 6 2016...
VALID TODAY AS OF 0400 PM LOCAL TIME.

CLIMATE NORMAL PERIOD 1981 TO 2010
CLIMATE RECORD PERIOD 1945 TO 2016


WEATHER ITEM   OBSERVED TIME   RECORD YEAR NORMAL DEPARTURE LAST
                VALUE   (LST)  VALUE       VALUE  FROM      YEAR
                                                  NORMAL
..................................................................
TEMPERATURE (F)
 TODAY
  MAXIMUM         55    259 PM  93    1949  68    -13       69
  MINIMUM         49    343 AM  41    1967  51     -2       58
  AVERAGE         52                        59     -7       64

PRECIPITATION (IN)
  TODAY            0.56          1.28 1991   0.11   0.45      T
  MONTH TO DATE    1.53                      0.68   0.85      T
  SINCE MAR 1      4.45                      8.65  -4.20     6.36
  SINCE JAN 1     12.98                     14.58  -1.60    13.44

SNOWFALL (IN)
  TODAY            0.0          MM      MM   0.0    0.0      0.0
  MONTH TO DATE    0.0                       0.0    0.0      0.0
  SINCE OCT 1     36.2                      26.9    9.3     53.8
  SINCE JUL 1     36.2                      26.9    9.3     53.8
  SNOW DEPTH       0

DEGREE DAYS
 HEATING
  TODAY           13                         6      7        1
  MONTH TO DATE   77                        42     35       19
  SINCE MAR 1    926                      1127   -201     1197
  SINCE JUL 1   3588                      4556   -968     4919

 COOLING
  TODAY            0                         1     -1        0
  MONTH TO DATE    0                         6     -6       11
  SINCE MAR 1     13                        14     -1       13
  SINCE JAN 1     13                        14     -1       13
..................................................................


WIND (MPH)
  HIGHEST WIND SPEED    26   HIGHEST WIND DIRECTION    NE (50)
  HIGHEST GUST SPEED    33   HIGHEST GUST DIRECTION    NE (50)
  AVERAGE WIND SPEED    16.8


SKY COVER
  AVERAGE SKY COVER 1.0


WEATHER CONDITIONS
 THE FOLLOWING WEATHER WAS RECORDED TODAY.
  RAIN
  LIGHT RAIN
  FOG


RELATIVE HUMIDITY (PERCENT)
 HIGHEST   100           300 AM
 LOWEST     83          1200 AM
 AVERAGE    92

..........................................................


THE LAGUARDIA NY CLIMATE NORMALS FOR TOMORROW
                         NORMAL    RECORD    YEAR
 MAXIMUM TEMPERATURE (F)   68        93      2000
 MINIMUM TEMPERATURE (F)   51        40      1970


SUNRISE AND SUNSET
MAY  6 2016...........SUNRISE   547 AM EDT   SUNSET   758 PM EDT
MAY  7 2016...........SUNRISE   546 AM EDT   SUNSET   759 PM EDT


-  INDICATES NEGATIVE NUMBERS.
R  INDICATES RECORD WAS SET OR TIED.
MM INDICATES DATA IS MISSING.
T  INDICATES TRACE AMOUNT.




$$
