000
CDUS46 KLOX 210907
CLILGB


CLIMATE REPORT
NATIONAL WEATHER SERVICE LOS ANGELES/OXNARD CA
207 AM PDT SUN SEP 21 2014


...................................

...THE LONG BEACH AIRPORT CA CLIMATE SUMMARY FOR SEPTEMBER 20 2014...

CLIMATE NORMAL PERIOD 1981 TO 2010
CLIMATE RECORD PERIOD 1958 TO 2014


WEATHER ITEM   OBSERVED TIME   RECORD YEAR NORMAL DEPARTURE LAST
                VALUE   (LST)  VALUE       VALUE  FROM      YEAR
                                                  NORMAL
..................................................................
TEMPERATURE (F)
 YESTERDAY
  MAXIMUM         79    246 PM  92    1978  81     -2       72
  MINIMUM         67    225 AM  53    1978  63      4       66
  AVERAGE         73                        72      1       69

PRECIPITATION (IN)
  YESTERDAY        0.00          0.32 2005   0.01  -0.01     0.00
  MONTH TO DATE    0.11                      0.08   0.03     0.00
  SINCE JUL 1      0.19                      0.14   0.05     0.07
  SINCE JAN 1      3.38                      8.58  -5.20     2.94

SNOWFALL (IN)
  YESTERDAY        0.0
  MONTH TO DATE    0.0
  SINCE SEP 1      0.0
  SINCE JUL 1      0.0

DEGREE DAYS
 HEATING
  YESTERDAY        0                         0      0        0
  MONTH TO DATE    0                         0      0        0
  SINCE SEP 1      0                         0      0        0
  SINCE JUL 1      0                         0      0        0

 COOLING
  YESTERDAY        8                         7      1        4
  MONTH TO DATE  279                       167    112      217
  SINCE SEP 1    279                       167    112      217
  SINCE JAN 1   1349                       935    414     1027
..................................................................


WIND (MPH)
  HIGHEST WIND SPEED    12   HIGHEST WIND DIRECTION    NW (310)
  HIGHEST GUST SPEED    14   HIGHEST GUST DIRECTION    NW (310)
  AVERAGE WIND SPEED     3.7


SKY COVER
  POSSIBLE SUNSHINE  MM
  AVERAGE SKY COVER 0.5


WEATHER CONDITIONS
 THE FOLLOWING WEATHER WAS RECORDED YESTERDAY.
  NO SIGNIFICANT WEATHER WAS OBSERVED.


RELATIVE HUMIDITY (PERCENT)
 HIGHEST    87           200 AM
 LOWEST     56           400 PM
 AVERAGE    72

..........................................................


THE LONG BEACH AIRPORT CA CLIMATE NORMALS FOR TODAY
                         NORMAL    RECORD    YEAR
 MAXIMUM TEMPERATURE (F)   81        97      1989
 MINIMUM TEMPERATURE (F)   63        53      1965


SUNRISE AND SUNSET
SEPTEMBER 21 2014.....SUNRISE   640 AM PDT   SUNSET   651 PM PDT
SEPTEMBER 22 2014.....SUNRISE   641 AM PDT   SUNSET   649 PM PDT


-  INDICATES NEGATIVE NUMBERS.
R  INDICATES RECORD WAS SET OR TIED.
MM INDICATES DATA IS MISSING.
T  INDICATES TRACE AMOUNT.




$$
