000
CDUS46 KLOX 171152
CLILGB


CLIMATE REPORT
NATIONAL WEATHER SERVICE LOS ANGELES/OXNARD CA
451 AM PDT TUE OCT 17 2017


...................................

...THE LONG BEACH AIRPORT CA CLIMATE SUMMARY FOR OCTOBER 16 2017...

CLIMATE NORMAL PERIOD 1981 TO 2010
CLIMATE RECORD PERIOD 1958 TO 2017


WEATHER ITEM   OBSERVED TIME   RECORD YEAR NORMAL DEPARTURE LAST
                VALUE   (LST)  VALUE       VALUE  FROM      YEAR
                                                  NORMAL
..................................................................
TEMPERATURE (F)
 YESTERDAY
  MAXIMUM         98    115 PM 106    1958  77     21       76
  MINIMUM         61    553 AM  49    1960  58      3       66
  AVERAGE         80                        68     12       71

PRECIPITATION (IN)
  YESTERDAY        0.00          0.40 1963   0.02  -0.02     0.00
  MONTH TO DATE    0.00                      0.26  -0.26     0.00
  SINCE OCT 1      0.00                      0.26  -0.26     0.00
  SINCE JAN 1     14.90                      8.94   5.96     3.99

SNOWFALL (IN)
  YESTERDAY        0.0
  MONTH TO DATE    0.0
  SINCE SEP 1      0.0
  SINCE JUL 1      0.0

DEGREE DAYS
 HEATING
  YESTERDAY        0                         0      0        0
  MONTH TO DATE    0                         0      0        1
  SINCE SEP 1      0                         1     -1        1
  SINCE JUL 1      0                         1     -1        1

 COOLING
  YESTERDAY       15                         3     12        6
  MONTH TO DATE  108                        67     41       80
  SINCE SEP 1    374                       298     76      343
  SINCE JAN 1   1340                      1066    274     1287
..................................................................


WIND (MPH)
  HIGHEST WIND SPEED    17   HIGHEST WIND DIRECTION    NW (300)
  HIGHEST GUST SPEED    19   HIGHEST GUST DIRECTION     W (280)
  AVERAGE WIND SPEED     4.6


SKY COVER
  POSSIBLE SUNSHINE  MM
  AVERAGE SKY COVER 0.0


WEATHER CONDITIONS
 THE FOLLOWING WEATHER WAS RECORDED YESTERDAY.
  HAZE


RELATIVE HUMIDITY (PERCENT)
 HIGHEST    60           300 AM
 LOWEST      7          1200 PM
 AVERAGE    34

..........................................................


THE LONG BEACH AIRPORT CA CLIMATE NORMALS FOR TODAY
                         NORMAL    RECORD    YEAR
 MAXIMUM TEMPERATURE (F)   77       101      1958
 MINIMUM TEMPERATURE (F)   58        49      1965


SUNRISE AND SUNSET
OCTOBER 17 2017.......SUNRISE   659 AM PDT   SUNSET   616 PM PDT
OCTOBER 18 2017.......SUNRISE   700 AM PDT   SUNSET   615 PM PDT


-  INDICATES NEGATIVE NUMBERS.
R  INDICATES RECORD WAS SET OR TIED.
MM INDICATES DATA IS MISSING.
T  INDICATES TRACE AMOUNT.




$$
