000
CDUS46 KLOX 280859
CLILGB


CLIMATE REPORT
NATIONAL WEATHER SERVICE LOS ANGELES/OXNARD CA
1259 AM PST SAT FEB 28 2015


...................................

...THE LONG BEACH AIRPORT CA CLIMATE SUMMARY FOR FEBRUARY 27 2015...

CLIMATE NORMAL PERIOD 1981 TO 2010
CLIMATE RECORD PERIOD 1958 TO 2015


WEATHER ITEM   OBSERVED TIME   RECORD YEAR NORMAL DEPARTURE LAST
                VALUE   (LST)  VALUE       VALUE  FROM      YEAR
                                                  NORMAL
..................................................................
TEMPERATURE (F)
 YESTERDAY
  MAXIMUM         65    320 PM  83    1992  67     -2       67
  MINIMUM         53    651 AM  35    2011  49      4       58
  AVERAGE         59                        58      1       63

PRECIPITATION (IN)
  YESTERDAY        0.00          2.08 1991   0.10  -0.10     0.85
  MONTH TO DATE    0.24                      2.99  -2.75     1.14
  SINCE OCT 1      6.37                      9.17  -2.80     2.39
  SINCE JAN 1      1.11                      5.59  -4.48     1.15

SNOWFALL (IN)
  YESTERDAY        0.0
  MONTH TO DATE    0.0
  SINCE DEC 1      0.0
  SINCE JUL 1      0.0

DEGREE DAYS
 HEATING
  YESTERDAY        6                         7     -1        2
  MONTH TO DATE   68                       206   -138      136
  SINCE DEC 1    382                       736   -354      478
  SINCE JUL 1    418                       885   -467      573

 COOLING
  YESTERDAY        0                         0      0        0
  MONTH TO DATE   29                         0     29        0
  SINCE DEC 1     42                         4     38       27
  SINCE JAN 1     37                         3     34       15
..................................................................


WIND (MPH)
  HIGHEST WIND SPEED    13   HIGHEST WIND DIRECTION     W (280)
  HIGHEST GUST SPEED    18   HIGHEST GUST DIRECTION     W (250)
  AVERAGE WIND SPEED     5.5


SKY COVER
  POSSIBLE SUNSHINE  MM
  AVERAGE SKY COVER 0.7


WEATHER CONDITIONS
 THE FOLLOWING WEATHER WAS RECORDED YESTERDAY.
  NO SIGNIFICANT WEATHER WAS OBSERVED.


RELATIVE HUMIDITY (PERCENT)
 HIGHEST    93          1200 AM
 LOWEST     63          1100 AM
 AVERAGE    78

..........................................................


THE LONG BEACH AIRPORT CA CLIMATE NORMALS FOR TODAY
                         NORMAL    RECORD    YEAR
 MAXIMUM TEMPERATURE (F)   68        84      2009
                                             1967
 MINIMUM TEMPERATURE (F)   49        37      1962


SUNRISE AND SUNSET
FEBRUARY 28 2015......SUNRISE   623 AM PST   SUNSET   548 PM PST
MARCH  1 2015.........SUNRISE   621 AM PST   SUNSET   549 PM PST


-  INDICATES NEGATIVE NUMBERS.
R  INDICATES RECORD WAS SET OR TIED.
MM INDICATES DATA IS MISSING.
T  INDICATES TRACE AMOUNT.




$$
