000
CDUS46 KLOX 240912
CLILGB


CLIMATE REPORT
NATIONAL WEATHER SERVICE LOS ANGELES/OXNARD CA
202 AM PDT TUE MAY 24 2016


...................................

...THE LONG BEACH AIRPORT CA CLIMATE SUMMARY FOR MAY 23 2016...

CLIMATE NORMAL PERIOD 1981 TO 2010
CLIMATE RECORD PERIOD 1958 TO 2016


WEATHER ITEM   OBSERVED TIME   RECORD YEAR NORMAL DEPARTURE LAST
                VALUE   (LST)  VALUE       VALUE  FROM      YEAR
                                                  NORMAL
..................................................................
TEMPERATURE (F)
 YESTERDAY
  MAXIMUM         68   1228 PM  87    1967  74     -6       71
  MINIMUM         56    330 AM  46    1960  58     -2       57
  AVERAGE         62                        66     -4       64

PRECIPITATION (IN)
  YESTERDAY        0.00          0.17 2008   0.00   0.00     0.00
  MONTH TO DATE    0.05                      0.17  -0.12     0.77
  SINCE OCT 1      4.98                     11.91  -6.93     7.85
  SINCE JAN 1      3.98                      8.33  -4.35     2.59

SNOWFALL (IN)
  YESTERDAY        0.0
  MONTH TO DATE    0.0
  SINCE MAR 1      0.0
  SINCE JUL 1      0.0

DEGREE DAYS
 HEATING
  YESTERDAY        3                         1      2        1
  MONTH TO DATE   16                        32    -16       32
  SINCE MAR 1    150                       317   -167      110
  SINCE JUL 1    793                      1208   -415      533

 COOLING
  YESTERDAY        0                         2     -2        0
  MONTH TO DATE   17                        46    -29       19
  SINCE MAR 1     86                        85      1      209
  SINCE JAN 1    133                        93     40      246
..................................................................


WIND (MPH)
  HIGHEST WIND SPEED    15   HIGHEST WIND DIRECTION     S (190)
  HIGHEST GUST SPEED    21   HIGHEST GUST DIRECTION     S (200)
  AVERAGE WIND SPEED     7.3


SKY COVER
  POSSIBLE SUNSHINE  MM
  AVERAGE SKY COVER 0.3


WEATHER CONDITIONS
 THE FOLLOWING WEATHER WAS RECORDED YESTERDAY.
  NO SIGNIFICANT WEATHER WAS OBSERVED.


RELATIVE HUMIDITY (PERCENT)
 HIGHEST    87           100 AM
 LOWEST     56          1100 AM
 AVERAGE    72

..........................................................


THE LONG BEACH AIRPORT CA CLIMATE NORMALS FOR TODAY
                         NORMAL    RECORD    YEAR
 MAXIMUM TEMPERATURE (F)   74        81      2006
                                             1986
 MINIMUM TEMPERATURE (F)   59        49      1960


SUNRISE AND SUNSET
MAY 24 2016...........SUNRISE   546 AM PDT   SUNSET   754 PM PDT
MAY 25 2016...........SUNRISE   545 AM PDT   SUNSET   754 PM PDT


-  INDICATES NEGATIVE NUMBERS.
R  INDICATES RECORD WAS SET OR TIED.
MM INDICATES DATA IS MISSING.
T  INDICATES TRACE AMOUNT.




$$
