814
CDUS46 KLOX 100904
CLILGB


CLIMATE REPORT
NATIONAL WEATHER SERVICE LOS ANGELES/OXNARD CA
104 AM PST WED FEB 10 2016


...................................

...THE LONG BEACH AIRPORT CA CLIMATE SUMMARY FOR FEBRUARY 9 2016...

CLIMATE NORMAL PERIOD 1981 TO 2010
CLIMATE RECORD PERIOD 1958 TO 2016


WEATHER ITEM   OBSERVED TIME   RECORD YEAR NORMAL DEPARTURE LAST
                VALUE   (LST)  VALUE       VALUE  FROM      YEAR
                                                  NORMAL
..................................................................
TEMPERATURE (F)
 YESTERDAY
  MAXIMUM         92R   242 PM  86    1991  67     25       74
  MINIMUM         56    638 AM  38    2013  47      9       57
  AVERAGE         74                        57     17       66

PRECIPITATION (IN)
  YESTERDAY        0.00          1.67 1963   0.10  -0.10     0.00
  MONTH TO DATE    0.00                      0.89  -0.89      T
  SINCE OCT 1      3.29                      7.07  -3.78     6.13
  SINCE JAN 1      2.29                      3.49  -1.20     0.87

SNOWFALL (IN)
  YESTERDAY        0.0
  MONTH TO DATE    0.0
  SINCE DEC 1      0.0
  SINCE JUL 1      0.0

DEGREE DAYS
 HEATING
  YESTERDAY        0                         8     -8        0
  MONTH TO DATE   54                        72    -18       18
  SINCE DEC 1    520                       602    -82      332
  SINCE JUL 1    612                       751   -139      368

 COOLING
  YESTERDAY        9                         0      9        1
  MONTH TO DATE   17                         0     17        5
  SINCE DEC 1     23                         4     19       18
  SINCE JAN 1     17                         3     14       13
..................................................................


WIND (MPH)
  HIGHEST WIND SPEED    15   HIGHEST WIND DIRECTION     W (290)
  HIGHEST GUST SPEED    18   HIGHEST GUST DIRECTION     W (290)
  AVERAGE WIND SPEED     5.1


SKY COVER
  POSSIBLE SUNSHINE  MM
  AVERAGE SKY COVER 0.0


WEATHER CONDITIONS
 THE FOLLOWING WEATHER WAS RECORDED YESTERDAY.
  HAZE


RELATIVE HUMIDITY (PERCENT)
 HIGHEST    52          1100 PM
 LOWEST     12           300 PM
 AVERAGE    32

..........................................................


THE LONG BEACH AIRPORT CA CLIMATE NORMALS FOR TODAY
                         NORMAL    RECORD    YEAR
 MAXIMUM TEMPERATURE (F)   67        89      1988
 MINIMUM TEMPERATURE (F)   48        36      1965


SUNRISE AND SUNSET
FEBRUARY 10 2016......SUNRISE   642 AM PST   SUNSET   532 PM PST
FEBRUARY 11 2016......SUNRISE   641 AM PST   SUNSET   533 PM PST


-  INDICATES NEGATIVE NUMBERS.
R  INDICATES RECORD WAS SET OR TIED.
MM INDICATES DATA IS MISSING.
T  INDICATES TRACE AMOUNT.




$$
