201
CDUS46 KLOX 280909
CLILGB


CLIMATE REPORT
NATIONAL WEATHER SERVICE LOS ANGELES/OXNARD CA
209 AM PDT FRI APR 28 2017


...................................

...THE LONG BEACH AIRPORT CA CLIMATE SUMMARY FOR APRIL 27 2017...

CLIMATE NORMAL PERIOD 1981 TO 2010
CLIMATE RECORD PERIOD 1958 TO 2017


WEATHER ITEM   OBSERVED TIME   RECORD YEAR NORMAL DEPARTURE LAST
                VALUE   (LST)  VALUE       VALUE  FROM      YEAR
                                                  NORMAL
..................................................................
TEMPERATURE (F)
 YESTERDAY
  MAXIMUM         80    424 PM  99    2004  73      7       72
  MINIMUM         58    435 AM  45    1971  55      3       55
  AVERAGE         69                        64      5       64

PRECIPITATION (IN)
  YESTERDAY        0.00          0.83 1960   0.01  -0.01     0.00
  MONTH TO DATE    0.18                      0.56  -0.38     0.08
  SINCE OCT 1     19.58                     11.70   7.88     4.90
  SINCE JAN 1     14.38                      8.12   6.26     3.90

SNOWFALL (IN)
  YESTERDAY        0.0
  MONTH TO DATE    0.0
  SINCE MAR 1      0.0
  SINCE JUL 1      0.0

DEGREE DAYS
 HEATING
  YESTERDAY        0                         3     -3        1
  MONTH TO DATE   29                       100    -71       25
  SINCE MAR 1     99                       279   -180      125
  SINCE JUL 1    877                      1170   -293      768

 COOLING
  YESTERDAY        4                         1      3        0
  MONTH TO DATE   41                        27     14       62
  SINCE MAR 1     67                        37     30       69
  SINCE JAN 1     68                        45     23      116
..................................................................


WIND (MPH)
  HIGHEST WIND SPEED    28   HIGHEST WIND DIRECTION    NW (330)
  HIGHEST GUST SPEED    36   HIGHEST GUST DIRECTION    NW (310)
  AVERAGE WIND SPEED     9.6


SKY COVER
  POSSIBLE SUNSHINE  MM
  AVERAGE SKY COVER 0.3


WEATHER CONDITIONS
 THE FOLLOWING WEATHER WAS RECORDED YESTERDAY.
  FOG
  HAZE


RELATIVE HUMIDITY (PERCENT)
 HIGHEST    93           200 AM
 LOWEST     16          1000 PM
 AVERAGE    55

..........................................................


THE LONG BEACH AIRPORT CA CLIMATE NORMALS FOR TODAY
                         NORMAL    RECORD    YEAR
 MAXIMUM TEMPERATURE (F)   73        96      1981
 MINIMUM TEMPERATURE (F)   55        45      1984
                                             1970


SUNRISE AND SUNSET
APRIL 28 2017.........SUNRISE   607 AM PDT   SUNSET   734 PM PDT
APRIL 29 2017.........SUNRISE   605 AM PDT   SUNSET   735 PM PDT


-  INDICATES NEGATIVE NUMBERS.
R  INDICATES RECORD WAS SET OR TIED.
MM INDICATES DATA IS MISSING.
T  INDICATES TRACE AMOUNT.




$$
