000
CDUS46 KLOX 170905
CLILGB


CLIMATE REPORT
NATIONAL WEATHER SERVICE LOS ANGELES/OXNARD CA
104 AM PST WED DEC 17 2014


...................................

...THE LONG BEACH AIRPORT CA CLIMATE SUMMARY FOR DECEMBER 16 2014...

CLIMATE NORMAL PERIOD 1981 TO 2010
CLIMATE RECORD PERIOD 1958 TO 2014


WEATHER ITEM   OBSERVED TIME   RECORD YEAR NORMAL DEPARTURE LAST
                VALUE   (LST)  VALUE       VALUE  FROM      YEAR
                                                  NORMAL
..................................................................
TEMPERATURE (F)
 YESTERDAY
  MAXIMUM         61    417 PM  89    1980  66     -5       85
  MINIMUM         54    536 AM  38    1979  46      8       56
  AVERAGE         58                        56      2       71

PRECIPITATION (IN)
  YESTERDAY        0.34          1.07 2002   0.06   0.28     0.00
  MONTH TO DATE    3.84                      0.88   2.96     0.10
  SINCE JUL 1      4.88                      2.75   2.13     1.07
  SINCE JAN 1      8.07                     11.19  -3.12     3.94

SNOWFALL (IN)
  YESTERDAY        0.0
  MONTH TO DATE    0.0
  SINCE DEC 1      0.0
  SINCE JUL 1      0.0

DEGREE DAYS
 HEATING
  YESTERDAY        7                         9     -2        0
  MONTH TO DATE   55                       135    -80      137
  SINCE DEC 1     55                       135    -80      137
  SINCE JUL 1     91                       284   -193      232

 COOLING
  YESTERDAY        0                         0      0        6
  MONTH TO DATE    3                         0      3        8
  SINCE DEC 1      3                         0      3        8
  SINCE JAN 1   1705                      1125    580     1235
..................................................................


WIND (MPH)
  HIGHEST WIND SPEED    14   HIGHEST WIND DIRECTION     E (100)
  HIGHEST GUST SPEED    18   HIGHEST GUST DIRECTION     E (90)
  AVERAGE WIND SPEED     6.4


SKY COVER
  POSSIBLE SUNSHINE  MM
  AVERAGE SKY COVER 0.9


WEATHER CONDITIONS
 THE FOLLOWING WEATHER WAS RECORDED YESTERDAY.
  RAIN
  LIGHT RAIN
  FOG


RELATIVE HUMIDITY (PERCENT)
 HIGHEST    86           300 AM
 LOWEST     72          1100 AM
 AVERAGE    79

..........................................................


THE LONG BEACH AIRPORT CA CLIMATE NORMALS FOR TODAY
                         NORMAL    RECORD    YEAR
 MAXIMUM TEMPERATURE (F)   66        85      1998
 MINIMUM TEMPERATURE (F)   46        38      1984


SUNRISE AND SUNSET
DECEMBER 17 2014......SUNRISE   651 AM PST   SUNSET   446 PM PST
DECEMBER 18 2014......SUNRISE   652 AM PST   SUNSET   447 PM PST


-  INDICATES NEGATIVE NUMBERS.
R  INDICATES RECORD WAS SET OR TIED.
MM INDICATES DATA IS MISSING.
T  INDICATES TRACE AMOUNT.




$$
