000
CDUS46 KLOX 260951
CLILGB


CLIMATE REPORT
NATIONAL WEATHER SERVICE LOS ANGELES/OXNARD CA
251 AM PDT SUN MAR 26 2017


...................................

...THE LONG BEACH AIRPORT CA CLIMATE SUMMARY FOR MARCH 25 2017...

CLIMATE NORMAL PERIOD 1981 TO 2010
CLIMATE RECORD PERIOD 1958 TO 2017


WEATHER ITEM   OBSERVED TIME   RECORD YEAR NORMAL DEPARTURE LAST
                VALUE   (LST)  VALUE       VALUE  FROM      YEAR
                                                  NORMAL
..................................................................
TEMPERATURE (F)
 YESTERDAY
  MAXIMUM         67    425 PM  98    1988  69     -2       73
  MINIMUM         55   1159 PM  40    1964  51      4       53
  AVERAGE         61                        60      1       63

PRECIPITATION (IN)
  YESTERDAY        0.00          2.57 1998   0.04  -0.04     0.00
  MONTH TO DATE    0.15                      1.62  -1.47     0.91
  SINCE OCT 1     19.40                     10.89   8.51     4.81
  SINCE JAN 1     14.20                      7.31   6.89     3.81

SNOWFALL (IN)
  YESTERDAY        0.0
  MONTH TO DATE    0.0
  SINCE MAR 1      0.0
  SINCE JUL 1      0.0

DEGREE DAYS
 HEATING
  YESTERDAY        4                         5     -1        2
  MONTH TO DATE   60                       148    -88       72
  SINCE MAR 1     60                       148    -88       72
  SINCE JUL 1    838                      1039   -201      715

 COOLING
  YESTERDAY        0                         0      0        0
  MONTH TO DATE   21                         0     21        7
  SINCE MAR 1     21                         0     21        7
  SINCE JAN 1     22                         8     14       54
..................................................................


WIND (MPH)
  HIGHEST WIND SPEED    15   HIGHEST WIND DIRECTION    NW (300)
  HIGHEST GUST SPEED    19   HIGHEST GUST DIRECTION    SW (210)
  AVERAGE WIND SPEED     4.6


SKY COVER
  POSSIBLE SUNSHINE  MM
  AVERAGE SKY COVER 0.6


WEATHER CONDITIONS
 THE FOLLOWING WEATHER WAS RECORDED YESTERDAY.
  NO SIGNIFICANT WEATHER WAS OBSERVED.


RELATIVE HUMIDITY (PERCENT)
 HIGHEST    86           500 AM
 LOWEST     63           500 PM
 AVERAGE    75

..........................................................


THE LONG BEACH AIRPORT CA CLIMATE NORMALS FOR TODAY
                         NORMAL    RECORD    YEAR
 MAXIMUM TEMPERATURE (F)   69        98      1988
 MINIMUM TEMPERATURE (F)   51        42      1977
                                             1964
                                             1961


SUNRISE AND SUNSET
MARCH 26 2017.........SUNRISE   648 AM PDT   SUNSET   709 PM PDT
MARCH 27 2017.........SUNRISE   646 AM PDT   SUNSET   710 PM PDT


-  INDICATES NEGATIVE NUMBERS.
R  INDICATES RECORD WAS SET OR TIED.
MM INDICATES DATA IS MISSING.
T  INDICATES TRACE AMOUNT.




$$
