000
CDUS46 KLOX 200912
CLILGB


CLIMATE REPORT
NATIONAL WEATHER SERVICE LOS ANGELES/OXNARD CA
211 AM PDT MON OCT 20 2014


...................................

...THE LONG BEACH AIRPORT CA CLIMATE SUMMARY FOR OCTOBER 19 2014...

CLIMATE NORMAL PERIOD 1981 TO 2010
CLIMATE RECORD PERIOD 1958 TO 2014


WEATHER ITEM   OBSERVED TIME   RECORD YEAR NORMAL DEPARTURE LAST
                VALUE   (LST)  VALUE       VALUE  FROM      YEAR
                                                  NORMAL
..................................................................
TEMPERATURE (F)
 YESTERDAY
  MAXIMUM         78    316 PM  95    1981  77      1       83
  MINIMUM         60    635 AM  49    1980  58      2       56
  AVERAGE         69                        67      2       70

PRECIPITATION (IN)
  YESTERDAY        0.00          0.61 2010   0.02  -0.02     0.00
  MONTH TO DATE    0.00                      0.32  -0.32     0.09
  SINCE JUL 1      0.19                      0.56  -0.37     0.16
  SINCE JAN 1      3.38                      9.00  -5.62     3.03

SNOWFALL (IN)
  YESTERDAY        0.0
  MONTH TO DATE    0.0
  SINCE SEP 1      0.0
  SINCE JUL 1      0.0

DEGREE DAYS
 HEATING
  YESTERDAY        0                         1     -1        0
  MONTH TO DATE    0                         3     -3       11
  SINCE SEP 1      0                         4     -4       11
  SINCE JUL 1      0                         4     -4       11

 COOLING
  YESTERDAY        4                         3      1        5
  MONTH TO DATE  156                        76     80       89
  SINCE SEP 1    523                       307    216      373
  SINCE JAN 1   1593                      1075    518     1183
..................................................................


WIND (MPH)
  HIGHEST WIND SPEED    14   HIGHEST WIND DIRECTION    NW (310)
  HIGHEST GUST SPEED    16   HIGHEST GUST DIRECTION    NW (310)
  AVERAGE WIND SPEED     3.7


SKY COVER
  POSSIBLE SUNSHINE  MM
  AVERAGE SKY COVER 0.2


WEATHER CONDITIONS
 THE FOLLOWING WEATHER WAS RECORDED YESTERDAY.
  HAZE


RELATIVE HUMIDITY (PERCENT)
 HIGHEST    90           200 AM
 LOWEST     47           400 PM
 AVERAGE    69

..........................................................


THE LONG BEACH AIRPORT CA CLIMATE NORMALS FOR TODAY
                         NORMAL    RECORD    YEAR
 MAXIMUM TEMPERATURE (F)   77        98      1965
 MINIMUM TEMPERATURE (F)   58        47      1969


SUNRISE AND SUNSET
OCTOBER 20 2014.......SUNRISE   702 AM PDT   SUNSET   613 PM PDT
OCTOBER 21 2014.......SUNRISE   702 AM PDT   SUNSET   611 PM PDT


-  INDICATES NEGATIVE NUMBERS.
R  INDICATES RECORD WAS SET OR TIED.
MM INDICATES DATA IS MISSING.
T  INDICATES TRACE AMOUNT.




$$
