000
CDHW41 PHFO 311247
CLILIH


CLIMATE REPORT
NATIONAL WEATHER SERVICE
1245 PM UTC FRI JUL 31 2015


...................................

...THE LIHUE HI CLIMATE SUMMARY FOR JULY 30 2015...

CLIMATE NORMAL PERIOD 1981 TO 2010
CLIMATE RECORD PERIOD 1946 TO 2015


WEATHER ITEM   OBSERVED TIME   RECORD YEAR NORMAL DEPARTURE LAST
                VALUE   (LST)  VALUE       VALUE  FROM      YEAR
                                                  NORMAL
..................................................................
TEMPERATURE (F)
 YESTERDAY
  MAXIMUM         88R   203 PM  88    1982  84      4       85
  MINIMUM         79   1159 PM  67    1965  75      4       77
  AVERAGE         84                        80      4       81

PRECIPITATION (IN)
  YESTERDAY        T             4.97 1954   0.07  -0.07     0.00
  MONTH TO DATE    0.40                      1.80  -1.40     1.44
  SINCE JUN 1      0.40                      3.41  -3.01     4.57
  SINCE JAN 1      5.67                     19.25 -13.58    20.36

SNOWFALL (IN)
  YESTERDAY        0.0
  MONTH TO DATE    0.0
  SINCE JUN 1      0.0
  SINCE JUL 1      0.0
  SNOW DEPTH      MM

DEGREE DAYS
 HEATING
  YESTERDAY        0                         0      0        0
  MONTH TO DATE    0                         0      0        0
  SINCE JUN 1      0                         0      0        0
  SINCE JUL 1      0                         0      0        0

 COOLING
  YESTERDAY       19                        14      5       16
  MONTH TO DATE  324                       420    -96      446
  SINCE JUN 1    324                       814   -490      826
  SINCE JAN 1   1571                      2053   -482     2047
..................................................................


WIND (MPH)
  HIGHEST WIND SPEED    20   HIGHEST WIND DIRECTION     E (70)
  HIGHEST GUST SPEED    24   HIGHEST GUST DIRECTION    NE (60)
  AVERAGE WIND SPEED    13.5


SKY COVER
  POSSIBLE SUNSHINE  MM
  AVERAGE SKY COVER  MM


WEATHER CONDITIONS
 THE FOLLOWING WEATHER WAS RECORDED YESTERDAY.
  NO SIGNIFICANT WEATHER WAS OBSERVED.


RELATIVE HUMIDITY (PERCENT)
 HIGHEST    MM
 LOWEST     MM
 AVERAGE    MM

..........................................................


THE LIHUE HI CLIMATE NORMALS FOR TODAY
                         NORMAL    RECORD    YEAR
 MAXIMUM TEMPERATURE (F)   84        88      2008
                                             1981
                                             1959
 MINIMUM TEMPERATURE (F)   75        63      1963


SUNRISE AND SUNSET
JULY 31 2015..........SUNRISE   609 AM HST   SUNSET   718 PM HST
AUGUST  1 2015........SUNRISE   610 AM HST   SUNSET   717 PM HST


-  INDICATES NEGATIVE NUMBERS.
R  INDICATES RECORD WAS SET OR TIED.
MM INDICATES DATA IS MISSING.
T  INDICATES TRACE AMOUNT.




$$
