000
CDHW41 PHFO 021245
CLILIH


CLIMATE REPORT
NATIONAL WEATHER SERVICE HONOLULU HI
245 AM HST THU OCT 2 2014


...................................

...THE LIHUE HI CLIMATE SUMMARY FOR OCTOBER 1 2014...

CLIMATE NORMAL PERIOD 1981 TO 2010
CLIMATE RECORD PERIOD 1946 TO 2014


WEATHER ITEM   OBSERVED TIME   RECORD YEAR NORMAL DEPARTURE LAST
                VALUE   (LST)  VALUE       VALUE  FROM      YEAR
                                                  NORMAL
..................................................................
TEMPERATURE (F)
 YESTERDAY
  MAXIMUM         87    257 PM  88    2003  84      3       84
                                      1986
  MINIMUM         73    350 AM  64    1966  74     -1       70
  AVERAGE         80                        79      1       77

PRECIPITATION (IN)
  YESTERDAY        T             5.41 2013   0.09  -0.09     5.41
  MONTH TO DATE    T                         0.09  -0.09     5.41
  SINCE SEP 1      1.40                      2.21  -0.81     7.77
  SINCE JAN 1     25.57                     23.66   1.91    24.98

SNOWFALL (IN)
  YESTERDAY        0.0
  MONTH TO DATE    0.0
  SINCE SEP 1      0.0
  SINCE JUL 1      0.0
  SNOW DEPTH       0

DEGREE DAYS
 HEATING
  YESTERDAY        0                         0      0        0
  MONTH TO DATE    0                         0      0        0
  SINCE SEP 1      0                         0      0        0
  SINCE JUL 1      0                         0      0        0

 COOLING
  YESTERDAY       15                        14      1       12
  MONTH TO DATE   15                        14      1       12
  SINCE SEP 1    492                       447     45      472
  SINCE JAN 1   3010                      2973     37     2768
..................................................................


WIND (MPH)
  HIGHEST WIND SPEED    12   HIGHEST WIND DIRECTION    SE (130)
  HIGHEST GUST SPEED    17   HIGHEST GUST DIRECTION    SE (130)
  AVERAGE WIND SPEED     6.7


SKY COVER
  POSSIBLE SUNSHINE  MM
  AVERAGE SKY COVER 0.4


WEATHER CONDITIONS
 THE FOLLOWING WEATHER WAS RECORDED YESTERDAY.
  LIGHT RAIN


RELATIVE HUMIDITY (PERCENT)
 HIGHEST    94          1100 PM
 LOWEST     57           300 PM
 AVERAGE    76

..........................................................


THE LIHUE HI CLIMATE NORMALS FOR TODAY
                         NORMAL    RECORD    YEAR
 MAXIMUM TEMPERATURE (F)   84        88      1993
                                             1989
                                             1981
 MINIMUM TEMPERATURE (F)   74        64      1952


SUNRISE AND SUNSET
OCTOBER  2 2014.......SUNRISE   629 AM HST   SUNSET   624 PM HST
OCTOBER  3 2014.......SUNRISE   629 AM HST   SUNSET   623 PM HST


-  INDICATES NEGATIVE NUMBERS.
R  INDICATES RECORD WAS SET OR TIED.
MM INDICATES DATA IS MISSING.
T  INDICATES TRACE AMOUNT.




$$
