000
CDHW41 PHFO 251245
CLILIH


CLIMATE REPORT
NATIONAL WEATHER SERVICE HONOLULU HI
245 AM HST SAT FEB 25 2017


...................................

...THE LIHUE HI CLIMATE SUMMARY FOR FEBRUARY 24 2017...

CLIMATE NORMAL PERIOD 1981 TO 2010
CLIMATE RECORD PERIOD 1946 TO 2017


WEATHER ITEM   OBSERVED TIME   RECORD YEAR NORMAL DEPARTURE LAST
                VALUE   (LST)  VALUE       VALUE  FROM      YEAR
                                                  NORMAL
..................................................................
TEMPERATURE (F)
 YESTERDAY
  MAXIMUM         75   1238 PM  85    1983  78     -3       77
  MINIMUM         61   1159 PM  56    1962  66     -5       59
  AVERAGE         68                        72     -4       68

PRECIPITATION (IN)
  YESTERDAY        T             0.75 1988   0.12  -0.12     0.00
  MONTH TO DATE    4.50                      2.67   1.83     0.84
  SINCE DEC 1      5.87                     11.62  -5.75     2.58
  SINCE JAN 1      4.70                      6.42  -1.72     1.16

SNOWFALL (IN)
  YESTERDAY        0.0
  MONTH TO DATE    0.0
  SINCE DEC 1      0.0
  SINCE JUL 1      0.0
  SNOW DEPTH       0

DEGREE DAYS
 HEATING
  YESTERDAY        0                         0      0        0
  MONTH TO DATE    0                         0      0        0
  SINCE DEC 1      0                         0      0        0
  SINCE JUL 1      0                         0      0        0

 COOLING
  YESTERDAY        3                         7     -4        3
  MONTH TO DATE  175                       168      7      175
  SINCE DEC 1    689                       631     58      773
  SINCE JAN 1    419                       377     42      417
..................................................................


WIND (MPH)
  HIGHEST WIND SPEED    22   HIGHEST WIND DIRECTION    NE (40)
  HIGHEST GUST SPEED    27   HIGHEST GUST DIRECTION    NE (30)
  AVERAGE WIND SPEED    13.7


SKY COVER
  POSSIBLE SUNSHINE  MM
  AVERAGE SKY COVER 0.4


WEATHER CONDITIONS
 THE FOLLOWING WEATHER WAS RECORDED YESTERDAY.
  NO SIGNIFICANT WEATHER WAS OBSERVED.


RELATIVE HUMIDITY (PERCENT)
 HIGHEST    73           600 AM
 LOWEST     53           400 PM
 AVERAGE    63

..........................................................


THE LIHUE HI CLIMATE NORMALS FOR TODAY
                         NORMAL    RECORD    YEAR
 MAXIMUM TEMPERATURE (F)   78        84      1978
 MINIMUM TEMPERATURE (F)   66        55      1958


SUNRISE AND SUNSET
FEBRUARY 25 2017......SUNRISE   701 AM HST   SUNSET   640 PM HST
FEBRUARY 26 2017......SUNRISE   700 AM HST   SUNSET   640 PM HST


-  INDICATES NEGATIVE NUMBERS.
R  INDICATES RECORD WAS SET OR TIED.
MM INDICATES DATA IS MISSING.
T  INDICATES TRACE AMOUNT.




$$
