000
CDHW41 PHFO 281245
CLILIH


CLIMATE REPORT
NATIONAL WEATHER SERVICE HONOLULU HI
245 AM HST TUE MAR 28 2017


...................................

...THE LIHUE HI CLIMATE SUMMARY FOR MARCH 27 2017...

CLIMATE NORMAL PERIOD 1981 TO 2010
CLIMATE RECORD PERIOD 1946 TO 2017


WEATHER ITEM   OBSERVED TIME   RECORD YEAR NORMAL DEPARTURE LAST
                VALUE   (LST)  VALUE       VALUE  FROM      YEAR
                                                  NORMAL
..................................................................
TEMPERATURE (F)
 YESTERDAY
  MAXIMUM         81    310 PM  86    1981  79      2       80
  MINIMUM         72    706 AM  57    1996  68      4       64
                                      1965
  AVERAGE         77                        73      4       72

PRECIPITATION (IN)
  YESTERDAY        0.04          1.23 2013   0.15  -0.11     0.00
  MONTH TO DATE    4.11                      4.06   0.05     2.59
  SINCE MAR 1      4.11                      4.06   0.05     2.59
  SINCE JAN 1     10.59                     10.97  -0.38     3.76

SNOWFALL (IN)
  YESTERDAY        0.0
  MONTH TO DATE    0.0
  SINCE MAR 1      0.0
  SINCE JUL 1      0.0
  SNOW DEPTH       0

DEGREE DAYS
 HEATING
  YESTERDAY        0                         0      0        0
  MONTH TO DATE    0                         0      0        0
  SINCE MAR 1      0                         0      0        0
  SINCE JUL 1      0                         0      0        0

 COOLING
  YESTERDAY       12                         8      4        7
  MONTH TO DATE  232                       204     28      204
  SINCE MAR 1    232                       204     28      204
  SINCE JAN 1    673                       599     74      659
..................................................................


WIND (MPH)
  HIGHEST WIND SPEED    18   HIGHEST WIND DIRECTION     E (80)
  HIGHEST GUST SPEED    23   HIGHEST GUST DIRECTION     E (90)
  AVERAGE WIND SPEED    12.4


SKY COVER
  POSSIBLE SUNSHINE  MM
  AVERAGE SKY COVER 0.4


WEATHER CONDITIONS
 THE FOLLOWING WEATHER WAS RECORDED YESTERDAY.
  LIGHT RAIN


RELATIVE HUMIDITY (PERCENT)
 HIGHEST    90           700 AM
 LOWEST     67          1200 PM
 AVERAGE    79

..........................................................


THE LIHUE HI CLIMATE NORMALS FOR TODAY
                         NORMAL    RECORD    YEAR
 MAXIMUM TEMPERATURE (F)   79        83      1981
                                             1974
 MINIMUM TEMPERATURE (F)   68        58      1965


SUNRISE AND SUNSET
MARCH 28 2017.........SUNRISE   634 AM HST   SUNSET   651 PM HST
MARCH 29 2017.........SUNRISE   633 AM HST   SUNSET   652 PM HST


-  INDICATES NEGATIVE NUMBERS.
R  INDICATES RECORD WAS SET OR TIED.
MM INDICATES DATA IS MISSING.
T  INDICATES TRACE AMOUNT.




$$
