091
CDHW41 PHFO 060241
CLILIH


CLIMATE REPORT
NATIONAL WEATHER SERVICE HONOLULU HI
435 PM HST FRI FEB 5 2016


...................................

...THE LIHUE HI CLIMATE SUMMARY FOR FEBRUARY 5 2016...
VALID TODAY AS OF 0400 PM LOCAL TIME.

CLIMATE NORMAL PERIOD 1981 TO 2010
CLIMATE RECORD PERIOD 1946 TO 2016


WEATHER ITEM   OBSERVED TIME   RECORD YEAR NORMAL DEPARTURE LAST
                VALUE   (LST)  VALUE       VALUE  FROM      YEAR
                                                  NORMAL
..................................................................
TEMPERATURE (F)
 TODAY
  MAXIMUM         84R   344 PM  84    1991  78      6       84
                                      1978
                                      1962
  MINIMUM         67    746 AM  56    1986  65      2       61
  AVERAGE         76                        72      4       73

PRECIPITATION (IN)
  TODAY            0.00          2.90 1950   0.11  -0.11     0.00
  MONTH TO DATE    T                         0.58  -0.58     0.27
  SINCE DEC 1      1.74                      9.53  -7.79     2.83
  SINCE JAN 1      0.32                      4.33  -4.01     1.43

SNOWFALL (IN)
  TODAY            0.0
  MONTH TO DATE    0.0
  SINCE DEC 1      0.0
  SINCE JUL 1      0.0
  SNOW DEPTH       0

DEGREE DAYS
 HEATING
  TODAY            0                         0      0        0
  MONTH TO DATE    0                         0      0        0
  SINCE DEC 1      0                         0      0        0
  SINCE JUL 1      0                         0      0        0

 COOLING
  TODAY           11                         7      4        8
  MONTH TO DATE   50                        35     15       53
  SINCE DEC 1    648                       498    150      477
  SINCE JAN 1    292                       244     48      261
..................................................................


WIND (MPH)
  HIGHEST WIND SPEED    17   HIGHEST WIND DIRECTION     S (170)
  HIGHEST GUST SPEED    21   HIGHEST GUST DIRECTION     N (340)
  AVERAGE WIND SPEED     8.0


SKY COVER
  POSSIBLE SUNSHINE  MM
  AVERAGE SKY COVER 0.2


WEATHER CONDITIONS
 THE FOLLOWING WEATHER WAS RECORDED TODAY.
  NO SIGNIFICANT WEATHER WAS OBSERVED.


RELATIVE HUMIDITY (PERCENT)
 HIGHEST    87           400 AM
 LOWEST     55           300 PM
 AVERAGE    71

..........................................................


THE LIHUE HI CLIMATE NORMALS FOR TOMORROW
                         NORMAL    RECORD    YEAR
 MAXIMUM TEMPERATURE (F)   78        84      1963
 MINIMUM TEMPERATURE (F)   65        54      1998
                                             1954
                                             1951


SUNRISE AND SUNSET
FEBRUARY  5 2016......SUNRISE   714 AM HST   SUNSET   629 PM HST
FEBRUARY  6 2016......SUNRISE   714 AM HST   SUNSET   630 PM HST


-  INDICATES NEGATIVE NUMBERS.
R  INDICATES RECORD WAS SET OR TIED.
MM INDICATES DATA IS MISSING.
T  INDICATES TRACE AMOUNT.




$$
