000
CDHW41 PHFO 060233
CLILIH


CLIMATE REPORT
NATIONAL WEATHER SERVICE HONOLULU HI
432 PM HST MON DEC 5 2016


...................................

...THE LIHUE HI CLIMATE SUMMARY FOR DECEMBER 5 2016...
VALID TODAY AS OF 0400 PM LOCAL TIME.

CLIMATE NORMAL PERIOD 1981 TO 2010
CLIMATE RECORD PERIOD 1946 TO 2016


WEATHER ITEM   OBSERVED TIME   RECORD YEAR NORMAL DEPARTURE LAST
                VALUE   (LST)  VALUE       VALUE  FROM      YEAR
                                                  NORMAL
..................................................................
TEMPERATURE (F)
 TODAY
  MAXIMUM         80    144 PM  83    1959  79      1       81
  MINIMUM         65    616 AM  58    1956  69     -4       71
  AVERAGE         73                        74     -1       76

PRECIPITATION (IN)
  TODAY            0.00          3.77 1961   0.16  -0.16     0.02
  MONTH TO DATE    0.56                      0.79  -0.23     0.30
  SINCE DEC 1      0.56                      0.79  -0.23     0.30
  SINCE JAN 1     12.79                     32.64 -19.85    28.58

SNOWFALL (IN)
  TODAY            0.0
  MONTH TO DATE    0.0
  SINCE DEC 1      0.0
  SINCE JUL 1      0.0
  SNOW DEPTH       0

DEGREE DAYS
 HEATING
  TODAY            0                         0      0        0
  MONTH TO DATE    0                         0      0        0
  SINCE DEC 1      0                         0      0        0
  SINCE JUL 1      0                         0      0        0

 COOLING
  TODAY            8                         9     -1       11
  MONTH TO DATE   48                        45      3       58
  SINCE DEC 1     48                        45      3       58
  SINCE JAN 1   4008                      3736    272     4137
..................................................................


WIND (MPH)
  HIGHEST WIND SPEED    16   HIGHEST WIND DIRECTION    NE (40)
  HIGHEST GUST SPEED    19   HIGHEST GUST DIRECTION    NE (40)
  AVERAGE WIND SPEED     7.5


SKY COVER
  POSSIBLE SUNSHINE  MM
  AVERAGE SKY COVER 0.3


WEATHER CONDITIONS
 THE FOLLOWING WEATHER WAS RECORDED TODAY.
  NO SIGNIFICANT WEATHER WAS OBSERVED.


RELATIVE HUMIDITY (PERCENT)
 HIGHEST    90          1200 AM
 LOWEST     71           200 PM
 AVERAGE    81

..........................................................


THE LIHUE HI CLIMATE NORMALS FOR TOMORROW
                         NORMAL    RECORD    YEAR
 MAXIMUM TEMPERATURE (F)   79        84      1988
 MINIMUM TEMPERATURE (F)   69        57      1986


SUNRISE AND SUNSET
DECEMBER  5 2016......SUNRISE   703 AM HST   SUNSET   554 PM HST
DECEMBER  6 2016......SUNRISE   703 AM HST   SUNSET   554 PM HST


-  INDICATES NEGATIVE NUMBERS.
R  INDICATES RECORD WAS SET OR TIED.
MM INDICATES DATA IS MISSING.
T  INDICATES TRACE AMOUNT.




$$
