000
CDHW41 PHFO 281245
CLILIH


CLIMATE REPORT
NATIONAL WEATHER SERVICE HONOLULU HI
245 AM HST THU MAY 28 2015


...................................

...THE LIHUE HI CLIMATE SUMMARY FOR MAY 27 2015...

CLIMATE NORMAL PERIOD 1981 TO 2010
CLIMATE RECORD PERIOD 1946 TO 2015


WEATHER ITEM   OBSERVED TIME   RECORD YEAR NORMAL DEPARTURE LAST
                VALUE   (LST)  VALUE       VALUE  FROM      YEAR
                                                  NORMAL
..................................................................
TEMPERATURE (F)
 YESTERDAY
  MAXIMUM         81    130 PM  85    1981  82     -1       82
  MINIMUM         65    446 AM  64    1997  71     -6       72
                                      1973
  AVERAGE         73                        77     -4       77

PRECIPITATION (IN)
  YESTERDAY        0.11          0.31 1955   0.05   0.06     0.02
  MONTH TO DATE    0.69                      1.87  -1.18     2.76
  SINCE MAR 1      3.81                      8.73  -4.92     5.34
  SINCE JAN 1      5.72                     15.64  -9.92    15.74

SNOWFALL (IN)
  YESTERDAY        0.0
  MONTH TO DATE    0.0
  SINCE MAR 1      0.0
  SINCE JUL 1      0.0
  SNOW DEPTH       0

DEGREE DAYS
 HEATING
  YESTERDAY        0                         0      0        0
  MONTH TO DATE    0                         0      0        0
  SINCE MAR 1      0                         0      0        0
  SINCE JUL 1      0                         0      0        0

 COOLING
  YESTERDAY        8                        12     -4       12
  MONTH TO DATE  318                       288     30      293
  SINCE MAR 1    923                       797    126      793
  SINCE JAN 1   1379                      1192    187     1169
..................................................................


WIND (MPH)
  HIGHEST WIND SPEED    18   HIGHEST WIND DIRECTION     N (20)
  HIGHEST GUST SPEED    24   HIGHEST GUST DIRECTION     N (10)
  AVERAGE WIND SPEED     8.8


SKY COVER
  POSSIBLE SUNSHINE  MM
  AVERAGE SKY COVER 0.8


WEATHER CONDITIONS
 THE FOLLOWING WEATHER WAS RECORDED YESTERDAY.
  LIGHT RAIN
  LIGHT SNOW
  FOG


RELATIVE HUMIDITY (PERCENT)
 HIGHEST    93          1100 PM
 LOWEST     58          1200 PM
 AVERAGE    76

..........................................................


THE LIHUE HI CLIMATE NORMALS FOR TODAY
                         NORMAL    RECORD    YEAR
 MAXIMUM TEMPERATURE (F)   82        85      2005
                                             1996
                                             1981
 MINIMUM TEMPERATURE (F)   72        64      1983


SUNRISE AND SUNSET
MAY 28 2015...........SUNRISE   554 AM HST   SUNSET   715 PM HST
MAY 29 2015...........SUNRISE   554 AM HST   SUNSET   716 PM HST


-  INDICATES NEGATIVE NUMBERS.
R  INDICATES RECORD WAS SET OR TIED.
MM INDICATES DATA IS MISSING.
T  INDICATES TRACE AMOUNT.




$$
