000
CDUS44 KLZK 200642
CLILIT


CLIMATE REPORT
NATIONAL WEATHER SERVICE LITTLE ROCK AR
1241 AM CST MON FEB 20 2017


...................................

...THE LITTLE ROCK ADAMS FIELD CLIMATE SUMMARY FOR FEBRUARY 19 2017...

CLIMATE NORMAL PERIOD 1981 TO 2010
CLIMATE RECORD PERIOD 1874 TO 2017


WEATHER ITEM   OBSERVED TIME   RECORD YEAR NORMAL DEPARTURE LAST
                VALUE   (LST)  VALUE       VALUE  FROM      YEAR
                                                  NORMAL
..................................................................
TEMPERATURE (F)
 YESTERDAY
  MAXIMUM         76    425 PM  82    1986  56     20       73
  MINIMUM         45    154 AM  17    1910  36      9       56
  AVERAGE         61                        46     15       65

PRECIPITATION (IN)
  YESTERDAY        0.00          1.90 1911   0.14  -0.14     0.00
  MONTH TO DATE    1.43                      2.39  -0.96     0.49
  SINCE DEC 1      7.29                     10.91  -3.62    12.42
  SINCE JAN 1      2.90                      5.94  -3.04     4.04

SNOWFALL (IN)
  YESTERDAY        0.0           4.1  1921   0.0    0.0      0.0
  MONTH TO DATE    0.0                       0.9   -0.9      0.0
  SINCE DEC 1      0.2                       2.7   -2.5      5.7
  SINCE JUL 1      0.2                       2.7   -2.5      5.7
  SNOW DEPTH       0

DEGREE DAYS
 HEATING
  YESTERDAY        4                        19    -15        0
  MONTH TO DATE  256                       408   -152      329
  SINCE DEC 1   1497                      1840   -343     1441
  SINCE JUL 1   1836                      2354   -518     1765

 COOLING
  YESTERDAY        0                         0      0        0
  MONTH TO DATE    8                         0      8        0
  SINCE DEC 1     10                         3      7       12
  SINCE JAN 1      8                         1      7        1
..................................................................


WIND (MPH)
  HIGHEST WIND SPEED    15   HIGHEST WIND DIRECTION    SE (120)
  HIGHEST GUST SPEED    18   HIGHEST GUST DIRECTION     E (110)
  AVERAGE WIND SPEED     4.4


SKY COVER
  POSSIBLE SUNSHINE  MM
  AVERAGE SKY COVER 0.5


WEATHER CONDITIONS
 THE FOLLOWING WEATHER WAS RECORDED YESTERDAY.
  FOG
  FOG W/VISIBILITY <= 1/4 MILE


RELATIVE HUMIDITY (PERCENT)
 HIGHEST   100          1200 AM
 LOWEST     54           400 PM
 AVERAGE    77

..........................................................


THE LITTLE ROCK ADAMS FIELD CLIMATE NORMALS FOR TODAY
                         NORMAL    RECORD    YEAR
 MAXIMUM TEMPERATURE (F)   56        85      1986
 MINIMUM TEMPERATURE (F)   36        20      1936
                                             1929


SUNRISE AND SUNSET
FEBRUARY 20 2017......SUNRISE   649 AM CST   SUNSET   557 PM CST
FEBRUARY 21 2017......SUNRISE   647 AM CST   SUNSET   558 PM CST


-  INDICATES NEGATIVE NUMBERS.
R  INDICATES RECORD WAS SET OR TIED.
MM INDICATES DATA IS MISSING.
T  INDICATES TRACE AMOUNT.




$$
