000
CDUS44 KLZK 220638
CLILIT


CLIMATE REPORT
NATIONAL WEATHER SERVICE LITTLE ROCK AR
1237 AM CST SUN JAN 22 2017


...................................

...THE LITTLE ROCK ADAMS FIELD CLIMATE SUMMARY FOR JANUARY 21 2017...

CLIMATE NORMAL PERIOD 1981 TO 2010
CLIMATE RECORD PERIOD 1874 TO 2017


WEATHER ITEM   OBSERVED TIME   RECORD YEAR NORMAL DEPARTURE LAST
                VALUE   (LST)  VALUE       VALUE  FROM      YEAR
                                                  NORMAL
..................................................................
TEMPERATURE (F)
 YESTERDAY
  MAXIMUM         69    223 PM  75    1986  51     18       35
  MINIMUM         45    754 AM   4    1985  31     14       31
  AVERAGE         57                        41     16       33

PRECIPITATION (IN)
  YESTERDAY        0.16          3.83 1938   0.11   0.05     1.25
  MONTH TO DATE    1.37                      2.45  -1.08     2.97
  SINCE DEC 1      5.76                      7.42  -1.66    11.35
  SINCE JAN 1      1.37                      2.45  -1.08     2.97

SNOWFALL (IN)
  YESTERDAY       MM             4.0  1918   0.1   MM        0.7
  MONTH TO DATE    0.2                       1.1   -0.9      0.7
  SINCE DEC 1      0.2                       1.3   -1.1      0.7
  SINCE JUL 1      0.2                       1.3   -1.1      0.7
  SNOW DEPTH       0

DEGREE DAYS
 HEATING
  YESTERDAY        8                        24    -16       32
  MONTH TO DATE  405                       504    -99      520
  SINCE DEC 1   1072                      1187   -115      928
  SINCE JUL 1   1411                      1701   -290     1252

 COOLING
  YESTERDAY        0                         0      0        0
  MONTH TO DATE    0                         0      0        0
  SINCE DEC 1      2                         2      0       11
  SINCE JAN 1      0                         0      0        0
..................................................................


WIND (MPH)
  HIGHEST WIND SPEED    15   HIGHEST WIND DIRECTION     S (190)
  HIGHEST GUST SPEED    18   HIGHEST GUST DIRECTION     S (190)
  AVERAGE WIND SPEED     5.2


SKY COVER
  POSSIBLE SUNSHINE  MM
  AVERAGE SKY COVER 0.8


WEATHER CONDITIONS
 THE FOLLOWING WEATHER WAS RECORDED YESTERDAY.
  THUNDERSTORM
  RAIN
  LIGHT RAIN
  FOG


RELATIVE HUMIDITY (PERCENT)
 HIGHEST   100           100 AM
 LOWEST     73          1200 PM
 AVERAGE    87

..........................................................


THE LITTLE ROCK ADAMS FIELD CLIMATE NORMALS FOR TODAY
                         NORMAL    RECORD    YEAR
 MAXIMUM TEMPERATURE (F)   51        75      1982
                                             1943
 MINIMUM TEMPERATURE (F)   31         2      1930


SUNRISE AND SUNSET
JANUARY 22 2017.......SUNRISE   713 AM CST   SUNSET   528 PM CST
JANUARY 23 2017.......SUNRISE   713 AM CST   SUNSET   529 PM CST


-  INDICATES NEGATIVE NUMBERS.
R  INDICATES RECORD WAS SET OR TIED.
MM INDICATES DATA IS MISSING.
T  INDICATES TRACE AMOUNT.




$$
