000
CDUS44 KLZK 260644
CLILIT


CLIMATE REPORT
NATIONAL WEATHER SERVICE LITTLE ROCK AR
144 AM CDT WED APR 26 2017


...................................

...THE LITTLE ROCK ADAMS FIELD CLIMATE SUMMARY FOR APRIL 25 2017...

CLIMATE NORMAL PERIOD 1981 TO 2010
CLIMATE RECORD PERIOD 1874 TO 2017


WEATHER ITEM   OBSERVED TIME   RECORD YEAR NORMAL DEPARTURE LAST
                VALUE   (LST)  VALUE       VALUE  FROM      YEAR
                                                  NORMAL
..................................................................
TEMPERATURE (F)
 YESTERDAY
  MAXIMUM         81    428 PM  88    1961  76      5       82
  MINIMUM         49    530 AM  35    1910  54     -5       59
  AVERAGE         65                        65      0       71

PRECIPITATION (IN)
  YESTERDAY        0.00          2.89 1879   0.18  -0.18     0.00
  MONTH TO DATE    3.28                      4.25  -0.97     1.95
  SINCE MAR 1      7.15                      8.93  -1.78    14.28
  SINCE JAN 1     12.15                     16.14  -3.99    19.97

SNOWFALL (IN)
  YESTERDAY        0.0          MM      MM   0.0    0.0      0.0
  MONTH TO DATE    0.0                       0.0    0.0      0.0
  SINCE MAR 1      0.0                       0.4   -0.4      0.0
  SINCE JUL 1      0.2                       3.5   -3.3      5.7
  SNOW DEPTH       0

DEGREE DAYS
 HEATING
  YESTERDAY        0                         3     -3        0
  MONTH TO DATE   59                       134    -75       70
  SINCE MAR 1    339                       509   -170      294
  SINCE JUL 1   2253                      3022   -769     2183

 COOLING
  YESTERDAY        0                         3     -3        6
  MONTH TO DATE   60                        41     19       33
  SINCE MAR 1     81                        55     26       54
  SINCE JAN 1     93                        57     36       60
..................................................................


WIND (MPH)
  HIGHEST WIND SPEED    24   HIGHEST WIND DIRECTION     S (200)
  HIGHEST GUST SPEED    31   HIGHEST GUST DIRECTION     S (200)
  AVERAGE WIND SPEED    10.1


SKY COVER
  POSSIBLE SUNSHINE  MM
  AVERAGE SKY COVER 0.3


WEATHER CONDITIONS
 THE FOLLOWING WEATHER WAS RECORDED YESTERDAY.
  NO SIGNIFICANT WEATHER WAS OBSERVED.


RELATIVE HUMIDITY (PERCENT)
 HIGHEST    83           100 AM
 LOWEST     43          1200 PM
 AVERAGE    63

..........................................................


THE LITTLE ROCK ADAMS FIELD CLIMATE NORMALS FOR TODAY
                         NORMAL    RECORD    YEAR
 MAXIMUM TEMPERATURE (F)   76        90      1987
 MINIMUM TEMPERATURE (F)   54        33      1910


SUNRISE AND SUNSET
APRIL 26 2017.........SUNRISE   624 AM CDT   SUNSET   750 PM CDT
APRIL 27 2017.........SUNRISE   623 AM CDT   SUNSET   751 PM CDT


-  INDICATES NEGATIVE NUMBERS.
R  INDICATES RECORD WAS SET OR TIED.
MM INDICATES DATA IS MISSING.
T  INDICATES TRACE AMOUNT.




$$
