000
CDUS44 KLZK 221011
CLILIT


CLIMATE REPORT
NATIONAL WEATHER SERVICE LITTLE ROCK AR
411 AM CST MON DEC 22 2014


...................................

...THE LITTLE ROCK ADAMS FIELD CLIMATE SUMMARY FOR DECEMBER 21 2014...

CLIMATE NORMAL PERIOD 1981 TO 2010
CLIMATE RECORD PERIOD 1874 TO 2014


WEATHER ITEM   OBSERVED TIME   RECORD YEAR NORMAL DEPARTURE LAST
                VALUE   (LST)  VALUE       VALUE  FROM      YEAR
                                                  NORMAL
..................................................................
TEMPERATURE (F)
 YESTERDAY
  MAXIMUM         55    403 PM  74    2010  51      4       71
                                      1889
  MINIMUM         33    609 AM   6    1989  33      0       48
  AVERAGE         44                        42      2       60

PRECIPITATION (IN)
  YESTERDAY        0.00          3.17 2013   0.16  -0.16     3.17
  MONTH TO DATE    1.92                      3.52  -1.60     6.94
  SINCE DEC 1      1.92                      3.52  -1.60     6.94
  SINCE JAN 1     46.89                     48.30  -1.41    52.78

SNOWFALL (IN)
  YESTERDAY        0.0           3.0  1897   0.1   -0.1      0.0
  MONTH TO DATE    0.0                       0.1   -0.1      1.2
  SINCE DEC 1      0.0                       0.1   -0.1      1.2
  SINCE JUL 1      0.1                       0.1    0.0      1.2
  SNOW DEPTH       0

DEGREE DAYS
 HEATING
  YESTERDAY       21                        23     -2        5
  MONTH TO DATE  385                       444    -59      425
  SINCE DEC 1    385                       444    -59      425
  SINCE JUL 1    956                       958     -2     1009

 COOLING
  YESTERDAY        0                         0      0        0
  MONTH TO DATE    0                         0      0        5
  SINCE DEC 1      0                         0      0        5
  SINCE JAN 1   2050                      2204   -154     2207
..................................................................


WIND (MPH)
  HIGHEST WIND SPEED    15   HIGHEST WIND DIRECTION    SE (130)
  HIGHEST GUST SPEED    20   HIGHEST GUST DIRECTION    SE (120)
  AVERAGE WIND SPEED     5.1


SKY COVER
  POSSIBLE SUNSHINE  MM
  AVERAGE SKY COVER 0.4


WEATHER CONDITIONS
 THE FOLLOWING WEATHER WAS RECORDED YESTERDAY.
  FOG


RELATIVE HUMIDITY (PERCENT)
 HIGHEST    89           100 AM
 LOWEST     46           100 PM
 AVERAGE    68

..........................................................


THE LITTLE ROCK ADAMS FIELD CLIMATE NORMALS FOR TODAY
                         NORMAL    RECORD    YEAR
 MAXIMUM TEMPERATURE (F)   51        72      1988
                                             1982
                                             1981
 MINIMUM TEMPERATURE (F)   33         2      1989


SUNRISE AND SUNSET
DECEMBER 22 2014......SUNRISE   713 AM CST   SUNSET   502 PM CST
DECEMBER 23 2014......SUNRISE   713 AM CST   SUNSET   503 PM CST


-  INDICATES NEGATIVE NUMBERS.
R  INDICATES RECORD WAS SET OR TIED.
MM INDICATES DATA IS MISSING.
T  INDICATES TRACE AMOUNT.




$$
