000
CDUS44 KLZK 270643
CLILIT


CLIMATE REPORT
NATIONAL WEATHER SERVICE LITTLE ROCK AR
142 AM CDT TUE JUN 27 2017


...................................

...THE LITTLE ROCK ADAMS FIELD CLIMATE SUMMARY FOR JUNE 26 2017...

CLIMATE NORMAL PERIOD 1981 TO 2010
CLIMATE RECORD PERIOD 1874 TO 2017


WEATHER ITEM   OBSERVED TIME   RECORD YEAR NORMAL DEPARTURE LAST
                VALUE   (LST)  VALUE       VALUE  FROM      YEAR
                                                  NORMAL
..................................................................
TEMPERATURE (F)
 YESTERDAY
  MAXIMUM         84    150 PM 101    1954  91     -7       98
  MINIMUM         66    156 AM  55    1958  72     -6       79
  AVERAGE         75                        81     -6       89

PRECIPITATION (IN)
  YESTERDAY        T             3.48 1960   0.11  -0.11      T
  MONTH TO DATE    3.10                      3.20  -0.10     1.41
  SINCE JUN 1      3.10                      3.20  -0.10     1.41
  SINCE JAN 1     28.92                     25.10   3.82    30.60

SNOWFALL (IN)
  YESTERDAY        0.0          MM      MM   0.0    0.0      0.0
  MONTH TO DATE    0.0                       0.0    0.0      0.0
  SINCE JUN 1      0.0                       0.0    0.0      0.0
  SINCE JUL 1      0.2                       3.5   -3.3      5.7
  SNOW DEPTH       0

DEGREE DAYS
 HEATING
  YESTERDAY        0                         0      0        0
  MONTH TO DATE    0                         0      0        0
  SINCE JUN 1      0                         0      0        0
  SINCE JUL 1   2294                      3052   -758     2191

 COOLING
  YESTERDAY       10                        16     -6       24
  MONTH TO DATE  300                       358    -58      466
  SINCE JUN 1    300                       358    -58      466
  SINCE JAN 1    566                       639    -73      740
..................................................................


WIND (MPH)
  HIGHEST WIND SPEED    10   HIGHEST WIND DIRECTION    SE (150)
  HIGHEST GUST SPEED    14   HIGHEST GUST DIRECTION    SE (140)
  AVERAGE WIND SPEED     4.0


SKY COVER
  POSSIBLE SUNSHINE  MM
  AVERAGE SKY COVER 0.8


WEATHER CONDITIONS
 THE FOLLOWING WEATHER WAS RECORDED YESTERDAY.
  LIGHT RAIN


RELATIVE HUMIDITY (PERCENT)
 HIGHEST    93          1200 AM
 LOWEST     46           200 PM
 AVERAGE    70

..........................................................


THE LITTLE ROCK ADAMS FIELD CLIMATE NORMALS FOR TODAY
                         NORMAL    RECORD    YEAR
 MAXIMUM TEMPERATURE (F)   91       104      1954
 MINIMUM TEMPERATURE (F)   72        54      1968


SUNRISE AND SUNSET
JUNE 27 2017..........SUNRISE   558 AM CDT   SUNSET   826 PM CDT
JUNE 28 2017..........SUNRISE   558 AM CDT   SUNSET   826 PM CDT


-  INDICATES NEGATIVE NUMBERS.
R  INDICATES RECORD WAS SET OR TIED.
MM INDICATES DATA IS MISSING.
T  INDICATES TRACE AMOUNT.




$$
