000
CDUS44 KLZK 110642
CLILIT


CLIMATE REPORT
NATIONAL WEATHER SERVICE LITTLE ROCK AR
1242 AM CST SUN DEC 11 2016


...................................

...THE LITTLE ROCK ADAMS FIELD CLIMATE SUMMARY FOR DECEMBER 10 2016...

CLIMATE NORMAL PERIOD 1981 TO 2010
CLIMATE RECORD PERIOD 1874 TO 2016


WEATHER ITEM   OBSERVED TIME   RECORD YEAR NORMAL DEPARTURE LAST
                VALUE   (LST)  VALUE       VALUE  FROM      YEAR
                                                  NORMAL
..................................................................
TEMPERATURE (F)
 YESTERDAY
  MAXIMUM         43    210 PM  78    1889  53    -10       72
  MINIMUM         23    257 AM   8    1917  35    -12       40
  AVERAGE         33                        44    -11       56

PRECIPITATION (IN)
  YESTERDAY        0.00          2.00 1983   0.18  -0.18     0.00
  MONTH TO DATE    0.99                      1.75  -0.76     0.00
  SINCE DEC 1      0.99                      1.75  -0.76     0.00
  SINCE JAN 1     52.72                     46.53   6.19    52.85

SNOWFALL (IN)
  YESTERDAY        0.0           0.4  1972   0.0    0.0      0.0
  MONTH TO DATE    0.0                       0.0    0.0      0.0
  SINCE DEC 1      0.0                       0.0    0.0      0.0
  SINCE JUL 1      0.0                       T      0.0      0.0
  SNOW DEPTH       0

DEGREE DAYS
 HEATING
  YESTERDAY       32                        21     11        9
  MONTH TO DATE  240                       198     42      158
  SINCE DEC 1    240                       198     42      158
  SINCE JUL 1    579                       712   -133      482

 COOLING
  YESTERDAY        0                         0      0        0
  MONTH TO DATE    0                         0      0        0
  SINCE DEC 1      0                         0      0        0
  SINCE JAN 1   2650                      2204    446     2489
..................................................................


WIND (MPH)
  HIGHEST WIND SPEED    15   HIGHEST WIND DIRECTION    SE (150)
  HIGHEST GUST SPEED    18   HIGHEST GUST DIRECTION    SE (150)
  AVERAGE WIND SPEED     6.0


SKY COVER
  POSSIBLE SUNSHINE  MM
  AVERAGE SKY COVER 0.8


WEATHER CONDITIONS
 THE FOLLOWING WEATHER WAS RECORDED YESTERDAY.
  NO SIGNIFICANT WEATHER WAS OBSERVED.


RELATIVE HUMIDITY (PERCENT)
 HIGHEST   100           400 AM
 LOWEST     39           200 PM
 AVERAGE    70

..........................................................


THE LITTLE ROCK ADAMS FIELD CLIMATE NORMALS FOR TODAY
                         NORMAL    RECORD    YEAR
 MAXIMUM TEMPERATURE (F)   53        78      1996
 MINIMUM TEMPERATURE (F)   34        11      1917


SUNRISE AND SUNSET
DECEMBER 11 2016......SUNRISE   706 AM CST   SUNSET   458 PM CST
DECEMBER 12 2016......SUNRISE   707 AM CST   SUNSET   459 PM CST


-  INDICATES NEGATIVE NUMBERS.
R  INDICATES RECORD WAS SET OR TIED.
MM INDICATES DATA IS MISSING.
T  INDICATES TRACE AMOUNT.




$$
