000
CDUS45 KPIH 220733
CLILLJ


CLIMATE REPORT
NATIONAL WEATHER SERVICE POCATELLO ID
133 AM MDT MON SEP 22 2014


...................................

...THE CHALLIS ID CLIMATE SUMMARY FOR SEPTEMBER 21 2014...

CLIMATE NORMAL PERIOD 1981 TO 2010
CLIMATE RECORD PERIOD 1898 TO 2014


WEATHER ITEM   OBSERVED TIME   RECORD YEAR NORMAL DEPARTURE LAST
                VALUE   (LST)  VALUE       VALUE  FROM      YEAR
                                                  NORMAL
..................................................................
TEMPERATURE (F)
 YESTERDAY
  MAXIMUM         79    418 PM  89    1928  71      8       76
  MINIMUM         44    712 AM  23    1983  37      7       37
  AVERAGE         62                        54      8       57

PRECIPITATION (IN)
  YESTERDAY        T             0.88 1968   0.02  -0.02      T
  MONTH TO DATE    0.02                      0.56  -0.54     0.56
  SINCE OCT 1      5.57                      9.88  -4.31     5.14
  SINCE JAN 1      4.84                      7.95  -3.11     3.07

SNOWFALL (IN)
  YESTERDAY       MM
  MONTH TO DATE   MM
  SINCE SEP 1     MM
  SINCE JUL 1     MM
  SNOW DEPTH      MM

DEGREE DAYS
 HEATING
  YESTERDAY        3                        11     -8        8
  MONTH TO DATE   95                       161    -66       65
  SINCE SEP 1     95                       161    -66       65
  SINCE JUL 1    163                       234    -71       71

 COOLING
  YESTERDAY        0                         0      0        0
  MONTH TO DATE    0                         4     -4       30
  SINCE SEP 1      0                         4     -4       30
  SINCE JAN 1    305                       246     59      420
..................................................................


WIND (MPH)
  HIGHEST WIND SPEED    15   HIGHEST WIND DIRECTION    SE (150)
  HIGHEST GUST SPEED    22   HIGHEST GUST DIRECTION    SE (150)
  AVERAGE WIND SPEED     3.6


SKY COVER
  POSSIBLE SUNSHINE  MM
  AVERAGE SKY COVER 0.1


WEATHER CONDITIONS
 THE FOLLOWING WEATHER WAS RECORDED YESTERDAY.
  LIGHT RAIN


RELATIVE HUMIDITY (PERCENT)
 HIGHEST    76           700 AM
 LOWEST     23           300 PM
 AVERAGE    50

..........................................................


THE CHALLIS ID CLIMATE NORMALS FOR TODAY
                         NORMAL    RECORD    YEAR
 MAXIMUM TEMPERATURE (F)   70        88      1967
 MINIMUM TEMPERATURE (F)   37        26      1956


SUNRISE AND SUNSET
SEPTEMBER 22 2014.....SUNRISE   724 AM MDT   SUNSET   734 PM MDT
SEPTEMBER 23 2014.....SUNRISE   725 AM MDT   SUNSET   732 PM MDT


-  INDICATES NEGATIVE NUMBERS.
R  INDICATES RECORD WAS SET OR TIED.
MM INDICATES DATA IS MISSING.
T  INDICATES TRACE AMOUNT.




$$
