000
CDUS45 KPIH 240753
CLILLJ


CLIMATE REPORT
NATIONAL WEATHER SERVICE POCATELLO ID
1249 AM MST FRI FEB 24 2017


...................................

...THE CHALLIS ID CLIMATE SUMMARY FOR FEBRUARY 23 2017...

CLIMATE NORMAL PERIOD 1981 TO 2010
CLIMATE RECORD PERIOD 1898 TO 2017


WEATHER ITEM   OBSERVED TIME   RECORD YEAR NORMAL DEPARTURE LAST
                VALUE   (LST)  VALUE       VALUE  FROM      YEAR
                                                  NORMAL
..................................................................
TEMPERATURE (F)
 YESTERDAY
  MAXIMUM         29   1254 PM  61    1954  39    -10       37
  MINIMUM         24   1103 PM -13    1922  16      8       16
  AVERAGE         27                        28     -1       27

PRECIPITATION (IN)
  YESTERDAY        0.01          0.34 1901   0.03  -0.02     0.00
  MONTH TO DATE    0.98                      0.49   0.49     0.08
  SINCE OCT 1      5.89                      2.93   2.96     2.98
  SINCE JAN 1      2.48                      1.00   1.48     0.64

SNOWFALL (IN)
  YESTERDAY       MM
  MONTH TO DATE   MM
  SINCE DEC 1     MM
  SINCE JUL 1     MM
  SNOW DEPTH      MM

DEGREE DAYS
 HEATING
  YESTERDAY       38                        37      1       38
  MONTH TO DATE  839                       946   -107      918
  SINCE DEC 1   4440                      3825    615     3890
  SINCE JUL 1   6227                      5868    359     5756

 COOLING
  YESTERDAY        0                         0      0        0
  MONTH TO DATE    0                         0      0        0
  SINCE DEC 1      0                         0      0        0
  SINCE JAN 1      0                         0      0        0
..................................................................


WIND (MPH)
  HIGHEST WIND SPEED    14   HIGHEST WIND DIRECTION     N (360)
  HIGHEST GUST SPEED    17   HIGHEST GUST DIRECTION    NW (300)
  AVERAGE WIND SPEED     7.1


SKY COVER
  POSSIBLE SUNSHINE  MM
  AVERAGE SKY COVER 1.0


WEATHER CONDITIONS
 THE FOLLOWING WEATHER WAS RECORDED YESTERDAY.
  LIGHT SNOW
  FOG


RELATIVE HUMIDITY (PERCENT)
 HIGHEST    92           100 AM
 LOWEST     69           700 AM
 AVERAGE    81

..........................................................


THE CHALLIS ID CLIMATE NORMALS FOR TODAY
                         NORMAL    RECORD    YEAR
 MAXIMUM TEMPERATURE (F)   39        60      1995
 MINIMUM TEMPERATURE (F)   17        -8      1952


SUNRISE AND SUNSET
FEBRUARY 24 2017......SUNRISE   722 AM MST   SUNSET   619 PM MST
FEBRUARY 25 2017......SUNRISE   720 AM MST   SUNSET   620 PM MST


-  INDICATES NEGATIVE NUMBERS.
R  INDICATES RECORD WAS SET OR TIED.
MM INDICATES DATA IS MISSING.
T  INDICATES TRACE AMOUNT.




$$
