000
CDUS45 KPIH 130731
CLILLJ


CLIMATE REPORT
NATIONAL WEATHER SERVICE POCATELLO ID
1231 AM MST WED DEC 13 2017


...................................

...THE CHALLIS ID CLIMATE SUMMARY FOR DECEMBER 12 2017...

CLIMATE NORMAL PERIOD 1981 TO 2010
CLIMATE RECORD PERIOD 1898 TO 2017


WEATHER ITEM   OBSERVED TIME   RECORD YEAR NORMAL DEPARTURE LAST
                VALUE   (LST)  VALUE       VALUE  FROM      YEAR
                                                  NORMAL
..................................................................
TEMPERATURE (F)
 YESTERDAY
  MAXIMUM         31    254 PM  52    2014  27      4       28
  MINIMUM          2    831 AM -22    1932   9     -7        2
  AVERAGE         17                        18     -1       15

PRECIPITATION (IN)
  YESTERDAY        0.00          0.93 1995   0.02  -0.02     0.05
  MONTH TO DATE    0.06                      0.29  -0.23     0.32
  SINCE OCT 1      1.02                      1.48  -0.46     2.40
  SINCE JAN 1      8.10                      9.61  -1.51     6.38

SNOWFALL (IN)
  YESTERDAY       MM
  MONTH TO DATE   MM
  SINCE DEC 1     MM
  SINCE JUL 1     MM
  SNOW DEPTH      MM

DEGREE DAYS
 HEATING
  YESTERDAY       48                        47      1       50
  MONTH TO DATE  525                       541    -16      560
  SINCE DEC 1    525                       541    -16      560
  SINCE JUL 1   2431                      2584   -153     2347

 COOLING
  YESTERDAY        0                         0      0        0
  MONTH TO DATE    0                         0      0        0
  SINCE DEC 1      0                         0      0        0
  SINCE JAN 1    378                       248    130      277
..................................................................


WIND (MPH)
  HIGHEST WIND SPEED     6   HIGHEST WIND DIRECTION     S (200)
  HIGHEST GUST SPEED     8   HIGHEST GUST DIRECTION    SE (130)
  AVERAGE WIND SPEED     1.5


SKY COVER
  POSSIBLE SUNSHINE  MM
  AVERAGE SKY COVER 0.0


WEATHER CONDITIONS
 THE FOLLOWING WEATHER WAS RECORDED YESTERDAY.
  NO SIGNIFICANT WEATHER WAS OBSERVED.


RELATIVE HUMIDITY (PERCENT)
 HIGHEST    91           100 AM
 LOWEST     47           300 PM
 AVERAGE    69

..........................................................


THE CHALLIS ID CLIMATE NORMALS FOR TODAY
                         NORMAL    RECORD    YEAR
 MAXIMUM TEMPERATURE (F)   27        53      1921
 MINIMUM TEMPERATURE (F)    9       -29      1919


SUNRISE AND SUNSET
DECEMBER 13 2017......SUNRISE   805 AM MST   SUNSET   457 PM MST
DECEMBER 14 2017......SUNRISE   806 AM MST   SUNSET   457 PM MST


-  INDICATES NEGATIVE NUMBERS.
R  INDICATES RECORD WAS SET OR TIED.
MM INDICATES DATA IS MISSING.
T  INDICATES TRACE AMOUNT.




$$
