000
CDUS45 KPIH 290731
CLILLJ


CLIMATE REPORT
NATIONAL WEATHER SERVICE POCATELLO ID
129 AM MDT FRI APR 29 2016


...................................

...THE CHALLIS ID CLIMATE SUMMARY FOR APRIL 28 2016...

CLIMATE NORMAL PERIOD 1981 TO 2010
CLIMATE RECORD PERIOD 1898 TO 2016


WEATHER ITEM   OBSERVED TIME   RECORD YEAR NORMAL DEPARTURE LAST
                VALUE   (LST)  VALUE       VALUE  FROM      YEAR
                                                  NORMAL
..................................................................
TEMPERATURE (F)
 YESTERDAY
  MAXIMUM         52    424 PM  82    1987  61     -9       76
  MINIMUM         36    416 AM  18    1984  32      4       32
  AVERAGE         44                        46     -2       54

PRECIPITATION (IN)
  YESTERDAY        T             0.53 1943   0.03  -0.03     0.00
  MONTH TO DATE    0.61                      0.75  -0.14     0.47
  SINCE OCT 1      4.09                      4.52  -0.43     3.04
  SINCE JAN 1      1.75                      2.59  -0.84     1.25

SNOWFALL (IN)
  YESTERDAY       MM
  MONTH TO DATE   MM
  SINCE MAR 1     MM
  SINCE JUL 1     MM
  SNOW DEPTH      MM

DEGREE DAYS
 HEATING
  YESTERDAY       21                        19      2       11
  MONTH TO DATE  451                       610   -159      607
  SINCE MAR 1   1282                      1506   -224     1305
  SINCE JUL 1   7217                      7555   -338     6443

 COOLING
  YESTERDAY        0                         0      0        0
  MONTH TO DATE    0                         0      0        0
  SINCE MAR 1      0                         0      0        0
  SINCE JAN 1      0                         0      0        0
..................................................................


WIND (MPH)
  HIGHEST WIND SPEED    20   HIGHEST WIND DIRECTION     N (350)
  HIGHEST GUST SPEED    23   HIGHEST GUST DIRECTION     N (360)
  AVERAGE WIND SPEED     8.2


SKY COVER
  POSSIBLE SUNSHINE  MM
  AVERAGE SKY COVER 0.8


WEATHER CONDITIONS
 THE FOLLOWING WEATHER WAS RECORDED YESTERDAY.
  NO SIGNIFICANT WEATHER WAS OBSERVED.


RELATIVE HUMIDITY (PERCENT)
 HIGHEST    70          1100 PM
 LOWEST     32           300 PM
 AVERAGE    51

..........................................................


THE CHALLIS ID CLIMATE NORMALS FOR TODAY
                         NORMAL    RECORD    YEAR
 MAXIMUM TEMPERATURE (F)   61        85      1992
 MINIMUM TEMPERATURE (F)   33        16      2011


SUNRISE AND SUNSET
APRIL 29 2016.........SUNRISE   629 AM MDT   SUNSET   840 PM MDT
APRIL 30 2016.........SUNRISE   628 AM MDT   SUNSET   841 PM MDT


-  INDICATES NEGATIVE NUMBERS.
R  INDICATES RECORD WAS SET OR TIED.
MM INDICATES DATA IS MISSING.
T  INDICATES TRACE AMOUNT.




$$
