000
CDUS45 KPIH 280737
CLILLJ


CLIMATE REPORT
NATIONAL WEATHER SERVICE POCATELLO ID
134 AM MDT SUN AUG 28 2016


...................................

...THE CHALLIS ID CLIMATE SUMMARY FOR AUGUST 27 2016...

CLIMATE NORMAL PERIOD 1981 TO 2010
CLIMATE RECORD PERIOD 1898 TO 2016


WEATHER ITEM   OBSERVED TIME   RECORD YEAR NORMAL DEPARTURE LAST
                VALUE   (LST)  VALUE       VALUE  FROM      YEAR
                                                  NORMAL
..................................................................
TEMPERATURE (F)
 YESTERDAY
  MAXIMUM         85    320 PM  95    2001  81      4       86
  MINIMUM         44    617 AM  33    1954  45     -1       51
  AVERAGE         65                        63      2       69

PRECIPITATION (IN)
  YESTERDAY        0.00          0.40 1932   0.03  -0.03     0.00
  MONTH TO DATE    0.18                      0.68  -0.50     0.46
  SINCE OCT 1      5.82                      9.21  -3.39     5.74
  SINCE JAN 1      3.48                      7.28  -3.80     3.95

SNOWFALL (IN)
  YESTERDAY       MM
  MONTH TO DATE   MM
  SINCE JUN 1     MM
  SINCE JUL 1     MM
  SNOW DEPTH      MM

DEGREE DAYS
 HEATING
  YESTERDAY        0                         3     -3        0
  MONTH TO DATE   34                        36     -2       27
  SINCE JUN 1    135                       222    -87      107
  SINCE JUL 1     62                        57      5       60

 COOLING
  YESTERDAY        0                         1     -1        4
  MONTH TO DATE   66                        81    -15       93
  SINCE JUN 1    258                       235     23      292
  SINCE JAN 1    258                       237     21      295
..................................................................


WIND (MPH)
  HIGHEST WIND SPEED    21   HIGHEST WIND DIRECTION     W (250)
  HIGHEST GUST SPEED    27   HIGHEST GUST DIRECTION    SW (240)
  AVERAGE WIND SPEED     4.9


SKY COVER
  POSSIBLE SUNSHINE  MM
  AVERAGE SKY COVER 0.3


WEATHER CONDITIONS
 THE FOLLOWING WEATHER WAS RECORDED YESTERDAY.
  HAZE


RELATIVE HUMIDITY (PERCENT)
 HIGHEST    49           600 AM
 LOWEST     10           200 PM
 AVERAGE    30

..........................................................


THE CHALLIS ID CLIMATE NORMALS FOR TODAY
                         NORMAL    RECORD    YEAR
 MAXIMUM TEMPERATURE (F)   81        94      2012
 MINIMUM TEMPERATURE (F)   44        30      1927


SUNRISE AND SUNSET
AUGUST 28 2016........SUNRISE   655 AM MDT   SUNSET   819 PM MDT
AUGUST 29 2016........SUNRISE   657 AM MDT   SUNSET   818 PM MDT


-  INDICATES NEGATIVE NUMBERS.
R  INDICATES RECORD WAS SET OR TIED.
MM INDICATES DATA IS MISSING.
T  INDICATES TRACE AMOUNT.




$$
