239
CDUS45 KPIH 130809
CLILLJ


CLIMATE REPORT
NATIONAL WEATHER SERVICE POCATELLO ID
104 AM MST SAT FEB 13 2016


...................................

...THE CHALLIS ID CLIMATE SUMMARY FOR FEBRUARY 12 2016...

CLIMATE NORMAL PERIOD 1981 TO 2010
CLIMATE RECORD PERIOD 1898 TO 2016


WEATHER ITEM   OBSERVED TIME   RECORD YEAR NORMAL DEPARTURE LAST
                VALUE   (LST)  VALUE       VALUE  FROM      YEAR
                                                  NORMAL
..................................................................
TEMPERATURE (F)
 YESTERDAY
  MAXIMUM         38    417 PM  54    1977  34      4       52
  MINIMUM         16    827 AM -14    1895  13      3       29
  AVERAGE         27                        24      3       41

PRECIPITATION (IN)
  YESTERDAY        0.00          0.21 1952   0.02  -0.02     0.00
  MONTH TO DATE    T                         0.27  -0.27     0.45
  SINCE OCT 1      2.90                      2.71   0.19     2.36
  SINCE JAN 1      0.56                      0.78  -0.22     0.57

SNOWFALL (IN)
  YESTERDAY       MM
  MONTH TO DATE   MM
  SINCE DEC 1     MM
  SINCE JUL 1     MM
  SNOW DEPTH      MM

DEGREE DAYS
 HEATING
  YESTERDAY       38                        41     -3       24
  MONTH TO DATE  584                       514     70      323
  SINCE DEC 1   3556                      3393    163     2794
  SINCE JUL 1   5422                      5436    -14     4628

 COOLING
  YESTERDAY        0                         0      0        0
  MONTH TO DATE    0                         0      0        0
  SINCE DEC 1      0                         0      0        0
  SINCE JAN 1      0                         0      0        0
..................................................................


WIND (MPH)
  HIGHEST WIND SPEED     6   HIGHEST WIND DIRECTION     S (170)
  HIGHEST GUST SPEED     7   HIGHEST GUST DIRECTION    SW (220)
  AVERAGE WIND SPEED     0.6


SKY COVER
  POSSIBLE SUNSHINE  MM
  AVERAGE SKY COVER 0.4


WEATHER CONDITIONS
 THE FOLLOWING WEATHER WAS RECORDED YESTERDAY.
  FOG
  FOG W/VISIBILITY <= 1/4 MILE


RELATIVE HUMIDITY (PERCENT)
 HIGHEST   100           900 AM
 LOWEST     64           300 PM
 AVERAGE    82

..........................................................


THE CHALLIS ID CLIMATE NORMALS FOR TODAY
                         NORMAL    RECORD    YEAR
 MAXIMUM TEMPERATURE (F)   35        55      1921
 MINIMUM TEMPERATURE (F)   13       -17      1949


SUNRISE AND SUNSET
FEBRUARY 13 2016......SUNRISE   740 AM MST   SUNSET   602 PM MST
FEBRUARY 14 2016......SUNRISE   739 AM MST   SUNSET   604 PM MST


-  INDICATES NEGATIVE NUMBERS.
R  INDICATES RECORD WAS SET OR TIED.
MM INDICATES DATA IS MISSING.
T  INDICATES TRACE AMOUNT.




$$
