000
CDUS45 KPIH 050733
CLILLJ


CLIMATE REPORT
NATIONAL WEATHER SERVICE POCATELLO ID
132 AM MDT WED AUG 5 2015


...................................

...THE CHALLIS ID CLIMATE SUMMARY FOR AUGUST 4 2015...

CLIMATE NORMAL PERIOD 1981 TO 2010
CLIMATE RECORD PERIOD 1898 TO 2015


WEATHER ITEM   OBSERVED TIME   RECORD YEAR NORMAL DEPARTURE LAST
                VALUE   (LST)  VALUE       VALUE  FROM      YEAR
                                                  NORMAL
..................................................................
TEMPERATURE (F)
 YESTERDAY
  MAXIMUM         88    417 PM 103    1961  88      0       80
  MINIMUM         54    445 AM  40    1980  51      3       56
  AVERAGE         71                        69      2       68

PRECIPITATION (IN)
  YESTERDAY        0.00          0.35 1950   0.02  -0.02     0.00
  MONTH TO DATE    0.00                      0.10  -0.10     0.08
  SINCE OCT 1      5.28                      8.63  -3.35     3.93
  SINCE JAN 1      3.49                      6.70  -3.21     3.20

SNOWFALL (IN)
  YESTERDAY       MM
  MONTH TO DATE   MM
  SINCE JUN 1     MM
  SINCE JUL 1     MM
  SNOW DEPTH      MM

DEGREE DAYS
 HEATING
  YESTERDAY        0                         0      0        0
  MONTH TO DATE    0                         0      0        0
  SINCE JUN 1     80                       186   -106      167
  SINCE JUL 1     33                        21     12        1

 COOLING
  YESTERDAY        6                         5      1        3
  MONTH TO DATE   29                        20      9       21
  SINCE JUN 1    228                       174     54      256
  SINCE JAN 1    231                       176     55      256
..................................................................


WIND (MPH)
  HIGHEST WIND SPEED    23   HIGHEST WIND DIRECTION    SW (220)
  HIGHEST GUST SPEED    31   HIGHEST GUST DIRECTION    SW (230)
  AVERAGE WIND SPEED     6.8


SKY COVER
  POSSIBLE SUNSHINE  MM
  AVERAGE SKY COVER 0.1


WEATHER CONDITIONS
 THE FOLLOWING WEATHER WAS RECORDED YESTERDAY.
  NO SIGNIFICANT WEATHER WAS OBSERVED.


RELATIVE HUMIDITY (PERCENT)
 HIGHEST    66           500 AM
 LOWEST     12           200 PM
 AVERAGE    39

..........................................................


THE CHALLIS ID CLIMATE NORMALS FOR TODAY
                         NORMAL    RECORD    YEAR
 MAXIMUM TEMPERATURE (F)   88       101      1961
 MINIMUM TEMPERATURE (F)   50        39      1962


SUNRISE AND SUNSET
AUGUST  5 2015........SUNRISE   628 AM MDT   SUNSET   857 PM MDT
AUGUST  6 2015........SUNRISE   629 AM MDT   SUNSET   856 PM MDT


-  INDICATES NEGATIVE NUMBERS.
R  INDICATES RECORD WAS SET OR TIED.
MM INDICATES DATA IS MISSING.
T  INDICATES TRACE AMOUNT.




$$
