000
CDUS45 KPIH 240729
CLILLJ


CLIMATE REPORT
NATIONAL WEATHER SERVICE POCATELLO ID
129 AM MDT SUN JUL 24 2016


...................................

...THE CHALLIS ID CLIMATE SUMMARY FOR JULY 23 2016...

CLIMATE NORMAL PERIOD 1981 TO 2010
CLIMATE RECORD PERIOD 1898 TO 2016


WEATHER ITEM   OBSERVED TIME   RECORD YEAR NORMAL DEPARTURE LAST
                VALUE   (LST)  VALUE       VALUE  FROM      YEAR
                                                  NORMAL
..................................................................
TEMPERATURE (F)
 YESTERDAY
  MAXIMUM         87    304 PM 101    1959  88     -1       80
  MINIMUM         51    528 AM  40    1987  52     -1       55
  AVERAGE         69                        70     -1       68

PRECIPITATION (IN)
  YESTERDAY        0.00          0.58 1984   0.02  -0.02     0.15
  MONTH TO DATE    0.01                      0.61  -0.60     0.68
  SINCE OCT 1      5.63                      8.31  -2.68     4.98
  SINCE JAN 1      3.29                      6.38  -3.09     3.19

SNOWFALL (IN)
  YESTERDAY       MM
  MONTH TO DATE   MM
  SINCE JUN 1     MM
  SINCE JUL 1     MM
  SNOW DEPTH      MM

DEGREE DAYS
 HEATING
  YESTERDAY        0                         0      0        0
  MONTH TO DATE   28                        18     10       11
  SINCE JUN 1    101                       183    -82       58
  SINCE JUL 1     28                        18     10       11

 COOLING
  YESTERDAY        4                         5     -1        3
  MONTH TO DATE   70                        90    -20       75
  SINCE JUN 1    135                       112     23      184
  SINCE JAN 1    135                       114     21      187
..................................................................


WIND (MPH)
  HIGHEST WIND SPEED    18   HIGHEST WIND DIRECTION    NW (310)
  HIGHEST GUST SPEED    23   HIGHEST GUST DIRECTION     N (340)
  AVERAGE WIND SPEED     5.7


SKY COVER
  POSSIBLE SUNSHINE  MM
  AVERAGE SKY COVER 0.0


WEATHER CONDITIONS
 THE FOLLOWING WEATHER WAS RECORDED YESTERDAY.
  NO SIGNIFICANT WEATHER WAS OBSERVED.


RELATIVE HUMIDITY (PERCENT)
 HIGHEST    63           500 AM
 LOWEST     10           300 PM
 AVERAGE    37

..........................................................


THE CHALLIS ID CLIMATE NORMALS FOR TODAY
                         NORMAL    RECORD    YEAR
 MAXIMUM TEMPERATURE (F)   88        98      1929
 MINIMUM TEMPERATURE (F)   52        40      1900


SUNRISE AND SUNSET
JULY 24 2016..........SUNRISE   616 AM MDT   SUNSET   911 PM MDT
JULY 25 2016..........SUNRISE   617 AM MDT   SUNSET   910 PM MDT


-  INDICATES NEGATIVE NUMBERS.
R  INDICATES RECORD WAS SET OR TIED.
MM INDICATES DATA IS MISSING.
T  INDICATES TRACE AMOUNT.




$$
