000
CDUS46 KMFR 240836
CLILMT


CLIMATE REPORT
NATIONAL WEATHER SERVICE MEDFORD, OR
136 AM PDT SAT JUN 24 2017


...................................

...THE KLAMATH FALLS OR CLIMATE SUMMARY FOR JUNE 23 2017...

CLIMATE NORMAL PERIOD 1981 TO 2010
CLIMATE RECORD PERIOD 1928 TO 2017


WEATHER ITEM   OBSERVED TIME   RECORD YEAR NORMAL DEPARTURE LAST
                VALUE   (LST)  VALUE       VALUE  FROM      YEAR
                                                  NORMAL
..................................................................
TEMPERATURE (F)
 YESTERDAY
  MAXIMUM         90    424 PM  96    1992  77     13       75
  MINIMUM         49    451 AM  32    1993  44      5       44
  AVERAGE         70                        60     10       60

PRECIPITATION (IN)
  YESTERDAY        0.00          0.91 1958   0.05  -0.05     0.00
  MONTH TO DATE    0.22                      0.71  -0.49     0.82
  SINCE OCT 1     11.19                     13.19  -2.00    11.22
  SINCE JAN 1      6.44                      8.50  -2.06     6.69

SNOWFALL (IN)
  YESTERDAY       MM                        MM     MM       MM
  MONTH TO DATE   MM                        MM     MM       MM
  SINCE JUL 1     MM                        MM     MM       MM
  SNOW DEPTH      MM

DEGREE DAYS
 HEATING
  YESTERDAY        0                         5     -5        5
  MONTH TO DATE  162                       186    -24      156
  SINCE JUN 1    162                       186    -24      156
  SINCE JUL 1   6739                      6942   -203     6240

 COOLING
  YESTERDAY        5                         1      4        0
  MONTH TO DATE   38                         1     37       33
  SINCE JUN 1     38                         1     37       33
  SINCE JAN 1     41                         2     39       33
..................................................................


WIND (MPH)
  HIGHEST WIND SPEED    15   HIGHEST WIND DIRECTION    NW (330)
  HIGHEST GUST SPEED    17   HIGHEST GUST DIRECTION    NW (330)
  AVERAGE WIND SPEED     7.7


SKY COVER
  POSSIBLE SUNSHINE  MM
  AVERAGE SKY COVER 0.0


WEATHER CONDITIONS
 THE FOLLOWING WEATHER WAS RECORDED YESTERDAY.
  NO SIGNIFICANT WEATHER WAS OBSERVED.


RELATIVE HUMIDITY (PERCENT)
 HIGHEST    61           500 AM
 LOWEST     14           500 PM

..........................................................


THE KLAMATH FALLS OR CLIMATE NORMALS FOR TODAY
                         NORMAL    RECORD    YEAR
 MAXIMUM TEMPERATURE (F)   77        94      2006
 MINIMUM TEMPERATURE (F)   44        32      2012


SUNRISE AND SUNSET
JUNE 24 2017..........SUNRISE   532 AM PDT   SUNSET   847 PM PDT
JUNE 25 2017..........SUNRISE   532 AM PDT   SUNSET   847 PM PDT


-  INDICATES NEGATIVE NUMBERS.
R  INDICATES RECORD WAS SET OR TIED.
MM INDICATES DATA IS MISSING.
T  INDICATES TRACE AMOUNT.




$$
