000
CDUS46 KMFR 010037
CLILMT


CLIMATE REPORT
NATIONAL WEATHER SERVICE MEDFORD, OR
537 PM PDT TUE JUN 30 2015


...................................

...THE KLAMATH FALLS OR CLIMATE SUMMARY FOR JUNE 30 2015...
VALID TODAY AS OF 0500 PM LOCAL TIME.

CLIMATE NORMAL PERIOD 1981 TO 2010
CLIMATE RECORD PERIOD 1928 TO 2015


WEATHER ITEM   OBSERVED TIME   RECORD YEAR NORMAL DEPARTURE LAST
                VALUE   (LST)  VALUE       VALUE  FROM      YEAR
                                                  NORMAL
..................................................................
TEMPERATURE (F)
 TODAY
  MAXIMUM         95    359 PM  96    2013  79     16       89
  MINIMUM         53    446 AM  30    1961  46      7       47
  AVERAGE         74                        63     11       68

PRECIPITATION (IN)
  TODAY            0.00          0.20 1992   0.05  -0.05     0.00
  MONTH TO DATE    0.36                      1.04  -0.68     0.39
  SINCE OCT 1     11.88                     13.52  -1.64     7.13
  SINCE JAN 1      5.42                      8.83  -3.41     6.50

SNOWFALL (IN)
  TODAY           MM                        MM     MM       MM
  MONTH TO DATE   MM                        MM     MM       MM
  SINCE JUL 1     MM                        MM     MM        0.0
  SNOW DEPTH      MM

DEGREE DAYS
 HEATING
  TODAY            0                         4     -4        0
  MONTH TO DATE   52                       216   -164      175
  SINCE JUN 1     52                       217   -165      175
  SINCE JUL 1   5301                      6973  -1672     6624

 COOLING
  TODAY            9                         1      8        3
  MONTH TO DATE   91                        11     80        7
  SINCE JUN 1     91                        11     80        7
  SINCE JAN 1     94                        12     82        7
..................................................................


WIND (MPH)
  HIGHEST WIND SPEED    10   HIGHEST WIND DIRECTION    NW (330)
  HIGHEST GUST SPEED    13   HIGHEST GUST DIRECTION     N (340)
  AVERAGE WIND SPEED     3.5


SKY COVER
  POSSIBLE SUNSHINE  MM
  AVERAGE SKY COVER 0.0


WEATHER CONDITIONS
 THE FOLLOWING WEATHER WAS RECORDED TODAY.
  NO SIGNIFICANT WEATHER WAS OBSERVED.


RELATIVE HUMIDITY (PERCENT)
 HIGHEST    86           400 AM
 LOWEST      9           400 PM

..........................................................


THE KLAMATH FALLS OR CLIMATE NORMALS FOR TOMORROW
                         NORMAL    RECORD    YEAR
 MAXIMUM TEMPERATURE (F)   80        97      2014
 MINIMUM TEMPERATURE (F)   46        30      1976


SUNRISE AND SUNSET
JUNE 30 2015..........SUNRISE   534 AM PDT   SUNSET   847 PM PDT
JULY  1 2015..........SUNRISE   535 AM PDT   SUNSET   847 PM PDT


-  INDICATES NEGATIVE NUMBERS.
R  INDICATES RECORD WAS SET OR TIED.
MM INDICATES DATA IS MISSING.
T  INDICATES TRACE AMOUNT.




$$
