000
CDUS46 KMFR 270900
CLILMT


CLIMATE REPORT
NATIONAL WEATHER SERVICE MEDFORD, OR
135 AM PDT THU APR 27 2017


...................................

...THE KLAMATH FALLS OR CLIMATE SUMMARY FOR APRIL 26 2017...

CLIMATE NORMAL PERIOD 1981 TO 2010
CLIMATE RECORD PERIOD 1928 TO 2017


WEATHER ITEM   OBSERVED TIME   RECORD YEAR NORMAL DEPARTURE LAST
                VALUE   (LST)  VALUE       VALUE  FROM      YEAR
                                                  NORMAL
..................................................................
TEMPERATURE (F)
 YESTERDAY
  MAXIMUM         53   1213 PM  83    1987  60     -7       54
  MINIMUM         36   1154 PM  18    2016  32      4       18
  AVERAGE         45                        46     -1       36

PRECIPITATION (IN)
  YESTERDAY        0.20          0.60 1932   0.07   0.13     0.00
  MONTH TO DATE    0.84                      1.13  -0.29     0.69
  SINCE OCT 1     10.68                     10.86  -0.18     9.59
  SINCE JAN 1      5.93                      6.17  -0.24     5.06

SNOWFALL (IN)
  YESTERDAY       MM                        MM     MM       MM
  MONTH TO DATE   MM                        MM     MM       MM
  SINCE JUL 1     MM                        MM     MM       MM
  SNOW DEPTH      MM

DEGREE DAYS
 HEATING
  YESTERDAY       20                        19      1       29
  MONTH TO DATE  587                       583      4      423
  SINCE MAR 1   1294                      1404   -110     1150
  SINCE JUL 1   6132                      6245   -113     5640

 COOLING
  YESTERDAY        0                         0      0        0
  MONTH TO DATE    0                         0      0        0
  SINCE MAR 1      0                         0      0        0
  SINCE JAN 1      0                         0      0        0
..................................................................


WIND (MPH)
  HIGHEST WIND SPEED    26   HIGHEST WIND DIRECTION     W (270)
  HIGHEST GUST SPEED    34   HIGHEST GUST DIRECTION     W (280)
  AVERAGE WIND SPEED    13.9


SKY COVER
  POSSIBLE SUNSHINE  MM
  AVERAGE SKY COVER 0.8


WEATHER CONDITIONS
 THE FOLLOWING WEATHER WAS RECORDED YESTERDAY.
  LIGHT RAIN
  FOG


RELATIVE HUMIDITY (PERCENT)
 HIGHEST   100           700 AM
 LOWEST     65           600 PM

..........................................................


THE KLAMATH FALLS OR CLIMATE NORMALS FOR TODAY
                         NORMAL    RECORD    YEAR
 MAXIMUM TEMPERATURE (F)   60        85      1987
 MINIMUM TEMPERATURE (F)   32        19      1955


SUNRISE AND SUNSET
APRIL 27 2017.........SUNRISE   608 AM PDT   SUNSET   802 PM PDT
APRIL 28 2017.........SUNRISE   606 AM PDT   SUNSET   803 PM PDT


-  INDICATES NEGATIVE NUMBERS.
R  INDICATES RECORD WAS SET OR TIED.
MM INDICATES DATA IS MISSING.
T  INDICATES TRACE AMOUNT.




$$
