000
CDUS46 KMFR 240838
CLILMT


CLIMATE REPORT
NATIONAL WEATHER SERVICE MEDFORD, OR
1238 AM PST TUE JAN 24 2017


...................................

...THE KLAMATH FALLS OR CLIMATE SUMMARY FOR JANUARY 23 2017...

CLIMATE NORMAL PERIOD 1981 TO 2010
CLIMATE RECORD PERIOD 1928 TO 2017


WEATHER ITEM   OBSERVED TIME   RECORD YEAR NORMAL DEPARTURE LAST
                VALUE   (LST)  VALUE       VALUE  FROM      YEAR
                                                  NORMAL
..................................................................
TEMPERATURE (F)
 YESTERDAY
  MAXIMUM         35    305 PM  54    2014  40     -5       43
                                      1959
  MINIMUM         10   1006 PM -25    1962  21    -11       34
  AVERAGE         23                        31     -8       39

PRECIPITATION (IN)
  YESTERDAY        0.00          0.82 1970   0.04  -0.04     0.16
  MONTH TO DATE    1.37                      1.55  -0.18     1.79
  SINCE OCT 1      6.12                      6.24  -0.12     6.32
  SINCE JAN 1      1.37                      1.55  -0.18     1.79

SNOWFALL (IN)
  YESTERDAY        0.0                      MM     MM       MM
  MONTH TO DATE    0.0                      MM     MM       MM
  SINCE JUL 1      0.0                      MM     MM       MM
  SNOW DEPTH      MM

DEGREE DAYS
 HEATING
  YESTERDAY       42                        34      8       26
  MONTH TO DATE  945                       809    136      818
  SINCE DEC 1   2063                      1908    155     1916
  SINCE JUL 1   3723                      3710     13     3504

 COOLING
  YESTERDAY        0                         0      0        0
  MONTH TO DATE    0                         0      0        0
  SINCE DEC 1      0                         0      0        0
  SINCE JAN 1      0                         0      0        0
..................................................................


WIND (MPH)
  HIGHEST WIND SPEED    10   HIGHEST WIND DIRECTION    NW (320)
  HIGHEST GUST SPEED    13   HIGHEST GUST DIRECTION     E (90)
  AVERAGE WIND SPEED     3.2


SKY COVER
  POSSIBLE SUNSHINE  MM
  AVERAGE SKY COVER 0.6


WEATHER CONDITIONS
 THE FOLLOWING WEATHER WAS RECORDED YESTERDAY.
  FOG
  FOG W/VISIBILITY <= 1/4 MILE


RELATIVE HUMIDITY (PERCENT)
 HIGHEST   100           400 AM
 LOWEST     72           300 PM

..........................................................


THE KLAMATH FALLS OR CLIMATE NORMALS FOR TODAY
                         NORMAL    RECORD    YEAR
 MAXIMUM TEMPERATURE (F)   40        58      2014
 MINIMUM TEMPERATURE (F)   21        -7      1969


SUNRISE AND SUNSET
JANUARY 24 2017.......SUNRISE   727 AM PST   SUNSET   512 PM PST
JANUARY 25 2017.......SUNRISE   726 AM PST   SUNSET   513 PM PST


-  INDICATES NEGATIVE NUMBERS.
R  INDICATES RECORD WAS SET OR TIED.
MM INDICATES DATA IS MISSING.
T  INDICATES TRACE AMOUNT.




$$
