000
CDUS46 KMFR 210036
CLILMT


CLIMATE REPORT
NATIONAL WEATHER SERVICE MEDFORD, OR
535 PM PDT SUN AUG 20 2017


...................................

...THE KLAMATH FALLS OR CLIMATE SUMMARY FOR AUGUST 20 2017...
VALID TODAY AS OF 0500 PM LOCAL TIME.

CLIMATE NORMAL PERIOD 1981 TO 2010
CLIMATE RECORD PERIOD 1928 TO 2017


WEATHER ITEM   OBSERVED TIME   RECORD YEAR NORMAL DEPARTURE LAST
                VALUE   (LST)  VALUE       VALUE  FROM      YEAR
                                                  NORMAL
..................................................................
TEMPERATURE (F)
 TODAY
  MAXIMUM         86    346 PM  95    2016  83      3       95
  MINIMUM         47    427 AM  34    1974  46      1       51
  AVERAGE         67                        64      3       73

PRECIPITATION (IN)
  TODAY            0.00          1.34 1959   0.01  -0.01     0.00
  MONTH TO DATE    0.27                      0.24   0.03     0.00
  SINCE OCT 1     12.51                     14.24  -1.73    11.64
  SINCE JAN 1      7.76                      9.55  -1.79     7.11

SNOWFALL (IN)
  TODAY           MM                        MM     MM       MM
  MONTH TO DATE   MM                        MM     MM       MM
  SINCE JUL 1     MM                        MM     MM       MM
  SNOW DEPTH      MM

DEGREE DAYS
 HEATING
  TODAY            0                         2     -2        0
  MONTH TO DATE    2                        33    -31       22
  SINCE JUN 1    170                       300   -130      262
  SINCE JUL 1      3                        83    -80       94

 COOLING
  TODAY            2                         2      0        8
  MONTH TO DATE   98                        52     46       79
  SINCE JUN 1    306                       145    161      207
  SINCE JAN 1    309                       146    163      207
..................................................................


WIND (MPH)
  HIGHEST WIND SPEED    14   HIGHEST WIND DIRECTION     N (350)
  HIGHEST GUST SPEED    18   HIGHEST GUST DIRECTION     N (350)
  AVERAGE WIND SPEED     7.1


SKY COVER
  POSSIBLE SUNSHINE  MM
  AVERAGE SKY COVER 0.0


WEATHER CONDITIONS
 THE FOLLOWING WEATHER WAS RECORDED TODAY.
  LIGHT RAIN
  HAZE


RELATIVE HUMIDITY (PERCENT)
 HIGHEST    80           500 AM
 LOWEST     15           300 PM

..........................................................


THE KLAMATH FALLS OR CLIMATE NORMALS FOR TOMORROW
                         NORMAL    RECORD    YEAR
 MAXIMUM TEMPERATURE (F)   82        93      1950
 MINIMUM TEMPERATURE (F)   46        33      2002


SUNRISE AND SUNSET
AUGUST 20 2017........SUNRISE   620 AM PDT   SUNSET   759 PM PDT
AUGUST 21 2017........SUNRISE   621 AM PDT   SUNSET   758 PM PDT


-  INDICATES NEGATIVE NUMBERS.
R  INDICATES RECORD WAS SET OR TIED.
MM INDICATES DATA IS MISSING.
T  INDICATES TRACE AMOUNT.




$$
