000
CDUS46 KMFR 180837
CLILMT


CLIMATE REPORT
NATIONAL WEATHER SERVICE MEDFORD, OR
137 AM PDT THU SEP 18 2014


...................................

...THE KLAMATH FALLS OR CLIMATE SUMMARY FOR SEPTEMBER 17 2014...

CLIMATE NORMAL PERIOD 1981 TO 2010
CLIMATE RECORD PERIOD 1928 TO 2014


WEATHER ITEM   OBSERVED TIME   RECORD YEAR NORMAL DEPARTURE LAST
                VALUE   (LST)  VALUE       VALUE  FROM      YEAR
                                                  NORMAL
..................................................................
TEMPERATURE (F)
 YESTERDAY
  MAXIMUM         82    152 PM  90    1991  76      6       60
  MINIMUM         51    439 AM  27    1965  39     12       40
  AVERAGE         67                        57     10       50

PRECIPITATION (IN)
  YESTERDAY        0.00          0.88 1989   0.02  -0.02     0.04
  MONTH TO DATE    0.00                      0.32  -0.32     0.04
  SINCE SEP 1      0.00                      0.32  -0.32     0.04
  SINCE JAN 1      7.51                     10.06  -2.55     4.83

SNOWFALL (IN)
  YESTERDAY       MM                        MM     MM       MM
  MONTH TO DATE   MM                        MM     MM       MM
  SINCE JUL 1     MM                        MM     MM       MM
  SNOW DEPTH      MM

DEGREE DAYS
 HEATING
  YESTERDAY        0                         8     -8       15
  MONTH TO DATE   47                       104    -57       49
  SINCE SEP 1     47                       104    -57       49
  SINCE JUL 1     95                       223   -128      117

 COOLING
  YESTERDAY        2                         0      2        0
  MONTH TO DATE    2                         9     -7       17
  SINCE SEP 1      2                         9     -7       17
  SINCE JAN 1    323                       168    155      285
..................................................................


WIND (MPH)
  HIGHEST WIND SPEED    32   HIGHEST WIND DIRECTION     S (180)
  HIGHEST GUST SPEED    47   HIGHEST GUST DIRECTION     S (190)
  AVERAGE WIND SPEED    12.7


SKY COVER
  POSSIBLE SUNSHINE  MM
  AVERAGE SKY COVER 0.4


WEATHER CONDITIONS
 THE FOLLOWING WEATHER WAS RECORDED YESTERDAY.
  NO SIGNIFICANT WEATHER WAS OBSERVED.


RELATIVE HUMIDITY (PERCENT)
 HIGHEST    59           200 AM
 LOWEST     15           100 PM

..........................................................


THE KLAMATH FALLS OR CLIMATE NORMALS FOR TODAY
                         NORMAL    RECORD    YEAR
 MAXIMUM TEMPERATURE (F)   75        90      1991
 MINIMUM TEMPERATURE (F)   38        27      1954


SUNRISE AND SUNSET
SEPTEMBER 18 2014.....SUNRISE   650 AM PDT   SUNSET   711 PM PDT
SEPTEMBER 19 2014.....SUNRISE   651 AM PDT   SUNSET   709 PM PDT


-  INDICATES NEGATIVE NUMBERS.
R  INDICATES RECORD WAS SET OR TIED.
MM INDICATES DATA IS MISSING.
T  INDICATES TRACE AMOUNT.




$$
