000
CDUS45 KRIW 050735
CLILND


CLIMATE REPORT
NATIONAL WEATHER SERVICE RIVERTON WY
134 AM MDT SAT SEP 5 2015


...................................

...THE LANDER WY CLIMATE SUMMARY FOR SEPTEMBER 4 2015...

CLIMATE NORMAL PERIOD 1981 TO 2010
CLIMATE RECORD PERIOD 1891 TO 2015


WEATHER ITEM   OBSERVED TIME   RECORD YEAR NORMAL DEPARTURE LAST
                VALUE   (LST)  VALUE       VALUE  FROM      YEAR
                                                  NORMAL
..................................................................
TEMPERATURE (F)
 YESTERDAY
  MAXIMUM         87    254 PM  94    1995  79      8       68
  MINIMUM         53    616 AM  30    1894  49      4       49
  AVERAGE         70                        64      6       59

PRECIPITATION (IN)
  YESTERDAY        T             0.18 2008   0.02  -0.02      T
  MONTH TO DATE    T                         0.08  -0.08      T
  SINCE SEP 1      T                         0.08  -0.08      T
  SINCE JAN 1     12.40                      8.96   3.44     7.02

SNOWFALL (IN)
  YESTERDAY        0.0                       0.0    0.0      0.0
  MONTH TO DATE    0.0                       0.1   -0.1      0.0
  SINCE SEP 1      0.0                       0.1   -0.1      0.0
  SINCE JUL 1      0.0                       0.1   -0.1      0.0
  SNOW DEPTH       0

DEGREE DAYS
 HEATING
  YESTERDAY        0                         3     -3        6
  MONTH TO DATE    0                        11    -11       11
  SINCE SEP 1      0                        11    -11       11
  SINCE JUL 1     40                        51    -11       55

 COOLING
  YESTERDAY        5                         2      3        0
  MONTH TO DATE   36                         9     27        5
  SINCE SEP 1     36                         9     27        5
  SINCE JAN 1    471                       454     17      411
..................................................................


WIND (MPH)
  HIGHEST WIND SPEED    43   HIGHEST WIND DIRECTION     W (250)
  HIGHEST GUST SPEED    57   HIGHEST GUST DIRECTION     W (250)
  AVERAGE WIND SPEED    11.2


SKY COVER
  POSSIBLE SUNSHINE  MM
  AVERAGE SKY COVER 0.0


WEATHER CONDITIONS
 THE FOLLOWING WEATHER WAS RECORDED YESTERDAY.
  LIGHT RAIN


RELATIVE HUMIDITY (PERCENT)
 HIGHEST    50           600 AM
 LOWEST     13           100 PM
 AVERAGE    32

..........................................................


THE LANDER WY CLIMATE NORMALS FOR TODAY
                         NORMAL    RECORD    YEAR
 MAXIMUM TEMPERATURE (F)   78        95      2013
 MINIMUM TEMPERATURE (F)   49        31      1910


SUNRISE AND SUNSET
SEPTEMBER  5 2015.....SUNRISE   644 AM MDT   SUNSET   743 PM MDT
SEPTEMBER  6 2015.....SUNRISE   645 AM MDT   SUNSET   741 PM MDT


-  INDICATES NEGATIVE NUMBERS.
R  INDICATES RECORD WAS SET OR TIED.
MM INDICATES DATA IS MISSING.
T  INDICATES TRACE AMOUNT.




$$
