000
CDUS45 KRIW 050746
CLILND


CLIMATE REPORT
NATIONAL WEATHER SERVICE RIVERTON WY
141 AM MDT SUN JUL 5 2015


...................................

...THE LANDER WY CLIMATE SUMMARY FOR JULY 4 2015...

CLIMATE NORMAL PERIOD 1981 TO 2010
CLIMATE RECORD PERIOD 1891 TO 2015


WEATHER ITEM   OBSERVED TIME   RECORD YEAR NORMAL DEPARTURE LAST
                VALUE   (LST)  VALUE       VALUE  FROM      YEAR
                                                  NORMAL
..................................................................
TEMPERATURE (F)
 YESTERDAY
  MAXIMUM         95    343 PM  98    1989  85     10       94
  MINIMUM         59    504 AM  34    1903  54      5       57
  AVERAGE         77                        69      8       76

PRECIPITATION (IN)
  YESTERDAY        0.00          0.40 1904   0.02  -0.02     0.00
  MONTH TO DATE    T                         0.07  -0.07      T
  SINCE JUN 1      0.80                      1.34  -0.54     0.60
  SINCE JAN 1     11.32                      7.56   3.76     4.79

SNOWFALL (IN)
  YESTERDAY        0.0                       0.0    0.0      0.0
  MONTH TO DATE    0.0                       0.0    0.0      0.0
  SINCE JUN 1      0.0                       0.1   -0.1      0.0
  SINCE JUL 1      0.0                       0.0    0.0      0.0
  SNOW DEPTH       0

DEGREE DAYS
 HEATING
  YESTERDAY        0                         1     -1        0
  MONTH TO DATE    0                         4     -4        3
  SINCE JUN 1     31                       130    -99      139
  SINCE JUL 1      0                         4     -4        3

 COOLING
  YESTERDAY       12                         5      7       11
  MONTH TO DATE   41                        20     21       21
  SINCE JUN 1    151                        84     67       44
  SINCE JAN 1    151                        89     62       62
..................................................................


WIND (MPH)
  HIGHEST WIND SPEED    14   HIGHEST WIND DIRECTION     W (260)
  HIGHEST GUST SPEED    17   HIGHEST GUST DIRECTION     E (90)
  AVERAGE WIND SPEED     5.7


SKY COVER
  POSSIBLE SUNSHINE  MM
  AVERAGE SKY COVER 0.0


WEATHER CONDITIONS
 THE FOLLOWING WEATHER WAS RECORDED YESTERDAY.
  HAZE


RELATIVE HUMIDITY (PERCENT)
 HIGHEST    63           700 AM
 LOWEST     17           500 PM
 AVERAGE    40

..........................................................


THE LANDER WY CLIMATE NORMALS FOR TODAY
                         NORMAL    RECORD    YEAR
 MAXIMUM TEMPERATURE (F)   85        98      2001
 MINIMUM TEMPERATURE (F)   54        37      1901


SUNRISE AND SUNSET
JULY  5 2015..........SUNRISE   542 AM MDT   SUNSET   856 PM MDT
JULY  6 2015..........SUNRISE   543 AM MDT   SUNSET   856 PM MDT


-  INDICATES NEGATIVE NUMBERS.
R  INDICATES RECORD WAS SET OR TIED.
MM INDICATES DATA IS MISSING.
T  INDICATES TRACE AMOUNT.




$$
