000
CDUS45 KRIW 210035
CLILND


CLIMATE REPORT
NATIONAL WEATHER SERVICE RIVERTON WY
533 PM MST THU NOV 20 2014


...................................

...THE LANDER WY CLIMATE SUMMARY FOR NOVEMBER 20 2014...
VALID TODAY AS OF 0500 PM LOCAL TIME.

CLIMATE NORMAL PERIOD 1981 TO 2010
CLIMATE RECORD PERIOD 1891 TO 2014


WEATHER ITEM   OBSERVED TIME   RECORD YEAR NORMAL DEPARTURE LAST
                VALUE   (LST)  VALUE       VALUE  FROM      YEAR
                                                  NORMAL
..................................................................
TEMPERATURE (F)
 TODAY
  MAXIMUM         31        MM  62    1962  40     -9       55
  MINIMUM         12        MM -15    1929  17     -5       16
  AVERAGE         22                        29     -7       36

PRECIPITATION (IN)
  TODAY            0.00          0.70 1945   0.03  -0.03     0.06
  MONTH TO DATE    0.55                      0.61  -0.06     0.06
  SINCE SEP 1      2.84                      2.95  -0.11     6.92
  SINCE JAN 1      9.86                     11.83  -1.97    14.78

SNOWFALL (IN)
  TODAY            0.0                       0.5   -0.5      1.0
  MONTH TO DATE    8.5                       8.7   -0.2      1.0
  SINCE SEP 1      8.5                      21.2  -12.7     27.0
  SINCE JUL 1      8.5                      21.2  -12.7     27.0
  SNOW DEPTH      MM

DEGREE DAYS
 HEATING
  TODAY           43                        36      7       29
  MONTH TO DATE  773                       620    153      544
  SINCE SEP 1   1351                      1441    -90     1489
  SINCE JUL 1   1395                      1481    -86     1489

 COOLING
  TODAY            0                         0      0        0
  MONTH TO DATE    0                         0      0        0
  SINCE SEP 1     39                        27     12       65
  SINCE JAN 1    445                       472    -27      743
..................................................................


WIND (MPH)
  HIGHEST WIND SPEED     9   HIGHEST WIND DIRECTION    NW (320)
  HIGHEST GUST SPEED    MM   HIGHEST GUST DIRECTION    MM
  AVERAGE WIND SPEED     3.4


SKY COVER
  POSSIBLE SUNSHINE  MM
  AVERAGE SKY COVER 0.3


WEATHER CONDITIONS
 THE FOLLOWING WEATHER WAS RECORDED TODAY.
  FOG
  HAZE


RELATIVE HUMIDITY (PERCENT)
 HIGHEST    88           700 AM
 LOWEST     63           100 PM
 AVERAGE    76

..........................................................


THE LANDER WY CLIMATE NORMALS FOR TOMORROW
                         NORMAL    RECORD    YEAR
 MAXIMUM TEMPERATURE (F)   39        63      2012
 MINIMUM TEMPERATURE (F)   17       -14      1977
                                             1929


SUNRISE AND SUNSET
NOVEMBER 20 2014......SUNRISE   713 AM MST   SUNSET   448 PM MST
NOVEMBER 21 2014......SUNRISE   714 AM MST   SUNSET   447 PM MST


-  INDICATES NEGATIVE NUMBERS.
R  INDICATES RECORD WAS SET OR TIED.
MM INDICATES DATA IS MISSING.
T  INDICATES TRACE AMOUNT.




$$
