000
CDUS45 KRIW 010049
CLILND


CLIMATE REPORT
NATIONAL WEATHER SERVICE RIVERTON WY
641 PM MDT FRI OCT 31 2014


...................................

...THE LANDER WY CLIMATE SUMMARY FOR OCTOBER 31 2014...
VALID TODAY AS OF 0500 PM LOCAL TIME.

CLIMATE NORMAL PERIOD 1981 TO 2010
CLIMATE RECORD PERIOD 1891 TO 2014


WEATHER ITEM   OBSERVED TIME   RECORD YEAR NORMAL DEPARTURE LAST
                VALUE   (LST)  VALUE       VALUE  FROM      YEAR
                                                  NORMAL
..................................................................
TEMPERATURE (F)
 TODAY
  MAXIMUM         61        MM  70    1999  52      9       51
  MINIMUM         34        MM  -3    1991  27      7       24
                                      1923
  AVERAGE         48                        40      8       38

PRECIPITATION (IN)
  TODAY            0.00          0.91 1920   0.04  -0.04     0.00
  MONTH TO DATE    0.50                      1.29  -0.79     3.08
  SINCE SEP 1      2.29                      2.34  -0.05     6.86
  SINCE JAN 1      9.31                     11.22  -1.91    14.72

SNOWFALL (IN)
  TODAY            0.0                       0.4   -0.4      0.0
  MONTH TO DATE    T                         9.8   -9.8     21.9
  SINCE SEP 1      T                        12.5  -12.5     26.0
  SINCE JUL 1      T                        12.5  -12.5     26.0
  SNOW DEPTH       0

DEGREE DAYS
 HEATING
  TODAY           17                        25     -8       27
  MONTH TO DATE  425                       601   -176      753
  SINCE SEP 1    578                       821   -243      945
  SINCE JUL 1    622                       861   -239      945

 COOLING
  TODAY            0                         0      0        0
  MONTH TO DATE    0                         0      0        0
  SINCE SEP 1     39                        27     12       65
  SINCE JAN 1    445                       472    -27      743
..................................................................


WIND (MPH)
  HIGHEST WIND SPEED     5   HIGHEST WIND DIRECTION     N (20)
  HIGHEST GUST SPEED    MM   HIGHEST GUST DIRECTION    MM
  AVERAGE WIND SPEED     1.6


SKY COVER
  POSSIBLE SUNSHINE  MM
  AVERAGE SKY COVER 0.0


WEATHER CONDITIONS
 THE FOLLOWING WEATHER WAS RECORDED TODAY.
  NO SIGNIFICANT WEATHER WAS OBSERVED.


RELATIVE HUMIDITY (PERCENT)
 HIGHEST    70           400 AM
 LOWEST     27           400 PM
 AVERAGE    49

..........................................................


THE LANDER WY CLIMATE NORMALS FOR TOMORROW
                         NORMAL    RECORD    YEAR
 MAXIMUM TEMPERATURE (F)   52        71      1914
 MINIMUM TEMPERATURE (F)   27        -6      1923


SUNRISE AND SUNSET
OCTOBER 31 2014.......SUNRISE   748 AM MDT   SUNSET   609 PM MDT
NOVEMBER  1 2014......SUNRISE   749 AM MDT   SUNSET   607 PM MDT


-  INDICATES NEGATIVE NUMBERS.
R  INDICATES RECORD WAS SET OR TIED.
MM INDICATES DATA IS MISSING.
T  INDICATES TRACE AMOUNT.




$$
