000
CDUS45 KRIW 270739
CLILND


CLIMATE REPORT
NATIONAL WEATHER SERVICE RIVERTON WY
1239 AM MST TUE JAN 27 2015


...................................

...THE LANDER WY CLIMATE SUMMARY FOR JANUARY 26 2015...

CLIMATE NORMAL PERIOD 1981 TO 2010
CLIMATE RECORD PERIOD 1891 TO 2015


WEATHER ITEM   OBSERVED TIME   RECORD YEAR NORMAL DEPARTURE LAST
                VALUE   (LST)  VALUE       VALUE  FROM      YEAR
                                                  NORMAL
..................................................................
TEMPERATURE (F)
 YESTERDAY
  MAXIMUM         44    331 PM  57    1982  33     11       42
                                      1920
  MINIMUM         26   1100 PM -30    1902  11     15       18
  AVERAGE         35                        22     13       30

PRECIPITATION (IN)
  YESTERDAY        0.00          0.30 1994   0.02  -0.02     0.01
  MONTH TO DATE    T                         0.35  -0.35     0.61
  SINCE DEC 1      1.82                      0.93   0.89     1.30
  SINCE JAN 1      T                         0.35  -0.35     0.61

SNOWFALL (IN)
  YESTERDAY        0.0                       0.3   -0.3      0.2
  MONTH TO DATE    0.3                       6.4   -6.1      8.9
  SINCE DEC 1     21.4                      16.5    4.9     22.0
  SINCE JUL 1     30.3                      42.1  -11.8     51.5
  SNOW DEPTH       T

DEGREE DAYS
 HEATING
  YESTERDAY       30                        43    -13       35
  MONTH TO DATE 1156                      1127     29     1033
  SINCE DEC 1   2442                      2500    -58     2418
  SINCE JUL 1   3983                      4373   -390     4306

 COOLING
  YESTERDAY        0                         0      0        0
  MONTH TO DATE    0                         0      0        0
  SINCE DEC 1      0                         0      0        0
  SINCE JAN 1      0                         0      0        0
..................................................................


WIND (MPH)
  HIGHEST WIND SPEED    10   HIGHEST WIND DIRECTION     W (260)
  HIGHEST GUST SPEED    11   HIGHEST GUST DIRECTION     W (250)
  AVERAGE WIND SPEED     3.0


SKY COVER
  POSSIBLE SUNSHINE  MM
  AVERAGE SKY COVER 0.0


WEATHER CONDITIONS
 THE FOLLOWING WEATHER WAS RECORDED YESTERDAY.
  NO SIGNIFICANT WEATHER WAS OBSERVED.


RELATIVE HUMIDITY (PERCENT)
 HIGHEST    78          1000 PM
 LOWEST     53           100 PM
 AVERAGE    66

..........................................................


THE LANDER WY CLIMATE NORMALS FOR TODAY
                         NORMAL    RECORD    YEAR
 MAXIMUM TEMPERATURE (F)   33        56      2003
 MINIMUM TEMPERATURE (F)   11       -25      1902


SUNRISE AND SUNSET
JANUARY 27 2015.......SUNRISE   735 AM MST   SUNSET   521 PM MST
JANUARY 28 2015.......SUNRISE   734 AM MST   SUNSET   523 PM MST


-  INDICATES NEGATIVE NUMBERS.
R  INDICATES RECORD WAS SET OR TIED.
MM INDICATES DATA IS MISSING.
T  INDICATES TRACE AMOUNT.




$$
