000
CDUS45 KRIW 230741
CLILND


CLIMATE REPORT
NATIONAL WEATHER SERVICE RIVERTON WY
138 AM MDT THU OCT 23 2014


...................................

...THE LANDER WY CLIMATE SUMMARY FOR OCTOBER 22 2014...

CLIMATE NORMAL PERIOD 1981 TO 2010
CLIMATE RECORD PERIOD 1891 TO 2014


WEATHER ITEM   OBSERVED TIME   RECORD YEAR NORMAL DEPARTURE LAST
                VALUE   (LST)  VALUE       VALUE  FROM      YEAR
                                                  NORMAL
..................................................................
TEMPERATURE (F)
 YESTERDAY
  MAXIMUM         59    341 PM  75    2003  56      3       64
                                      1954
  MINIMUM         31    653 AM  11    1936  31      0       35
  AVERAGE         45                        43      2       50

PRECIPITATION (IN)
  YESTERDAY        0.00          1.04 1947   0.04  -0.04     0.00
  MONTH TO DATE    0.50                      0.96  -0.46     2.28
  SINCE SEP 1      2.29                      2.01   0.28     6.06
  SINCE JAN 1      9.31                     10.89  -1.58    13.92

SNOWFALL (IN)
  YESTERDAY        0.0                       0.4   -0.4      0.0
  MONTH TO DATE    T                         6.5   -6.5     14.9
  SINCE SEP 1      T                         9.2   -9.2     19.0
  SINCE JUL 1      T                         9.2   -9.2     19.0
  SNOW DEPTH       0

DEGREE DAYS
 HEATING
  YESTERDAY       20                        22     -2       15
  MONTH TO DATE  279                       389   -110      531
  SINCE SEP 1    432                       608   -176      723
  SINCE JUL 1    476                       648   -172      723

 COOLING
  YESTERDAY        0                         0      0        0
  MONTH TO DATE    0                         0      0        0
  SINCE SEP 1     39                        27     12       65
  SINCE JAN 1    445                       472    -27      743
..................................................................


WIND (MPH)
  HIGHEST WIND SPEED    12   HIGHEST WIND DIRECTION     E (100)
  HIGHEST GUST SPEED    16   HIGHEST GUST DIRECTION     E (90)
  AVERAGE WIND SPEED     3.1


SKY COVER
  POSSIBLE SUNSHINE  MM
  AVERAGE SKY COVER 0.0


WEATHER CONDITIONS
 THE FOLLOWING WEATHER WAS RECORDED YESTERDAY.
  NO SIGNIFICANT WEATHER WAS OBSERVED.


RELATIVE HUMIDITY (PERCENT)
 HIGHEST    69           700 AM
 LOWEST     21           300 PM
 AVERAGE    45

..........................................................


THE LANDER WY CLIMATE NORMALS FOR TODAY
                         NORMAL    RECORD    YEAR
 MAXIMUM TEMPERATURE (F)   56        76      2003
 MINIMUM TEMPERATURE (F)   30         8      1916
                                             1906


SUNRISE AND SUNSET
OCTOBER 23 2014.......SUNRISE   738 AM MDT   SUNSET   620 PM MDT
OCTOBER 24 2014.......SUNRISE   739 AM MDT   SUNSET   618 PM MDT


-  INDICATES NEGATIVE NUMBERS.
R  INDICATES RECORD WAS SET OR TIED.
MM INDICATES DATA IS MISSING.
T  INDICATES TRACE AMOUNT.




$$
