000
CDUS45 KRIW 230029
CLILND


CLIMATE REPORT
NATIONAL WEATHER SERVICE RIVERTON WY
528 PM MST SUN JAN 22 2017


...................................

...THE LANDER WY CLIMATE SUMMARY FOR JANUARY 22 2017...
VALID TODAY AS OF 0500 PM LOCAL TIME.

CLIMATE NORMAL PERIOD 1981 TO 2010
CLIMATE RECORD PERIOD 1891 TO 2017


WEATHER ITEM   OBSERVED TIME   RECORD YEAR NORMAL DEPARTURE LAST
                VALUE   (LST)  VALUE       VALUE  FROM      YEAR
                                                  NORMAL
..................................................................
TEMPERATURE (F)
 TODAY
  MAXIMUM         31        MM  53    2009  33     -2       31
                                      1934
  MINIMUM         13        MM -34    1917  11      2       13
  AVERAGE         22                        22      0       22

PRECIPITATION (IN)
  TODAY            0.00          0.33 1943   0.02  -0.02     0.00
  MONTH TO DATE    0.46                      0.30   0.16     0.36
  SINCE DEC 1      1.36                      0.88   0.48     0.84
  SINCE JAN 1      0.46                      0.30   0.16     0.36

SNOWFALL (IN)
  TODAY            0.0                       0.3   -0.3      0.0
  MONTH TO DATE    7.6                       5.4    2.2      4.8
  SINCE DEC 1     16.7                      15.5    1.2     13.6
  SINCE JUL 1     30.7                      41.1  -10.4     32.6
  SNOW DEPTH       4

DEGREE DAYS
 HEATING
  TODAY           43                        43      0       43
  MONTH TO DATE 1187                       955    232     1025
  SINCE DEC 1   2678                      2328    350     2373
  SINCE JUL 1   4234                      4201     33     3885

 COOLING
  TODAY            0                         0      0        0
  MONTH TO DATE    0                         0      0        0
  SINCE DEC 1      0                         0      0        0
  SINCE JAN 1      0                         0      0        0
..................................................................


WIND (MPH)
  HIGHEST WIND SPEED     8   HIGHEST WIND DIRECTION    SW (230)
  HIGHEST GUST SPEED    MM   HIGHEST GUST DIRECTION    MM
  AVERAGE WIND SPEED     3.4


SKY COVER
  POSSIBLE SUNSHINE  MM
  AVERAGE SKY COVER 0.0


WEATHER CONDITIONS
 THE FOLLOWING WEATHER WAS RECORDED TODAY.
  NO SIGNIFICANT WEATHER WAS OBSERVED.


RELATIVE HUMIDITY (PERCENT)
 HIGHEST    84          1200 AM
 LOWEST     46          1200 PM
 AVERAGE    65

..........................................................


THE LANDER WY CLIMATE NORMALS FOR TOMORROW
                         NORMAL    RECORD    YEAR
 MAXIMUM TEMPERATURE (F)   33        58      1970
 MINIMUM TEMPERATURE (F)   11       -28      1962


SUNRISE AND SUNSET
JANUARY 22 2017.......SUNRISE   738 AM MST   SUNSET   515 PM MST
JANUARY 23 2017.......SUNRISE   737 AM MST   SUNSET   517 PM MST


-  INDICATES NEGATIVE NUMBERS.
R  INDICATES RECORD WAS SET OR TIED.
MM INDICATES DATA IS MISSING.
T  INDICATES TRACE AMOUNT.




$$
