000
CDUS45 KRIW 260728
CLILND


CLIMATE REPORT
NATIONAL WEATHER SERVICE RIVERTON WY
127 AM MDT MON JUN 26 2017


...................................

...THE LANDER WY CLIMATE SUMMARY FOR JUNE 25 2017...

CLIMATE NORMAL PERIOD 1981 TO 2010
CLIMATE RECORD PERIOD 1891 TO 2017


WEATHER ITEM   OBSERVED TIME   RECORD YEAR NORMAL DEPARTURE LAST
                VALUE   (LST)  VALUE       VALUE  FROM      YEAR
                                                  NORMAL
..................................................................
TEMPERATURE (F)
 YESTERDAY
  MAXIMUM         79    458 PM  97    1988  81     -2       81
  MINIMUM         49    510 AM  31    1904  51     -2       49
  AVERAGE         64                        66     -2       65

PRECIPITATION (IN)
  YESTERDAY        0.00          1.10 1985   0.02  -0.02     0.00
  MONTH TO DATE    0.26                      1.15  -0.89     0.47
  SINCE JUN 1      0.26                      1.15  -0.89     0.47
  SINCE JAN 1     12.75                      7.37   5.38    15.62

SNOWFALL (IN)
  YESTERDAY        0.0                       0.0    0.0      0.0
  MONTH TO DATE    0.0                       0.1   -0.1      0.0
  SINCE JUN 1      0.0                       0.1   -0.1      0.0
  SINCE JUL 1     90.9                      91.4   -0.5     75.2
  SNOW DEPTH       0

DEGREE DAYS
 HEATING
  YESTERDAY        1                         2     -1        0
  MONTH TO DATE   62                       117    -55       22
  SINCE JUN 1     62                       117    -55       22
  SINCE JUL 1   7529                      7739   -210     7015

 COOLING
  YESTERDAY        0                         3     -3        0
  MONTH TO DATE   38                        45     -7      104
  SINCE JUN 1     38                        45     -7      104
  SINCE JAN 1     38                        50    -12      104
..................................................................


WIND (MPH)
  HIGHEST WIND SPEED    17   HIGHEST WIND DIRECTION     W (250)
  HIGHEST GUST SPEED    20   HIGHEST GUST DIRECTION     W (250)
  AVERAGE WIND SPEED     6.7


SKY COVER
  POSSIBLE SUNSHINE  MM
  AVERAGE SKY COVER 0.0


WEATHER CONDITIONS
 THE FOLLOWING WEATHER WAS RECORDED YESTERDAY.
  NO SIGNIFICANT WEATHER WAS OBSERVED.


RELATIVE HUMIDITY (PERCENT)
 HIGHEST    59           600 AM
 LOWEST     23           400 PM
 AVERAGE    41

..........................................................


THE LANDER WY CLIMATE NORMALS FOR TODAY
                         NORMAL    RECORD    YEAR
 MAXIMUM TEMPERATURE (F)   82        99      1990
 MINIMUM TEMPERATURE (F)   51        34      1904


SUNRISE AND SUNSET
JUNE 26 2017..........SUNRISE   538 AM MDT   SUNSET   857 PM MDT
JUNE 27 2017..........SUNRISE   539 AM MDT   SUNSET   857 PM MDT


-  INDICATES NEGATIVE NUMBERS.
R  INDICATES RECORD WAS SET OR TIED.
MM INDICATES DATA IS MISSING.
T  INDICATES TRACE AMOUNT.




$$
