000
CDUS45 KRIW 210741
CLILND


CLIMATE REPORT
NATIONAL WEATHER SERVICE RIVERTON WY
128 AM MDT THU AUG 21 2014


...................................

...THE LANDER WY CLIMATE SUMMARY FOR AUGUST 20 2014...

CLIMATE NORMAL PERIOD 1981 TO 2010
CLIMATE RECORD PERIOD 1891 TO 2014


WEATHER ITEM   OBSERVED TIME   RECORD YEAR NORMAL DEPARTURE LAST
                VALUE   (LST)  VALUE       VALUE  FROM      YEAR
                                                  NORMAL
..................................................................
TEMPERATURE (F)
 YESTERDAY
  MAXIMUM         82    112 PM  94    2003  84     -2       90
                                      1960
  MINIMUM         55    520 AM  38    1964  54      1       65
  AVERAGE         69                        69      0       78

PRECIPITATION (IN)
  YESTERDAY        T             0.62 1915   0.02  -0.02      T
  MONTH TO DATE    0.80                      0.43   0.37     0.01
  SINCE JUN 1      2.02                      2.48  -0.46     0.34
  SINCE JAN 1      6.21                      8.70  -2.49     7.86

SNOWFALL (IN)
  YESTERDAY        0.0                       0.0    0.0      0.0
  MONTH TO DATE    0.0                       0.0    0.0      0.0
  SINCE JUN 1      0.0                       0.1   -0.1      0.0
  SINCE JUL 1      0.0                       0.0    0.0      0.0
  SNOW DEPTH       0

DEGREE DAYS
 HEATING
  YESTERDAY        0                         1     -1        0
  MONTH TO DATE    0                         8     -8        0
  SINCE JUN 1    139                       150    -11       54
  SINCE JUL 1      3                        24    -21        0

 COOLING
  YESTERDAY        4                         5     -1       13
  MONTH TO DATE  113                       126    -13      166
  SINCE JUN 1    378                       398    -20      574
  SINCE JAN 1    396                       403     -7      583
..................................................................


WIND (MPH)
  HIGHEST WIND SPEED    30   HIGHEST WIND DIRECTION     W (270)
  HIGHEST GUST SPEED    37   HIGHEST GUST DIRECTION     W (290)
  AVERAGE WIND SPEED     7.2


SKY COVER
  POSSIBLE SUNSHINE  MM
  AVERAGE SKY COVER 0.3


WEATHER CONDITIONS
 THE FOLLOWING WEATHER WAS RECORDED YESTERDAY.
  LIGHT RAIN


RELATIVE HUMIDITY (PERCENT)
 HIGHEST    62           500 AM
 LOWEST     21           200 PM
 AVERAGE    42

..........................................................


THE LANDER WY CLIMATE NORMALS FOR TODAY
                         NORMAL    RECORD    YEAR
 MAXIMUM TEMPERATURE (F)   84        98      1960
 MINIMUM TEMPERATURE (F)   54        39      1974
                                             1966


SUNRISE AND SUNSET
AUGUST 21 2014........SUNRISE   628 AM MDT   SUNSET   807 PM MDT
AUGUST 22 2014........SUNRISE   629 AM MDT   SUNSET   806 PM MDT


-  INDICATES NEGATIVE NUMBERS.
R  INDICATES RECORD WAS SET OR TIED.
MM INDICATES DATA IS MISSING.
T  INDICATES TRACE AMOUNT.




$$
