000
CDUS45 KRIW 200031
CLILND


CLIMATE REPORT
NATIONAL WEATHER SERVICE RIVERTON WY
628 PM MDT SAT APR 19 2014


...................................

...THE LANDER WY CLIMATE SUMMARY FOR APRIL 19 2014...
VALID TODAY AS OF 0500 PM LOCAL TIME.

CLIMATE NORMAL PERIOD 1981 TO 2010
CLIMATE RECORD PERIOD 1891 TO 2014


WEATHER ITEM   OBSERVED TIME   RECORD YEAR NORMAL DEPARTURE LAST
                VALUE   (LST)  VALUE       VALUE  FROM      YEAR
                                                  NORMAL
..................................................................
TEMPERATURE (F)
 TODAY
  MAXIMUM         65        MM  82    1962  57      8       53
  MINIMUM         31        MM   2    1893  32     -1       26
  AVERAGE         48                        45      3       40

PRECIPITATION (IN)
  TODAY            0.00          1.24 1933   0.06  -0.06     0.00
  MONTH TO DATE    0.59                      1.10  -0.51     2.43
  SINCE MAR 1      1.77                      2.26  -0.49     2.85
  SINCE JAN 1      2.57                      3.25  -0.68     4.83

SNOWFALL (IN)
  TODAY            0.0                       0.5   -0.5      0.0
  MONTH TO DATE    4.3                      11.1   -6.8     34.1
  SINCE MAR 1     18.2                      27.2   -9.0     39.2
  SINCE JUL 1     73.5                      80.8   -7.3     91.4
  SNOW DEPTH       0

DEGREE DAYS
 HEATING
  TODAY           17                        20     -3       25
  MONTH TO DATE  415                       432    -17      562
  SINCE MAR 1   1310                      1347    -37     1453
  SINCE JUL 1   7046                      7051     -5     6822

 COOLING
  TODAY            0                         0      0        0
  MONTH TO DATE    0                         0      0        0
  SINCE MAR 1      0                         0      0        0
  SINCE JAN 1      0                         0      0        0
..................................................................


WIND (MPH)
  HIGHEST WIND SPEED    10   HIGHEST WIND DIRECTION    SE (130)
  HIGHEST GUST SPEED    MM   HIGHEST GUST DIRECTION    MM
  AVERAGE WIND SPEED     4.9


SKY COVER
  POSSIBLE SUNSHINE  MM
  AVERAGE SKY COVER 0.0


WEATHER CONDITIONS
 THE FOLLOWING WEATHER WAS RECORDED TODAY.
  NO SIGNIFICANT WEATHER WAS OBSERVED.


RELATIVE HUMIDITY (PERCENT)
 HIGHEST    56           500 AM
 LOWEST     16           100 PM
 AVERAGE    36

..........................................................


THE LANDER WY CLIMATE NORMALS FOR TOMORROW
                         NORMAL    RECORD    YEAR
 MAXIMUM TEMPERATURE (F)   58        81      1989
 MINIMUM TEMPERATURE (F)   32         1      1966


SUNRISE AND SUNSET
APRIL 19 2014.........SUNRISE   627 AM MDT   SUNSET   802 PM MDT
APRIL 20 2014.........SUNRISE   625 AM MDT   SUNSET   803 PM MDT


-  INDICATES NEGATIVE NUMBERS.
R  INDICATES RECORD WAS SET OR TIED.
MM INDICATES DATA IS MISSING.
T  INDICATES TRACE AMOUNT.




$$
