000
CDUS43 KOAX 040656
CLILNK


CLIMATE REPORT
NATIONAL WEATHER SERVICE OMAHA NEBRASKA
156 AM CDT FRI SEP 4 2015


...................................

...THE LINCOLN, NEBRASKA CLIMATE SUMMARY FOR SEPTEMBER 3 2015...

CLIMATE NORMAL PERIOD 1981 TO 2010
CLIMATE RECORD PERIOD 1887 TO 2015


WEATHER ITEM   OBSERVED TIME   RECORD YEAR NORMAL DEPARTURE LAST
                VALUE   (LST)  VALUE       VALUE  FROM      YEAR
                                                  NORMAL
..................................................................
TEMPERATURE (F)
 YESTERDAY
  MAXIMUM         95    405 PM 102    1947  83     12       89
                                      1939
  MINIMUM         74    232 AM  35    1974  59     15       65
  AVERAGE         85                        71     14       77

PRECIPITATION (IN)
  YESTERDAY        0.00          2.37 1977   0.11  -0.11     0.00
  MONTH TO DATE    T                         0.35  -0.35      T
  SINCE SEP 1      T                         0.35  -0.35      T
  SINCE JAN 1     29.33                     21.93   7.40    23.70

SNOWFALL (IN)
  YESTERDAY        0.0                       0.0    0.0      0.0
  MONTH TO DATE    0.0                       0.0    0.0      0.0
  SINCE JUL 1      0.0                       0.0    0.0      0.0
  SNOW DEPTH       0

DEGREE DAYS
 HEATING
  YESTERDAY        0                         1     -1        0
  MONTH TO DATE    0                         3     -3        0
  SINCE SEP 1      0                         3     -3        0
  SINCE JUL 1      4                         9     -5        2

 COOLING
  YESTERDAY       20                         7     13       12
  MONTH TO DATE   53                        22     31       22
  SINCE SEP 1     53                        22     31       22
  SINCE JAN 1   1034                      1057    -23     1133
..................................................................


WIND (MPH)
  HIGHEST WIND SPEED    24   HIGHEST WIND DIRECTION     S (170)
  HIGHEST GUST SPEED    28   HIGHEST GUST DIRECTION     S (190)
  AVERAGE WIND SPEED    12.8


SKY COVER
  POSSIBLE SUNSHINE  MM
  AVERAGE SKY COVER 0.0


WEATHER CONDITIONS
 THE FOLLOWING WEATHER WAS RECORDED YESTERDAY.
  NO SIGNIFICANT WEATHER WAS OBSERVED.


RELATIVE HUMIDITY (PERCENT)
 HIGHEST    79          1200 AM
 LOWEST     39           500 PM
 AVERAGE    59

..........................................................


THE LINCOLN, NEBRASKA CLIMATE NORMALS FOR TODAY
                         NORMAL    RECORD    YEAR
 MAXIMUM TEMPERATURE (F)   83       102      2012
 MINIMUM TEMPERATURE (F)   59        40      1974


SUNRISE AND SUNSET
SEPTEMBER  4 2015.....SUNRISE   657 AM CDT   SUNSET   755 PM CDT
SEPTEMBER  5 2015.....SUNRISE   658 AM CDT   SUNSET   753 PM CDT


-  INDICATES NEGATIVE NUMBERS.
R  INDICATES RECORD WAS SET OR TIED.
MM INDICATES DATA IS MISSING.
T  INDICATES TRACE AMOUNT.




$$
