000
CDUS43 KOAX 280007 RRA
CLILNK

CLIMATE REPORT
NATIONAL WEATHER SERVICE OMAHA NEBRASKA
439 PM CST TUE JAN 27 2015


...................................

...THE LINCOLN, NEBRASKA CLIMATE SUMMARY FOR JANUARY 27 2015...
VALID TODAY AS OF 400 PM LOCAL TIME.

CLIMATE NORMAL PERIOD 1981 TO 2010
CLIMATE RECORD PERIOD 1887 TO 2015


WEATHER ITEM   OBSERVED TIME   RECORD YEAR NORMAL DEPARTURE LAST
                VALUE   (LST)  VALUE       VALUE  FROM      YEAR
                                                  NORMAL
..................................................................
TEMPERATURE (F)
 TODAY
  MAXIMUM         59    359 PM  68    1934  36     23       14
  MINIMUM         21    657 AM -23    1940  14      7       -7
  AVERAGE         40                        25     15        4

PRECIPITATION (IN)
  TODAY            0.00          0.80 1949   0.02  -0.02     0.00
  MONTH TO DATE    0.09                      0.54  -0.45     0.21
  SINCE DEC 1      1.31                      1.49  -0.18     0.43
  SINCE JAN 1      0.09                      0.54  -0.45     0.21

SNOWFALL (IN)
  TODAY            0.0                       0.2   -0.2      0.0
  MONTH TO DATE    0.9                       4.6   -3.7      3.3
  SINCE JUL 1      6.0                      13.3   -7.3      9.2
  SNOW DEPTH       0

DEGREE DAYS
 HEATING
  TODAY           25                        40    -15       61
  MONTH TO DATE 1020                      1096    -76     1136
  SINCE DEC 1   2052                      2280   -228     2457
  SINCE JUL 1   3361                      3541   -180     3754

 COOLING
  TODAY            0                         0      0        0
  MONTH TO DATE    0                         0      0        0
  SINCE DEC 1      0                         0      0        0
  SINCE JAN 1      0                         0      0        0
..................................................................


WIND (MPH)
  HIGHEST WIND SPEED    16   HIGHEST WIND DIRECTION    SE (150)
  HIGHEST GUST SPEED    19   HIGHEST GUST DIRECTION    SE (150)
  AVERAGE WIND SPEED     4.0


SKY COVER
  POSSIBLE SUNSHINE  MM
  AVERAGE SKY COVER 0.0


WEATHER CONDITIONS
 THE FOLLOWING WEATHER WAS RECORDED TODAY.
  NO SIGNIFICANT WEATHER WAS OBSERVED.


RELATIVE HUMIDITY (PERCENT)
 HIGHEST    92           600 AM
 LOWEST     36           400 PM
 AVERAGE    64

..........................................................


THE LINCOLN, NEBRASKA CLIMATE NORMALS FOR TOMORROW
                         NORMAL    RECORD    YEAR
 MAXIMUM TEMPERATURE (F)   36        63      1931
 MINIMUM TEMPERATURE (F)   14       -22      1915


SUNRISE AND SUNSET
JANUARY 27 2015.......SUNRISE   742 AM CST   SUNSET   538 PM CST
JANUARY 28 2015.......SUNRISE   741 AM CST   SUNSET   539 PM CST


-  INDICATES NEGATIVE NUMBERS.
R  INDICATES RECORD WAS SET OR TIED.
MM INDICATES DATA IS MISSING.
T  INDICATES TRACE AMOUNT.




$$

KLISH
