000
CDUS43 KOAX 030654
CLILNK


CLIMATE REPORT
NATIONAL WEATHER SERVICE OMAHA NEBRASKA
1253 AM CST SAT DEC 3 2016


...................................

...THE LINCOLN, NEBRASKA CLIMATE SUMMARY FOR DECEMBER 2 2016...

CLIMATE NORMAL PERIOD 1981 TO 2010
CLIMATE RECORD PERIOD 1887 TO 2016


WEATHER ITEM   OBSERVED TIME   RECORD YEAR NORMAL DEPARTURE LAST
                VALUE   (LST)  VALUE       VALUE  FROM      YEAR
                                                  NORMAL
..................................................................
TEMPERATURE (F)
 YESTERDAY
  MAXIMUM         45    238 PM  68    2012  41      4       42
  MINIMUM         20    751 AM  -4    1919  20      0       22
  AVERAGE         33                        30      3       32

PRECIPITATION (IN)
  YESTERDAY        0.00          0.67 1933   0.03  -0.03     0.00
  MONTH TO DATE    0.00                      0.07  -0.07      T
  SINCE DEC 1      0.00                      0.07  -0.07      T
  SINCE JAN 1     27.28                     28.07  -0.79    36.74

SNOWFALL (IN)
  YESTERDAY        0.0                       0.1   -0.1      0.0
  MONTH TO DATE    0.0                       0.3   -0.3       T
  SINCE JUL 1      T                         3.1   -3.1      1.3
  SNOW DEPTH       0

DEGREE DAYS
 HEATING
  YESTERDAY       32                        34     -2       33
  MONTH TO DATE   64                        68     -4       69
  SINCE DEC 1     64                        68     -4       69
  SINCE JUL 1    872                      1329   -457      969

 COOLING
  YESTERDAY        0                         0      0        0
  MONTH TO DATE    0                         0      0        0
  SINCE DEC 1      0                         0      0        0
  SINCE JAN 1   1449                      1173    276     1243
..................................................................


WIND (MPH)
  HIGHEST WIND SPEED     9   HIGHEST WIND DIRECTION     N (340)
  HIGHEST GUST SPEED    10   HIGHEST GUST DIRECTION    NW (330)
  AVERAGE WIND SPEED     3.0


SKY COVER
  POSSIBLE SUNSHINE  MM
  AVERAGE SKY COVER 0.1


WEATHER CONDITIONS
 THE FOLLOWING WEATHER WAS RECORDED YESTERDAY.
  FOG


RELATIVE HUMIDITY (PERCENT)
 HIGHEST    92           500 AM
 LOWEST     49           300 PM
 AVERAGE    71

..........................................................


THE LINCOLN, NEBRASKA CLIMATE NORMALS FOR TODAY
                         NORMAL    RECORD    YEAR
 MAXIMUM TEMPERATURE (F)   41        67      1959
 MINIMUM TEMPERATURE (F)   20        -9      1919


SUNRISE AND SUNSET
DECEMBER  3 2016......SUNRISE   735 AM CST   SUNSET   459 PM CST
DECEMBER  4 2016......SUNRISE   736 AM CST   SUNSET   459 PM CST


-  INDICATES NEGATIVE NUMBERS.
R  INDICATES RECORD WAS SET OR TIED.
MM INDICATES DATA IS MISSING.
T  INDICATES TRACE AMOUNT.




$$
