000
CDUS43 KOAX 010627
CLILNK


CLIMATE REPORT
NATIONAL WEATHER SERVICE OMAHA NEBRASKA
123 AM CDT FRI AUG 1 2014


...................................

...THE LINCOLN, NEBRASKA CLIMATE SUMMARY FOR JULY 31 2014...

CLIMATE NORMAL PERIOD 1981 TO 2010
CLIMATE RECORD PERIOD 1887 TO 2014


WEATHER ITEM   OBSERVED TIME   RECORD YEAR NORMAL DEPARTURE LAST
                VALUE   (LST)  VALUE       VALUE  FROM      YEAR
                                                  NORMAL
..................................................................
TEMPERATURE (F)
 YESTERDAY
  MAXIMUM         88    250 PM 105    2006  89     -1       87
                                      1935
  MINIMUM         53    545 AM  50    1925  66    -13       61
                                      1903
  AVERAGE         71                        77     -6       74

PRECIPITATION (IN)
  YESTERDAY        0.00          1.28 1902   0.11  -0.11     0.00
  MONTH TO DATE    0.51                      3.40  -2.89     1.00
  SINCE JUN 1      6.41                      7.75  -1.34     3.49
  SINCE JAN 1     16.16                     18.09  -1.93    19.34

SNOWFALL (IN)
  YESTERDAY        0.0                       0.0    0.0      0.0
  MONTH TO DATE    0.0                       0.0    0.0      0.0
  SINCE JUL 1      0.0                       0.0    0.0      0.0
  SNOW DEPTH       0

DEGREE DAYS
 HEATING
  YESTERDAY        0                         0      0        0
  MONTH TO DATE    2                         0      2        3
  SINCE JUN 1      4                        17    -13       23
  SINCE JUL 1      2                         1      1        3

 COOLING
  YESTERDAY        6                        12     -6        9
  MONTH TO DATE  321                       390    -69      346
  SINCE JUN 1    599                       632    -33      577
  SINCE JAN 1    759                       711     48      664
..................................................................


WIND (MPH)
  HIGHEST WIND SPEED    17   HIGHEST WIND DIRECTION     E (70)
  HIGHEST GUST SPEED    22   HIGHEST GUST DIRECTION    NE (50)
  AVERAGE WIND SPEED     6.7


SKY COVER
  POSSIBLE SUNSHINE  MM
  AVERAGE SKY COVER 0.2


WEATHER CONDITIONS
 THE FOLLOWING WEATHER WAS RECORDED YESTERDAY.
  HAZE


RELATIVE HUMIDITY (PERCENT)
 HIGHEST    93           300 AM
 LOWEST     34          1200 PM
 AVERAGE    64

..........................................................


THE LINCOLN, NEBRASKA CLIMATE NORMALS FOR TODAY
                         NORMAL    RECORD    YEAR
 MAXIMUM TEMPERATURE (F)   89       105      2006
                                             1987
                                             1942
 MINIMUM TEMPERATURE (F)   66        48      1898


SUNRISE AND SUNSET
AUGUST  1 2014........SUNRISE   623 AM CDT   SUNSET   843 PM CDT
AUGUST  2 2014........SUNRISE   624 AM CDT   SUNSET   842 PM CDT


-  INDICATES NEGATIVE NUMBERS.
R  INDICATES RECORD WAS SET OR TIED.
MM INDICATES DATA IS MISSING.
T  INDICATES TRACE AMOUNT.




$$
