896
CDUS43 KOAX 160708
CLILNK


CLIMATE REPORT
NATIONAL WEATHER SERVICE OMAHA NEBRASKA
107 AM CST MON JAN 16 2017


...................................

...THE LINCOLN, NEBRASKA CLIMATE SUMMARY FOR JANUARY 15 2017...

CLIMATE NORMAL PERIOD 1981 TO 2010
CLIMATE RECORD PERIOD 1887 TO 2017


WEATHER ITEM   OBSERVED TIME   RECORD YEAR NORMAL DEPARTURE LAST
                VALUE   (LST)  VALUE       VALUE  FROM      YEAR
                                                  NORMAL
..................................................................
TEMPERATURE (F)
 YESTERDAY
  MAXIMUM         32   1159 PM  69    2006  35     -3       38
  MINIMUM         29    154 AM -27    1888  14     15       15
  AVERAGE         31                        24      7       27

PRECIPITATION (IN)
  YESTERDAY        0.21          0.83 1889   0.01   0.20     0.00
  MONTH TO DATE    0.35                      0.29   0.06     0.51
  SINCE DEC 1      1.97                      1.24   0.73     4.93
  SINCE JAN 1      0.35                      0.29   0.06     0.51

SNOWFALL (IN)
  YESTERDAY        T                         0.2   -0.2      0.0
  MONTH TO DATE    2.0                       2.4   -0.4      0.4
  SINCE JUL 1      3.7                      11.1   -7.4      7.8
  SNOW DEPTH       0

DEGREE DAYS
 HEATING
  YESTERDAY       34                        41     -7       38
  MONTH TO DATE  670                       612     58      570
  SINCE DEC 1   1853                      1796     57     1534
  SINCE JUL 1   2661                      3057   -396     2434

 COOLING
  YESTERDAY        0                         0      0        0
  MONTH TO DATE    0                         0      0        0
  SINCE DEC 1      0                         0      0        0
  SINCE JAN 1      0                         0      0        0
..................................................................


WIND (MPH)
  HIGHEST WIND SPEED     8   HIGHEST WIND DIRECTION     E (80)
  HIGHEST GUST SPEED    10   HIGHEST GUST DIRECTION    SE (150)
  AVERAGE WIND SPEED     3.9


SKY COVER
  POSSIBLE SUNSHINE  MM
  AVERAGE SKY COVER 1.0


WEATHER CONDITIONS
 THE FOLLOWING WEATHER WAS RECORDED YESTERDAY.
  LIGHT RAIN
  LT FREEZING RAIN
  LIGHT SNOW
  FOG


RELATIVE HUMIDITY (PERCENT)
 HIGHEST   100           900 PM
 LOWEST     58           100 AM
 AVERAGE    79

..........................................................


THE LINCOLN, NEBRASKA CLIMATE NORMALS FOR TODAY
                         NORMAL    RECORD    YEAR
 MAXIMUM TEMPERATURE (F)   35        66      1894
 MINIMUM TEMPERATURE (F)   14       -19      1977


SUNRISE AND SUNSET
JANUARY 16 2017.......SUNRISE   749 AM CST   SUNSET   525 PM CST
JANUARY 17 2017.......SUNRISE   748 AM CST   SUNSET   527 PM CST


-  INDICATES NEGATIVE NUMBERS.
R  INDICATES RECORD WAS SET OR TIED.
MM INDICATES DATA IS MISSING.
T  INDICATES TRACE AMOUNT.




$$
