000
CDUS43 KOAX 190709
CLILNK


CLIMATE REPORT
NATIONAL WEATHER SERVICE OMAHA NEBRASKA
109 AM CST FRI JAN 19 2018


...................................

...THE LINCOLN, NEBRASKA CLIMATE SUMMARY FOR JANUARY 18 2018...

CLIMATE NORMAL PERIOD 1981 TO 2010
CLIMATE RECORD PERIOD 1887 TO 2018


WEATHER ITEM   OBSERVED TIME   RECORD YEAR NORMAL DEPARTURE LAST
                VALUE   (LST)  VALUE       VALUE  FROM      YEAR
                                                  NORMAL
..................................................................
TEMPERATURE (F)
 YESTERDAY
  MAXIMUM         42    308 PM  66    1951  35      7       51
  MINIMUM         13    625 AM -21    1940  14     -1       24
  AVERAGE         28                        24      4       38

PRECIPITATION (IN)
  YESTERDAY        0.00          0.45 1975   0.02  -0.02     0.00
  MONTH TO DATE    0.12                      0.35  -0.23     0.95
  SINCE DEC 1      0.50                      1.30  -0.80     2.57
  SINCE JAN 1      0.12                      0.35  -0.23     0.95

SNOWFALL (IN)
  YESTERDAY        0.0                       0.2   -0.2      0.0
  MONTH TO DATE    1.6                       2.9   -1.3      2.0
  SINCE JUL 1      5.9                      11.6   -5.7      3.7
  SNOW DEPTH       1

DEGREE DAYS
 HEATING
  YESTERDAY       37                        41     -4       27
  MONTH TO DATE  843                       735    108      763
  SINCE DEC 1   1986                      1919     67     1946
  SINCE JUL 1   3039                      3180   -141     2754

 COOLING
  YESTERDAY        0                         0      0        0
  MONTH TO DATE    0                         0      0        0
  SINCE DEC 1      0                         0      0        0
  SINCE JAN 1      0                         0      0        0
..................................................................


WIND (MPH)
  HIGHEST WIND SPEED    17   HIGHEST WIND DIRECTION     S (200)
  HIGHEST GUST SPEED    22   HIGHEST GUST DIRECTION     S (200)
  AVERAGE WIND SPEED     8.9


SKY COVER
  POSSIBLE SUNSHINE  MM
  AVERAGE SKY COVER 0.0


WEATHER CONDITIONS
 THE FOLLOWING WEATHER WAS RECORDED YESTERDAY.
  NO SIGNIFICANT WEATHER WAS OBSERVED.


RELATIVE HUMIDITY (PERCENT)
 HIGHEST    80           500 AM
 LOWEST     44           100 PM
 AVERAGE    62

..........................................................


THE LINCOLN, NEBRASKA CLIMATE NORMALS FOR TODAY
                         NORMAL    RECORD    YEAR
 MAXIMUM TEMPERATURE (F)   35        66      2014
 MINIMUM TEMPERATURE (F)   14       -29      1892


SUNRISE AND SUNSET
JANUARY 19 2018.......SUNRISE   747 AM CST   SUNSET   529 PM CST
JANUARY 20 2018.......SUNRISE   747 AM CST   SUNSET   530 PM CST


-  INDICATES NEGATIVE NUMBERS.
R  INDICATES RECORD WAS SET OR TIED.
MM INDICATES DATA IS MISSING.
T  INDICATES TRACE AMOUNT.




$$
