000
CDUS43 KOAX 280628
CLILNK


CLIMATE REPORT
NATIONAL WEATHER SERVICE OMAHA NEBRASKA
125 AM CDT SUN MAY 28 2017


...................................

...THE LINCOLN, NEBRASKA CLIMATE SUMMARY FOR MAY 27 2017...

CLIMATE NORMAL PERIOD 1981 TO 2010
CLIMATE RECORD PERIOD 1887 TO 2017


WEATHER ITEM   OBSERVED TIME   RECORD YEAR NORMAL DEPARTURE LAST
                VALUE   (LST)  VALUE       VALUE  FROM      YEAR
                                                  NORMAL
..................................................................
TEMPERATURE (F)
 YESTERDAY
  MAXIMUM         77    358 PM  95    1966  78     -1       77
  MINIMUM         56    735 AM  36    1907  54      2       60
  AVERAGE         67                        66      1       69

PRECIPITATION (IN)
  YESTERDAY        0.42          3.32 2013   0.13   0.29     1.21
  MONTH TO DATE    6.29                      3.72   2.57     5.42
  SINCE MAR 1     11.46                      8.36   3.10    10.72
  SINCE JAN 1     13.11                      9.77   3.34    12.31

SNOWFALL (IN)
  YESTERDAY        0.0                       0.0    0.0      0.0
  MONTH TO DATE    T                         0.1   -0.1      0.0
  SINCE JUL 1      7.5                      26.0  -18.5     20.5
  SNOW DEPTH       0

DEGREE DAYS
 HEATING
  YESTERDAY        0                         2     -2        0
  MONTH TO DATE  127                       140    -13      127
  SINCE MAR 1   1131                      1330   -199      963
  SINCE JUL 1   5014                      6033  -1019     4880

 COOLING
  YESTERDAY        2                         3     -1        4
  MONTH TO DATE   66                        49     17       40
  SINCE MAR 1     79                        63     16       49
  SINCE JAN 1     79                        63     16       49
..................................................................


WIND (MPH)
  HIGHEST WIND SPEED    23   HIGHEST WIND DIRECTION     E (70)
  HIGHEST GUST SPEED    29   HIGHEST GUST DIRECTION     E (80)
  AVERAGE WIND SPEED     8.4


SKY COVER
  POSSIBLE SUNSHINE  MM
  AVERAGE SKY COVER 0.3


WEATHER CONDITIONS
 THE FOLLOWING WEATHER WAS RECORDED YESTERDAY.
  THUNDERSTORM
  HEAVY RAIN
  RAIN
  LIGHT RAIN
  FOG


RELATIVE HUMIDITY (PERCENT)
 HIGHEST    86           800 AM
 LOWEST     43           400 PM
 AVERAGE    65

..........................................................


THE LINCOLN, NEBRASKA CLIMATE NORMALS FOR TODAY
                         NORMAL    RECORD    YEAR
 MAXIMUM TEMPERATURE (F)   78        98      1895
 MINIMUM TEMPERATURE (F)   55        34      1947


SUNRISE AND SUNSET
MAY 28 2017...........SUNRISE   559 AM CDT   SUNSET   850 PM CDT
MAY 29 2017...........SUNRISE   559 AM CDT   SUNSET   850 PM CDT


-  INDICATES NEGATIVE NUMBERS.
R  INDICATES RECORD WAS SET OR TIED.
MM INDICATES DATA IS MISSING.
T  INDICATES TRACE AMOUNT.




$$
