994
CDUS43 KOAX 190658
CLILNK


CLIMATE REPORT
NATIONAL WEATHER SERVICE OMAHA NEBRASKA
1256 AM CST SUN NOV 19 2017


...................................

...THE LINCOLN, NEBRASKA CLIMATE SUMMARY FOR NOVEMBER 18 2017...

CLIMATE NORMAL PERIOD 1981 TO 2010
CLIMATE RECORD PERIOD 1887 TO 2017


WEATHER ITEM   OBSERVED TIME   RECORD YEAR NORMAL DEPARTURE LAST
                VALUE   (LST)  VALUE       VALUE  FROM      YEAR
                                                  NORMAL
..................................................................
TEMPERATURE (F)
 YESTERDAY
  MAXIMUM         52    226 PM  78    1908  49      3       45
  MINIMUM         24   1155 PM   4    1891  26     -2       31
  AVERAGE         38                        38      0       38

PRECIPITATION (IN)
  YESTERDAY        0.06          0.68 1948   0.05   0.01     0.03
  MONTH TO DATE    0.07                      0.93  -0.86     0.08
  SINCE SEP 1      6.82                      5.92   0.90     5.32
  SINCE JAN 1     36.65                     27.50   9.15    26.71

SNOWFALL (IN)
  YESTERDAY        0.0                       0.1   -0.1       T
  MONTH TO DATE    0.0                       0.9   -0.9       T
  SINCE JUL 1      T                         1.6   -1.6       T
  SNOW DEPTH       0

DEGREE DAYS
 HEATING
  YESTERDAY       27                        27      0       27
  MONTH TO DATE  454                       411     43      245
  SINCE SEP 1    795                       884    -89      504
  SINCE JUL 1    795                       890    -95      505

 COOLING
  YESTERDAY        0                         0      0        0
  MONTH TO DATE    0                         0      0        0
  SINCE SEP 1    222                       138     84      220
  SINCE JAN 1   1252                      1173     79     1449
..................................................................


WIND (MPH)
  HIGHEST WIND SPEED    32   HIGHEST WIND DIRECTION    NW (330)
  HIGHEST GUST SPEED    40   HIGHEST GUST DIRECTION    NW (330)
  AVERAGE WIND SPEED    16.9


SKY COVER
  POSSIBLE SUNSHINE  MM
  AVERAGE SKY COVER 0.4


WEATHER CONDITIONS
 THE FOLLOWING WEATHER WAS RECORDED YESTERDAY.
  LIGHT RAIN
  FOG


RELATIVE HUMIDITY (PERCENT)
 HIGHEST    89           300 AM
 LOWEST     39           400 PM
 AVERAGE    64

..........................................................


THE LINCOLN, NEBRASKA CLIMATE NORMALS FOR TODAY
                         NORMAL    RECORD    YEAR
 MAXIMUM TEMPERATURE (F)   48        78      2007
 MINIMUM TEMPERATURE (F)   26         4      1985
                                             1914


SUNRISE AND SUNSET
NOVEMBER 19 2017......SUNRISE   719 AM CST   SUNSET   505 PM CST
NOVEMBER 20 2017......SUNRISE   720 AM CST   SUNSET   505 PM CST


-  INDICATES NEGATIVE NUMBERS.
R  INDICATES RECORD WAS SET OR TIED.
MM INDICATES DATA IS MISSING.
T  INDICATES TRACE AMOUNT.




$$
