000
CDUS43 KLOT 280636
CLILOT


CLIMATE REPORT
NATIONAL WEATHER SERVICE CHICAGO IL
135 AM CDT THU AUG 28 2014


...................................

...THE ROMEOVILLE  WFO CLIMATE SUMMARY FOR AUGUST 27 2014...

CLIMATE NORMAL PERIOD 1981 TO 2010
CLIMATE RECORD PERIOD 1992 TO 2014


WEATHER ITEM   OBSERVED RECORD YEAR NORMAL DEPARTURE LAST
                VALUE   VALUE       VALUE  FROM      YEAR
                                           NORMAL
...........................................................
TEMPERATURE (F)
 YESTERDAY
  MAXIMUM         82     93    2013  81      1       93
  MINIMUM         64     55    1992  62      2       74
  AVERAGE         73                 71      2       84

PRECIPITATION (IN)
  YESTERDAY        0.00   1.87 2009   0.12  -0.12     0.00
  MONTH TO DATE    9.67               3.54   6.13     2.42
  SINCE JUN 1     23.23              12.59  10.64     7.55
  SINCE JAN 1     38.60              27.29  11.31    28.54

DEGREE DAYS
 HEATING
  YESTERDAY        0                  0      0
  MONTH TO DATE    3                  0      3
  SINCE JUN 1     24                 35    -11
  SINCE JUL 1     12                  2     10

 COOLING
  YESTERDAY        8                  7      1
  MONTH TO DATE  200                207     -7
  SINCE JUN 1    542                669   -127
  SINCE JAN 1    630                727    -97
...........................................................







THE ROMEOVILLE  WFO CLIMATE NORMALS FOR TODAY
                         NORMAL    RECORD    YEAR
 MAXIMUM TEMPERATURE (F)   81        92      2003
 MINIMUM TEMPERATURE (F)   61        51      1992


SUNRISE AND SUNSET
AUGUST 28 2014........SUNRISE   614 AM CDT   SUNSET   732 PM CDT
AUGUST 29 2014........SUNRISE   615 AM CDT   SUNSET   730 PM CDT


-  INDICATES NEGATIVE NUMBERS.
R  INDICATES RECORD WAS SET OR TIED.
MM INDICATES DATA IS MISSING.
T  INDICATES TRACE AMOUNT.




$$
