000
CDUS43 KLOT 011118
CLILOT


CLIMATE REPORT
NATIONAL WEATHER SERVICE CHICAGO IL
615 AM CDT SAT NOV 1 2014


...................................

...THE ROMEOVILLE  WFO CLIMATE SUMMARY FOR OCTOBER 31 2014...

CLIMATE NORMAL PERIOD 1981 TO 2010
CLIMATE RECORD PERIOD 1992 TO 2014


WEATHER ITEM   OBSERVED RECORD YEAR NORMAL DEPARTURE LAST
                VALUE   VALUE       VALUE  FROM      YEAR
                                           NORMAL
...........................................................
TEMPERATURE (F)
 YESTERDAY
  MAXIMUM         46     72    2008  57    -11       64
                               2000
  MINIMUM         32     25    1996  39     -7       45
  AVERAGE         39                 48     -9       55

PRECIPITATION (IN)
  YESTERDAY        0.01   1.96 1994   0.10  -0.09     1.58
  MONTH TO DATE    4.51               3.41   1.10     5.59
  SINCE SEP 1      7.51               6.54   0.97     7.16
  SINCE JAN 1     46.17              34.36  11.81    36.48

SNOWFALL (IN)
  YESTERDAY        T      0.5  1994   0.0    0.0      0.0
  MONTH TO DATE    T                  0.0    0.0       T
  SINCE SEP 1      T                  0.0    0.0       T
  SINCE JUL 1      T                  0.0    0.0       T
  SNOW DEPTH       0

DEGREE DAYS
 HEATING
  YESTERDAY       26                 17      9
  MONTH TO DATE  404                387     17
  SINCE SEP 1    526                479     47
  SINCE JUL 1    538                487     51

 COOLING
  YESTERDAY        0                  0      0
  MONTH TO DATE    4                 15    -11
  SINCE SEP 1     77                109    -32
  SINCE JAN 1    748                862   -114
...........................................................







THE ROMEOVILLE  WFO CLIMATE NORMALS FOR TODAY
                         NORMAL    RECORD    YEAR
 MAXIMUM TEMPERATURE (F)   56        76      2000
 MINIMUM TEMPERATURE (F)   39        23      1996


SUNRISE AND SUNSET
NOVEMBER  1 2014......SUNRISE   724 AM CDT   SUNSET   547 PM CDT
NOVEMBER  2 2014......SUNRISE   625 AM CST   SUNSET   446 PM CST


-  INDICATES NEGATIVE NUMBERS.
R  INDICATES RECORD WAS SET OR TIED.
MM INDICATES DATA IS MISSING.
T  INDICATES TRACE AMOUNT.




$$
