000
CDUS43 KLOT 030634
CLILOT


CLIMATE REPORT
NATIONAL WEATHER SERVICE CHICAGO IL
133 AM CDT TUE MAY 3 2016


...................................

...THE ROMEOVILLE  WFO CLIMATE SUMMARY FOR MAY 2 2016...

CLIMATE NORMAL PERIOD 1981 TO 2010
CLIMATE RECORD PERIOD 1992 TO 2016


WEATHER ITEM   OBSERVED RECORD YEAR NORMAL DEPARTURE LAST
                VALUE   VALUE       VALUE  FROM      YEAR
                                           NORMAL
...........................................................
TEMPERATURE (F)
 YESTERDAY
  MAXIMUM         59     83    2001  67     -8       78
  MINIMUM         41     32    2005  45     -4       47
  AVERAGE         50                 56     -6       63

PRECIPITATION (IN)
  YESTERDAY        T      0.62 2008   0.15  -0.15     0.00
  MONTH TO DATE    0.31               0.29   0.02     0.00
  SINCE MAR 1      6.94               7.02  -0.08     4.25
  SINCE JAN 1      9.01              10.73  -1.72     7.09

DEGREE DAYS
 HEATING
  YESTERDAY       15                  9      6
  MONTH TO DATE   32                 19     13
  SINCE MAR 1   1131               1285   -154
  SINCE JUL 1   5164               6013   -849

 COOLING
  YESTERDAY        0                  0      0
  MONTH TO DATE    0                  0      0
  SINCE MAR 1     11                  5      6
  SINCE JAN 1     11                  5      6
...........................................................







THE ROMEOVILLE  WFO CLIMATE NORMALS FOR TODAY
                         NORMAL    RECORD    YEAR
 MAXIMUM TEMPERATURE (F)   67        86      2001
 MINIMUM TEMPERATURE (F)   46        26      2005


SUNRISE AND SUNSET
MAY  3 2016...........SUNRISE   546 AM CDT   SUNSET   753 PM CDT
MAY  4 2016...........SUNRISE   545 AM CDT   SUNSET   754 PM CDT


-  INDICATES NEGATIVE NUMBERS.
R  INDICATES RECORD WAS SET OR TIED.
MM INDICATES DATA IS MISSING.
T  INDICATES TRACE AMOUNT.




$$
