000
CDUS43 KLOT 270638
CLILOT


CLIMATE REPORT
NATIONAL WEATHER SERVICE CHICAGO IL
1237 AM CST SAT DEC 27 2014


...................................

...THE ROMEOVILLE  WFO CLIMATE SUMMARY FOR DECEMBER 26 2014...

CLIMATE NORMAL PERIOD 1981 TO 2010
CLIMATE RECORD PERIOD 1992 TO 2014


WEATHER ITEM   OBSERVED RECORD YEAR NORMAL DEPARTURE LAST
                VALUE   VALUE       VALUE  FROM      YEAR
                                           NORMAL
...........................................................
TEMPERATURE (F)
 YESTERDAY
  MAXIMUM         50     53    2008  32     18       35
  MINIMUM         34      5    2001  17     17        9
                               2000
                               1993
  AVERAGE         42                 25     17       22

PRECIPITATION (IN)
  YESTERDAY        0.00   0.10 2009   0.07  -0.07      T
  MONTH TO DATE    1.05               1.88  -0.83     1.26
  SINCE DEC 1      1.05               1.88  -0.83     1.26
  SINCE JAN 1     48.73              39.70   9.03    40.61

SNOWFALL (IN)
  YESTERDAY        0.0    4.9  2009   0.3   -0.3       T
  MONTH TO DATE    T                  7.6   -7.6     10.2
  SINCE DEC 1      T                  7.6   -7.6     10.2
  SINCE JUL 1      1.4                8.5   -7.1     11.1
  SNOW DEPTH       0

DEGREE DAYS
 HEATING
  YESTERDAY       23                 40    -17
  MONTH TO DATE  821                949   -128
  SINCE DEC 1    821                949   -128
  SINCE JUL 1   2297               2168    129

 COOLING
  YESTERDAY        0                  0      0
  MONTH TO DATE    0                  0      0
  SINCE DEC 1      0                  0      0
  SINCE JAN 1    748                862   -114
...........................................................







THE ROMEOVILLE  WFO CLIMATE NORMALS FOR TODAY
                         NORMAL    RECORD    YEAR
 MAXIMUM TEMPERATURE (F)   32        61      2008
 MINIMUM TEMPERATURE (F)   17         0      2000


SUNRISE AND SUNSET
DECEMBER 27 2014......SUNRISE   718 AM CST   SUNSET   429 PM CST
DECEMBER 28 2014......SUNRISE   718 AM CST   SUNSET   430 PM CST


-  INDICATES NEGATIVE NUMBERS.
R  INDICATES RECORD WAS SET OR TIED.
MM INDICATES DATA IS MISSING.
T  INDICATES TRACE AMOUNT.




$$
