000
CDUS43 KLOT 012242
CLILOT


CLIMATE REPORT
NATIONAL WEATHER SERVICE CHICAGO IL
434 PM CST SUN FEB 1 2015


...................................

...THE ROMEOVILLE  WFO CLIMATE SUMMARY FOR FEBRUARY 1 2015...
VALID TODAY AS OF 0400 PM LOCAL TIME.

CLIMATE NORMAL PERIOD 1981 TO 2010
CLIMATE RECORD PERIOD 1992 TO 2015


WEATHER ITEM   OBSERVED TIME   RECORD YEAR NORMAL DEPARTURE
                VALUE   (LST)  VALUE       VALUE  FROM
                                                  NORMAL
...............................................................
TEMPERATURE (F)
 TODAY
  MAXIMUM         32        MM  48    2006  32      0
  MINIMUM         24    300 PM  -7    1996  16      8
  AVERAGE         28                        24      4

PRECIPITATION (IN)  (THROUGH NOON)
  TODAY            0.82          0.93 2011   0.05   0.77
  MONTH TO DATE    0.82                      0.05   0.77
  SINCE DEC 1      3.38                      4.23  -0.85
  SINCE JAN 1      2.33                      1.98   0.35

SNOWFALL (IN)
  TODAY            8.2          11.9  2011   0.3    7.9
  MONTH TO DATE    8.2                       0.3    7.9
  SINCE DEC 1     19.0                      20.4   -1.4
  SINCE JUL 1     20.4                      21.3   -0.9

DEGREE DAYS
 HEATING
  TODAY           37                        41     -4
  MONTH TO DATE   37                        41     -4
  SINCE DEC 1   2391                      2503   -112
  SINCE JUL 1   3867                      3722    145

 COOLING
  TODAY            0                         0      0
  MONTH TO DATE    0                         0      0
  SINCE DEC 1      0                         0      0
  SINCE JAN 1      0                         0      0
...............................................................







THE ROMEOVILLE  WFO CLIMATE NORMALS FOR TOMORROW
                         NORMAL    RECORD    YEAR
 MAXIMUM TEMPERATURE (F)   32        51      1992
 MINIMUM TEMPERATURE (F)   17       -17      1996


SUNRISE AND SUNSET
FEBRUARY  1 2015......SUNRISE   704 AM CST   SUNSET   508 PM CST
FEBRUARY  2 2015......SUNRISE   703 AM CST   SUNSET   509 PM CST


-  INDICATES NEGATIVE NUMBERS.
R  INDICATES RECORD WAS SET OR TIED.
MM INDICATES DATA IS MISSING.
T  INDICATES TRACE AMOUNT.




$$
