000
CDUS43 KLOT 090637
CLILOT


CLIMATE REPORT
NATIONAL WEATHER SERVICE CHICAGO IL
1236 AM CST TUE FEB 9 2016


...................................

...THE ROMEOVILLE  WFO CLIMATE SUMMARY FOR FEBRUARY 8 2016...

CLIMATE NORMAL PERIOD 1981 TO 2010
CLIMATE RECORD PERIOD 1992 TO 2016


WEATHER ITEM   OBSERVED RECORD YEAR NORMAL DEPARTURE LAST
                VALUE   VALUE       VALUE  FROM      YEAR
                                           NORMAL
...........................................................
TEMPERATURE (F)
 YESTERDAY
  MAXIMUM         32     53    2001  33     -1       39
  MINIMUM         22    -12    2007  18      4       27
  AVERAGE         27                 25      2       33

PRECIPITATION (IN)
  YESTERDAY        0.01   0.88 2001   0.05  -0.04      T
  MONTH TO DATE    0.80               0.43   0.37     1.14
  SINCE DEC 1      7.68               4.61   3.07     3.70
  SINCE JAN 1      1.83               2.36  -0.53     2.65

SNOWFALL (IN)
  YESTERDAY        0.2    3.4  2014   0.3   -0.1      0.0
  MONTH TO DATE    0.2                2.1   -1.9     15.1
  SINCE DEC 1     11.3               22.2  -10.9     25.9
  SINCE JUL 1     16.0               23.1   -7.1     27.3
  SNOW DEPTH       0

DEGREE DAYS
 HEATING
  YESTERDAY       38                 40     -2
  MONTH TO DATE  267                323    -56
  SINCE DEC 1   2308               2785   -477
  SINCE JUL 1   3310               4004   -694

 COOLING
  YESTERDAY        0                  0      0
  MONTH TO DATE    0                  0      0
  SINCE DEC 1      0                  0      0
  SINCE JAN 1      0                  0      0
...........................................................







THE ROMEOVILLE  WFO CLIMATE NORMALS FOR TODAY
                         NORMAL    RECORD    YEAR
 MAXIMUM TEMPERATURE (F)   34        55      2001
 MINIMUM TEMPERATURE (F)   18        -8      2011


SUNRISE AND SUNSET
FEBRUARY  9 2016......SUNRISE   656 AM CST   SUNSET   518 PM CST
FEBRUARY 10 2016......SUNRISE   655 AM CST   SUNSET   519 PM CST


-  INDICATES NEGATIVE NUMBERS.
R  INDICATES RECORD WAS SET OR TIED.
MM INDICATES DATA IS MISSING.
T  INDICATES TRACE AMOUNT.




$$
