000
CDUS43 KLOT 190632
CLILOT


CLIMATE REPORT
NATIONAL WEATHER SERVICE CHICAGO IL
132 AM CDT SAT APR 19 2014


...................................

...THE ROMEOVILLE  WFO CLIMATE SUMMARY FOR APRIL 18 2014...

CLIMATE NORMAL PERIOD 1981 TO 2010
CLIMATE RECORD PERIOD 1992 TO 2014


WEATHER ITEM   OBSERVED RECORD YEAR NORMAL DEPARTURE LAST
                VALUE   VALUE       VALUE  FROM      YEAR
                                           NORMAL
...........................................................
TEMPERATURE (F)
 YESTERDAY
  MAXIMUM         59     89    2002  62     -3       64
  MINIMUM         38     27    2001  40     -2       38
  AVERAGE         49                 51     -2       51

PRECIPITATION (IN)
  YESTERDAY        0.00   1.85 2013   0.14  -0.14     1.85
  MONTH TO DATE    2.06               2.20  -0.14     7.09
  SINCE MAR 1      4.17               4.97  -0.80     9.35
  SINCE JAN 1      9.03               8.68   0.35    15.17

SNOWFALL (IN)
  YESTERDAY        0.0   MM      MM   0.1   -0.1      0.0
  MONTH TO DATE    1.0                0.5    0.5       T
  SINCE MAR 1     11.2                4.9    6.3     10.2
  SINCE JUL 1     76.7               32.3   44.4     23.2
  SNOW DEPTH       0

DEGREE DAYS
 HEATING
  YESTERDAY       16                 14      2
  MONTH TO DATE  328                308     20
  SINCE MAR 1   1378               1125    253
  SINCE JUL 1   6982               5853   1129

 COOLING
  YESTERDAY        0                  0      0
  MONTH TO DATE    0                  0      0
  SINCE MAR 1      0                  0      0
  SINCE JAN 1      0                  0      0
...........................................................







THE ROMEOVILLE  WFO CLIMATE NORMALS FOR TODAY
                         NORMAL    RECORD    YEAR
 MAXIMUM TEMPERATURE (F)   62        81      2005
 MINIMUM TEMPERATURE (F)   41        33      2013
                                             1999


SUNRISE AND SUNSET
APRIL 19 2014.........SUNRISE   606 AM CDT   SUNSET   737 PM CDT
APRIL 20 2014.........SUNRISE   605 AM CDT   SUNSET   738 PM CDT


-  INDICATES NEGATIVE NUMBERS.
R  INDICATES RECORD WAS SET OR TIED.
MM INDICATES DATA IS MISSING.
T  INDICATES TRACE AMOUNT.




$$
