000
CDUS43 KLMK 170627
CLILOU


CLIMATE REPORT
NATIONAL WEATHER SERVICE LOUISVILLE KY
227 AM EDT WED SEP 17 2014


...................................

...THE LOUISVILLE BOWMAN KY CLIMATE SUMMARY FOR SEPTEMBER 16 2014...

CLIMATE NORMAL PERIOD 1981 TO 2010
CLIMATE RECORD PERIOD 9999 TO 9999


WEATHER ITEM   OBSERVED TIME   RECORD YEAR NORMAL DEPARTURE LAST
                VALUE   (LST)  VALUE       VALUE  FROM      YEAR
                                                  NORMAL
..................................................................
TEMPERATURE (F)
 YESTERDAY
  MAXIMUM         70    215 PM  MM      MM  80    -10       74
  MINIMUM         54   1159 PM  MM      MM  59     -5       63
  AVERAGE         62                        70     -8       69

PRECIPITATION (IN)
  YESTERDAY        0.00         MM      MM   0.10  -0.10      T
  MONTH TO DATE    3.05                      1.59   1.46     1.51
  SINCE SEP 1      3.05                      1.59   1.46     1.51
  SINCE JAN 1     33.51                     33.13   0.38    38.57

SNOWFALL (IN)
  YESTERDAY       MM            MM      MM  MM     MM       MM
  MONTH TO DATE   MM                        MM     MM       MM
  SINCE SEP 1     MM                        MM     MM       MM
  SINCE JUL 1     MM                        MM     MM       MM
  SNOW DEPTH      MM

DEGREE DAYS
 HEATING
  YESTERDAY        3                         1      2        0
  MONTH TO DATE   18                         3     15        3
  SINCE SEP 1     18                         3     15        3
  SINCE JUL 1     18                         3     15        3

 COOLING
  YESTERDAY        0                         5     -5        4
  MONTH TO DATE  117                       125     -8      150
  SINCE SEP 1    117                       125     -8      150
  SINCE JAN 1   1462                      1364     98     1353
..................................................................


WIND (MPH)
  HIGHEST WIND SPEED    14   HIGHEST WIND DIRECTION     N (350)
  HIGHEST GUST SPEED    19   HIGHEST GUST DIRECTION     N (340)
  AVERAGE WIND SPEED     5.6


SKY COVER
  POSSIBLE SUNSHINE  MM
  AVERAGE SKY COVER 0.7


WEATHER CONDITIONS
 THE FOLLOWING WEATHER WAS RECORDED YESTERDAY.
  FOG


RELATIVE HUMIDITY (PERCENT)
 HIGHEST    93           400 AM
 LOWEST     63           100 PM
 AVERAGE    78

..........................................................


THE LOUISVILLE BOWMAN KY CLIMATE NORMALS FOR TODAY
                         NORMAL
 MAXIMUM TEMPERATURE (F)   80
 MINIMUM TEMPERATURE (F)   59


SUNRISE AND SUNSET
SEPTEMBER 17 2014.....SUNRISE   726 AM EDT   SUNSET   747 PM EDT
SEPTEMBER 18 2014.....SUNRISE   727 AM EDT   SUNSET   746 PM EDT


-  INDICATES NEGATIVE NUMBERS.
R  INDICATES RECORD WAS SET OR TIED.
MM INDICATES DATA IS MISSING.
T  INDICATES TRACE AMOUNT.




$$
