000
CDUS43 KLMK 270630
CLILOU


CLIMATE REPORT
NATIONAL WEATHER SERVICE LOUISVILLE KY
129 AM EST THU NOV 27 2014


...................................

...THE LOUISVILLE BOWMAN KY CLIMATE SUMMARY FOR NOVEMBER 26 2014...

CLIMATE NORMAL PERIOD 1981 TO 2010
CLIMATE RECORD PERIOD 9999 TO 9999


WEATHER ITEM   OBSERVED TIME   RECORD YEAR NORMAL DEPARTURE LAST
                VALUE   (LST)  VALUE       VALUE  FROM      YEAR
                                                  NORMAL
..................................................................
TEMPERATURE (F)
 YESTERDAY
  MAXIMUM         43    302 PM  MM      MM  51     -8       36
  MINIMUM         26    754 AM  MM      MM  35     -9       33
  AVERAGE         35                        43     -8       35

PRECIPITATION (IN)
  YESTERDAY        0.00         MM      MM   0.12  -0.12     0.06
  MONTH TO DATE    1.54                      3.11  -1.57     3.27
  SINCE SEP 1      8.96                      9.49  -0.53    16.61
  SINCE JAN 1     39.42                     41.03  -1.61    53.67

SNOWFALL (IN)
  YESTERDAY       MM            MM      MM  MM     MM       MM
  MONTH TO DATE   MM                        MM     MM       MM
  SINCE SEP 1     MM                        MM     MM       MM
  SINCE JUL 1     MM                        MM     MM       MM
  SNOW DEPTH      MM

DEGREE DAYS
 HEATING
  YESTERDAY       30                        22      8       30
  MONTH TO DATE  634                       436    198      506
  SINCE SEP 1    895                       712    183      779
  SINCE JUL 1    895                       712    183      779

 COOLING
  YESTERDAY        0                         0      0        0
  MONTH TO DATE    0                         0      0        0
  SINCE SEP 1    191                       203    -12      243
  SINCE JAN 1   1536                      1442     94     1446
..................................................................


WIND (MPH)
  HIGHEST WIND SPEED     8   HIGHEST WIND DIRECTION    SW (210)
  HIGHEST GUST SPEED    10   HIGHEST GUST DIRECTION    SW (230)
  AVERAGE WIND SPEED     2.5


SKY COVER
  POSSIBLE SUNSHINE  MM
  AVERAGE SKY COVER 0.2


WEATHER CONDITIONS
 THE FOLLOWING WEATHER WAS RECORDED YESTERDAY.
  FOG
  HAZE


RELATIVE HUMIDITY (PERCENT)
 HIGHEST    92           600 AM
 LOWEST     53           400 PM
 AVERAGE    73

..........................................................


THE LOUISVILLE BOWMAN KY CLIMATE NORMALS FOR TODAY
                         NORMAL
 MAXIMUM TEMPERATURE (F)   51
 MINIMUM TEMPERATURE (F)   34


SUNRISE AND SUNSET
NOVEMBER 27 2014......SUNRISE   736 AM EST   SUNSET   524 PM EST
NOVEMBER 28 2014......SUNRISE   737 AM EST   SUNSET   524 PM EST


-  INDICATES NEGATIVE NUMBERS.
R  INDICATES RECORD WAS SET OR TIED.
MM INDICATES DATA IS MISSING.
T  INDICATES TRACE AMOUNT.




$$
