000
CDUS43 KLMK 032133
CLILOU


CLIMATE REPORT
NATIONAL WEATHER SERVICE LOUISVILLE KY
432 PM EST TUE MAR 3 2015


...................................

...THE LOUISVILLE BOWMAN KY CLIMATE SUMMARY FOR MARCH 3 2015...
VALID TODAY AS OF 0400 PM LOCAL TIME.

CLIMATE NORMAL PERIOD 1981 TO 2010
CLIMATE RECORD PERIOD 9999 TO 9999


WEATHER ITEM   OBSERVED TIME   RECORD YEAR NORMAL DEPARTURE LAST
                VALUE   (LST)  VALUE       VALUE  FROM      YEAR
                                                  NORMAL
..................................................................
TEMPERATURE (F)
 TODAY
  MAXIMUM         62    359 PM  MM      MM  52     10       25
  MINIMUM         31    249 AM  MM      MM  34     -3       15
  AVERAGE         47                        43      4       20

PRECIPITATION (IN)
  TODAY            0.03         MM      MM   0.10  -0.07     0.11
  MONTH TO DATE    0.08                      0.31  -0.23     0.76
  SINCE MAR 1      0.08                      0.31  -0.23     0.76
  SINCE JAN 1      2.86                      6.87  -4.01     6.53

SNOWFALL (IN)
  TODAY           MM            MM      MM  MM     MM       MM
  MONTH TO DATE   MM                        MM     MM       MM
  SINCE MAR 1     MM                        MM     MM       MM
  SINCE JUL 1     MM                        MM     MM       MM
  SNOW DEPTH      MM

DEGREE DAYS
 HEATING
  TODAY           18                        22     -4       45
  MONTH TO DATE   80                        68     12       96
  SINCE MAR 1     80                        68     12       96
  SINCE JUL 1   3864                      3429    435     3905

 COOLING
  TODAY            0                         0      0        0
  MONTH TO DATE    0                         0      0        0
  SINCE MAR 1      0                         0      0        0
  SINCE JAN 1      0                         0      0        0
..................................................................


WIND (MPH)
  HIGHEST WIND SPEED    20   HIGHEST WIND DIRECTION    SW (220)
  HIGHEST GUST SPEED    31   HIGHEST GUST DIRECTION    SW (230)
  AVERAGE WIND SPEED     5.2


SKY COVER
  POSSIBLE SUNSHINE  MM
  AVERAGE SKY COVER 0.8


WEATHER CONDITIONS
 THE FOLLOWING WEATHER WAS RECORDED TODAY.
  LIGHT RAIN
  FOG


RELATIVE HUMIDITY (PERCENT)
 HIGHEST    89          1200 PM
 LOWEST     54          1200 AM
 AVERAGE    72

..........................................................




SUNRISE AND SUNSET
MARCH  3 2015.........SUNRISE   712 AM EST   SUNSET   638 PM EST
MARCH  4 2015.........SUNRISE   711 AM EST   SUNSET   639 PM EST


-  INDICATES NEGATIVE NUMBERS.
R  INDICATES RECORD WAS SET OR TIED.
MM INDICATES DATA IS MISSING.
T  INDICATES TRACE AMOUNT.




$$
