000
CDUS43 KJKL 010557
CLILOZ

CLIMATE REPORT
NATIONAL WEATHER SERVICE JACKSON KY
1257 AM EST SUN MAR 1 2015


...................................

...THE LONDON KY CLIMATE SUMMARY FOR FEBRUARY 28 2015...

CLIMATE NORMAL PERIOD 1981 TO 2010
CLIMATE RECORD PERIOD 1954 TO 2015


WEATHER ITEM   OBSERVED TIME   RECORD YEAR NORMAL DEPARTURE LAST
                VALUE   (LST)  VALUE       VALUE  FROM      YEAR
                                                  NORMAL
..................................................................
TEMPERATURE (F)
 YESTERDAY
  MAXIMUM         45    516 PM  74    1976  54     -9       48
  MINIMUM         19   1234 AM  14    2002  32    -13       18
  AVERAGE         32                        43    -11       33

PRECIPITATION (IN)
  YESTERDAY        0.00          1.55 2011   0.13  -0.13     0.00
  MONTH TO DATE    5.09                      3.71   1.38     4.23
  SINCE DEC 1     11.28                     11.49  -0.21    12.95
  SINCE JAN 1      7.47                      7.25   0.22     6.51

SNOWFALL (IN)
  YESTERDAY       MM
  MONTH TO DATE   MM
  SINCE DEC 1     MM
  SINCE JUL 1     MM
  SNOW DEPTH      MM

DEGREE DAYS
 HEATING
  YESTERDAY       33                        22     11       32
  MONTH TO DATE 1012                       711    301      776
  SINCE DEC 1   2677                      2446    231     2640
  SINCE JUL 1   3621                      3276    345     3507

COOLING
  YESTERDAY        0                         0      0        0
  MONTH TO DATE    0                         0      0        0
  SINCE DEC 1      0                         1     -1        0
  SINCE JAN 1      0                         0      0        0
..................................................................


WIND (MPH)
  HIGHEST WIND SPEED     9   HIGHEST WIND DIRECTION    NE (40)
  HIGHEST GUST SPEED    12   HIGHEST GUST DIRECTION    NE (60)
  AVERAGE WIND SPEED     3.9


SKY COVER
  POSSIBLE SUNSHINE  MM
  AVERAGE SKY COVER 0.7


WEATHER CONDITIONS
 THE FOLLOWING WEATHER WAS RECORDED YESTERDAY.
  NO SIGNIFICANT WEATHER WAS OBSERVED.


RELATIVE HUMIDITY (PERCENT)
 HIGHEST    57           600 AM
 LOWEST     33           300 PM
 AVERAGE    45

..........................................................


THE LONDON KY CLIMATE NORMALS FOR TODAY
                         NORMAL    RECORD    YEAR
 MAXIMUM TEMPERATURE (F)   54        77      1976
 MINIMUM TEMPERATURE (F)   33        11      1960


SUNRISE AND SUNSET
MARCH  1 2015.........SUNRISE   708 AM EST   SUNSET   630 PM EST
MARCH  2 2015.........SUNRISE   706 AM EST   SUNSET   631 PM EST


-  INDICATES NEGATIVE NUMBERS.
R  INDICATES RECORD WAS SET OR TIED.
MM INDICATES DATA IS MISSING.
T  INDICATES TRACE AMOUNT.




$$
