000
CDUS43 KJKL 290540
CLILOZ

CLIMATE REPORT
NATIONAL WEATHER SERVICE JACKSON KY
140 AM EDT WED JUL 29 2015
...................................

...THE LONDON KY CLIMATE SUMMARY FOR JULY 28 2015...

CLIMATE NORMAL PERIOD 1981 TO 2010
CLIMATE RECORD PERIOD 1954 TO 2015

WEATHER ITEM   OBSERVED TIME   RECORD YEAR NORMAL DEPARTURE LAST
                VALUE   (LST)  VALUE       VALUE  FROM      YEAR
                                                  NORMAL
..................................................................

TEMPERATURE (F)
 YESTERDAY
  MAXIMUM         90    125 PM  96    1999  86      4       78
  MINIMUM         70    547 AM  54    2004  66      4       62
                                      1962
  AVERAGE         80                        76      4       70

PRECIPITATION (IN)
  YESTERDAY        0.03          2.44 1972   0.12  -0.09     0.00
  MONTH TO DATE   11.23                      3.68   7.55     7.00
  SINCE JUN 1     16.20                      8.08   8.12     9.71
  SINCE JAN 1     36.12                     28.61   7.51    28.70

SNOWFALL (IN)
  YESTERDAY       MM
  MONTH TO DATE   MM
  SINCE JUN 1     MM
  SINCE JUL 1     MM
  SNOW DEPTH      MM

DEGREE DAYS
 HEATING
  YESTERDAY        0                         0      0        0
  MONTH TO DATE    0                         0      0        0
  SINCE JUN 1      2                         9     -7        0
  SINCE JUL 1      0                         0      0        0

 COOLING
  YESTERDAY       15                        11      4        5
  MONTH TO DATE  352                       308     44      267
  SINCE JUN 1    659                       551    108      549
  SINCE JAN 1    853                       665    188      715
..................................................................

WIND (MPH)
  HIGHEST WIND SPEED    14   HIGHEST WIND DIRECTION    NW (310)
  HIGHEST GUST SPEED    20   HIGHEST GUST DIRECTION     W (290)
  AVERAGE WIND SPEED     2.9

SKY COVER
  POSSIBLE SUNSHINE  MM
  AVERAGE SKY COVER 0.3

WEATHER CONDITIONS
 THE FOLLOWING WEATHER WAS RECORDED YESTERDAY.
  THUNDERSTORM
  LIGHT RAIN
  FOG
  HAZE

RELATIVE HUMIDITY (PERCENT)
 HIGHEST    90           300 AM
 LOWEST     52           100 PM
 AVERAGE    71
..........................................................

THE LONDON KY CLIMATE NORMALS FOR TODAY
                         NORMAL    RECORD    YEAR
 MAXIMUM TEMPERATURE (F)   86        96      1999
 MINIMUM TEMPERATURE (F)   66        51      2013

SUNRISE AND SUNSET
JULY 29 2015..........SUNRISE   639 AM EDT   SUNSET   846 PM EDT
JULY 30 2015..........SUNRISE   640 AM EDT   SUNSET   846 PM EDT

-  INDICATES NEGATIVE NUMBERS.
R  INDICATES RECORD WAS SET OR TIED.
MM INDICATES DATA IS MISSING.
T  INDICATES TRACE AMOUNT.

$$
