000
CDUS43 KJKL 240614
CLILOZ

CLIMATE REPORT
NATIONAL WEATHER SERVICE JACKSON KY
212 AM EDT FRI OCT 24 2014

...................................

...THE LONDON KY CLIMATE SUMMARY FOR OCTOBER 23 2014...

CLIMATE NORMAL PERIOD 1981 TO 2010
CLIMATE RECORD PERIOD 1954 TO 2014


WEATHER ITEM   OBSERVED TIME   RECORD YEAR NORMAL DEPARTURE LAST
                VALUE   (LST)  VALUE       VALUE  FROM      YEAR
                                                  NORMAL
..................................................................
TEMPERATURE (F)
 YESTERDAY
  MAXIMUM         64    349 PM  82    1963  67     -3       48
  MINIMUM         44   1159 PM  26    1976  43      1       32
  AVERAGE         54                        55     -1       40

PRECIPITATION (IN)
  YESTERDAY        0.00          2.31 2007   0.10  -0.10      T
  MONTH TO DATE    6.74                      2.18   4.56     2.83
  SINCE SEP 1      8.13                      5.55   2.58     5.44
  SINCE JAN 1        MM                     38.23     MM    46.48

SNOWFALL (IN)
  YESTERDAY       MM
  MONTH TO DATE   MM
  SINCE SEP 1     MM
  SINCE JUL 1     MM
  SNOW DEPTH      MM

DEGREE DAYS
 HEATING
  YESTERDAY       11                        10      1       25
  MONTH TO DATE  152                       168    -16      132
  SINCE SEP 1    170                       214    -44      147
  SINCE JUL 1    170                       215    -45      147

 COOLING
  YESTERDAY        0                         0      0        0
  MONTH TO DATE   20                        17      3       39
  SINCE SEP 1    193                       160     33      188
  SINCE JAN 1     MM                      1184     MM     1080
..................................................................


WIND (MPH)
  HIGHEST WIND SPEED    10   HIGHEST WIND DIRECTION    NE (60)
  HIGHEST GUST SPEED    14   HIGHEST GUST DIRECTION     E (100)
  AVERAGE WIND SPEED     3.9


SKY COVER
  POSSIBLE SUNSHINE  MM
  AVERAGE SKY COVER 0.4


WEATHER CONDITIONS
 THE FOLLOWING WEATHER WAS RECORDED YESTERDAY.
  FOG
  HAZE


RELATIVE HUMIDITY (PERCENT)
 HIGHEST    89          1100 PM
 LOWEST     43           200 PM
 AVERAGE    66

..........................................................


THE LONDON KY CLIMATE NORMALS FOR TODAY
                         NORMAL    RECORD    YEAR
 MAXIMUM TEMPERATURE (F)   67        82      2001
 MINIMUM TEMPERATURE (F)   43        24      1962


SUNRISE AND SUNSET
OCTOBER 24 2014.......SUNRISE   753 AM EDT   SUNSET   648 PM EDT
OCTOBER 25 2014.......SUNRISE   754 AM EDT   SUNSET   647 PM EDT


-  INDICATES NEGATIVE NUMBERS.
R  INDICATES RECORD WAS SET OR TIED.
MM INDICATES DATA IS MISSING.
T  INDICATES TRACE AMOUNT.




$$
