000
CDUS43 KJKL 210535
CLILOZ

CLIMATE REPORT
NATIONAL WEATHER SERVICE JACKSON KY
1234 AM EST SUN DEC 21 2014

...................................

...THE LONDON KY CLIMATE SUMMARY FOR DECEMBER 20 2014...

CLIMATE NORMAL PERIOD 1981 TO 2010
CLIMATE RECORD PERIOD 1954 TO 2014


WEATHER ITEM   OBSERVED TIME   RECORD YEAR NORMAL DEPARTURE LAST
                VALUE   (LST)  VALUE       VALUE  FROM      YEAR
                                                  NORMAL
..................................................................
TEMPERATURE (F)
 YESTERDAY
  MAXIMUM         41    506 PM  68    1967  46     -5       65
  MINIMUM         28   1159 PM   4    2004  29     -1       42
  AVERAGE         35                        37     -2       54

PRECIPITATION (IN)
  YESTERDAY        0.00          0.86 1992   0.13  -0.13      T
                                      1992
                                      2012
  MONTH TO DATE    1.92                      2.84  -0.92     4.07
  SINCE DEC 1      1.92                      2.84  -0.92     4.07
  SINCE JAN 1        MM                     45.74     MM    54.05

SNOWFALL (IN)
  YESTERDAY       MM
  MONTH TO DATE   MM
  SINCE DEC 1     MM
  SINCE JUL 1     MM
  SNOW DEPTH      MM

DEGREE DAYS
 HEATING
  YESTERDAY       30                        28      2       11
  MONTH TO DATE  475                       508    -33      469
  SINCE DEC 1    475                       508    -33      469
  SINCE JUL 1   1419                      1338     81     1336

 COOLING
  YESTERDAY        0                         0      0        0
  MONTH TO DATE    0                         0      0        0
  SINCE DEC 1      0                         0      0        0
  SINCE JAN 1     MM                      1190     MM     1083
..................................................................


WIND (MPH)
  HIGHEST WIND SPEED     8   HIGHEST WIND DIRECTION     N (10)
  HIGHEST GUST SPEED    10   HIGHEST GUST DIRECTION     N (10)
  AVERAGE WIND SPEED     2.6


SKY COVER
  POSSIBLE SUNSHINE  MM
  AVERAGE SKY COVER 0.7


WEATHER CONDITIONS
 THE FOLLOWING WEATHER WAS RECORDED YESTERDAY.
  NO SIGNIFICANT WEATHER WAS OBSERVED.


RELATIVE HUMIDITY (PERCENT)
 HIGHEST    78           700 AM
 LOWEST     55           300 PM
 AVERAGE    67

..........................................................


THE LONDON KY CLIMATE NORMALS FOR TODAY
                         NORMAL    RECORD    YEAR
 MAXIMUM TEMPERATURE (F)   46        72      2013
                                             1967
 MINIMUM TEMPERATURE (F)   28         0      1960


SUNRISE AND SUNSET
DECEMBER 21 2014......SUNRISE   746 AM EST   SUNSET   523 PM EST
DECEMBER 22 2014......SUNRISE   747 AM EST   SUNSET   523 PM EST


-  INDICATES NEGATIVE NUMBERS.
R  INDICATES RECORD WAS SET OR TIED.
MM INDICATES DATA IS MISSING.
T  INDICATES TRACE AMOUNT.




$$
