000
CDUS43 KJKL 012125
CLILOZ

CLIMATE REPORT
NATIONAL WEATHER SERVICE JACKSON KY
425 PM EST SUN FEB 1 2015

...................................

...THE LONDON KY CLIMATE SUMMARY FOR FEBRUARY 1 2015...
VALID TODAY AS OF 0400 PM LOCAL TIME.

CLIMATE NORMAL PERIOD 1981 TO 2010
CLIMATE RECORD PERIOD 1954 TO 2015


WEATHER ITEM   OBSERVED TIME   RECORD YEAR NORMAL DEPARTURE LAST
                VALUE   (LST)  VALUE       VALUE  FROM      YEAR
                                                  NORMAL
..................................................................
TEMPERATURE (F)
 TODAY
  MAXIMUM         50    135 PM  71    1988  46      4       65
  MINIMUM         35    430 AM -11    1971  27      8       31
  AVERAGE         43                        37      6       48

PRECIPITATION (IN)
  TODAY            0.09          2.09 1981   0.13  -0.04     0.00
  MONTH TO DATE    0.09                      0.13  -0.04     0.00
  SINCE DEC 1      6.28                      7.91  -1.63     8.72
  SINCE JAN 1      2.47                      3.67  -1.20     2.28

SNOWFALL (IN)
  TODAY           MM
  MONTH TO DATE   MM
  SINCE DEC 1     MM
  SINCE JUL 1     MM
  SNOW DEPTH      MM

DEGREE DAYS
 HEATING
  TODAY           22                        28     -6       17
  MONTH TO DATE   22                        28     -6       17
  SINCE DEC 1   1687                      1761    -74     1881
  SINCE JUL 1   2631                      2591     40     2748

 COOLING
  TODAY            0                         0      0        0
  MONTH TO DATE    0                         0      0        0
  SINCE DEC 1      0                         1     -1        0
  SINCE JAN 1      0                         0      0        0
..................................................................

WIND (MPH)
  HIGHEST WIND SPEED    22   HIGHEST WIND DIRECTION     S (180)
  HIGHEST GUST SPEED    29   HIGHEST GUST DIRECTION     S (180)
  AVERAGE WIND SPEED     5.8

SKY COVER
  POSSIBLE SUNSHINE  MM
  AVERAGE SKY COVER 0.8

WEATHER CONDITIONS
 THE FOLLOWING WEATHER WAS RECORDED TODAY.
  LIGHT RAIN

RELATIVE HUMIDITY (PERCENT)
 HIGHEST    71           300 PM
 LOWEST     26          1000 AM
 AVERAGE    49

..........................................................

THE LONDON KY CLIMATE NORMALS FOR TOMORROW
                         NORMAL    RECORD    YEAR
 MAXIMUM TEMPERATURE (F)   47        71      1990
 MINIMUM TEMPERATURE (F)   27       -10      1965

SUNRISE AND SUNSET
FEBRUARY  1 2015......SUNRISE   739 AM EST   SUNSET   601 PM EST
FEBRUARY  2 2015......SUNRISE   738 AM EST   SUNSET   602 PM EST

-  INDICATES NEGATIVE NUMBERS.
R  INDICATES RECORD WAS SET OR TIED.
MM INDICATES DATA IS MISSING.
T  INDICATES TRACE AMOUNT.

$$

CARICO
